{"id":4668,"date":"2022-10-07T10:52:16","date_gmt":"2022-10-07T13:52:16","guid":{"rendered":"http:\/\/ww16.ce.gov.br\/hgf\/?page_id=4668"},"modified":"2026-05-12T10:16:17","modified_gmt":"2026-05-12T13:16:17","slug":"seguranca-do-paciente","status":"publish","type":"page","link":"https:\/\/www.ce.gov.br\/hgf\/gestao-da-qualidade\/seguranca-do-paciente\/","title":{"rendered":"N\u00facleo de Seguran\u00e7a do Paciente e Qualidade Hospitalar"},"content":{"rendered":"<p>O\u00a0<strong>N\u00facleo de Seguran\u00e7a do Paciente e Qualidade Hospitalar (NSPQH)<\/strong> do Hospital Geral de Fortaleza (HGF) foi criado pela Portaria GDG\/HGF n\u00ba 04\/2015, com base na Portaria GM\/MS N\u00ba 529\/2013 e na RDC da ANVISA\/MS N\u00ba 36\/2013, que estabelece a obrigatoriedade de implanta\u00e7\u00e3o do N\u00facleo de Seguran\u00e7a do Paciente (NSP) nos servi\u00e7os de sa\u00fade.<\/p>\n<p><strong>O servi\u00e7o tem como miss\u00e3o disseminar a cultura de seguran\u00e7a<\/strong>\u00a0por meio da conscientiza\u00e7\u00e3o do comprometimento de todo o corpo profissional. O objetivo \u00e9 estimular o fortalecimento de boas pr\u00e1ticas na assist\u00eancia com o intuito de garantir a seguran\u00e7a dos profissionais e pacientes. Cabe ao NSPQH tamb\u00e9m a\u00a0<span style=\"letter-spacing: 0.02px\">elabora\u00e7\u00e3o, a implementa\u00e7\u00e3o, o acompanhamento e a atualiza\u00e7\u00e3o permanente do Plano de Seguran\u00e7a do Paciente do Paciente (PSP) do hospital, em parceria com todas as \u00e1reas afins.<\/span><\/p>\n<p class=\"destacado\"><strong>Objetivos:<\/strong><\/p>\n<p style=\"padding-left: 30px\">&#8211; Disseminar a cultura de seguran\u00e7a no ambiente organizacional por meio do incentivo \u00e0 notifica\u00e7\u00e3o e a ado\u00e7\u00e3o de uma cultura n\u00e3o punitiva;<br \/>\n&#8211; Proporcionar ao paciente uma boa experi\u00eancia por meio de uma assist\u00eancia de qualidade;<br \/>\n&#8211; Reduzir a um m\u00ednimo aceit\u00e1vel o risco de dano desnecess\u00e1rio ao paciente;<br \/>\n&#8211; Construir, validar, tabular e analisar os indicadores da gest\u00e3o de qualidade e de seguran\u00e7a do paciente;<br \/>\n&#8211; Elaborar, validar e controlar documentos institucionais;<br \/>\n&#8211; Elaborar o Planejamento Estrat\u00e9gico institucional junto \u00e0 Dire\u00e7\u00e3o Geral e \u00e0 Secretaria da Sa\u00fade do Cear\u00e1;<br \/>\n&#8211; Participar de projetos de melhorias na assist\u00eancia.<\/p>\n<p class=\"destacado\"><strong>Princ\u00edpios e diretrizes:<\/strong><\/p>\n<p style=\"padding-left: 30px\">1. Dissemina\u00e7\u00e3o sistem\u00e1tica da cultura de seguran\u00e7a por meio da difus\u00e3o de boas pr\u00e1ticas na assist\u00eancia<\/p>\n<p style=\"padding-left: 30px\">2. Apoio e est\u00edmulo \u00e0 equipe de profissionais da unidade a adotar as medidas de melhoria \u00e0 seguran\u00e7a na assist\u00eancia;<\/p>\n<p style=\"padding-left: 30px\">3. Promo\u00e7\u00e3o de interven\u00e7\u00f5es e a\u00e7\u00f5es seguras para preven\u00e7\u00e3o de dano ao paciente;<\/p>\n<p style=\"padding-left: 30px\">3. Elabora\u00e7\u00e3o, implanta\u00e7\u00e3o, acompanhamento, atualiza\u00e7\u00e3o e permanente divulga\u00e7\u00e3o do Plano de Seguran\u00e7a do Paciente (PSP) do hospital com o intuito de efetivar o cumprimento das metas internacionais de seguran\u00e7a do paciente;<\/p>\n<p style=\"padding-left: 30px\">4. Acompanhamento das a\u00e7\u00f5es de desdobramento das estrat\u00e9gias do PSP do hospital;<\/p>\n<p style=\"padding-left: 30px\">5. Implanta\u00e7\u00e3o e monitoramento de indicadores hospitalares de seguran\u00e7a do paciente para o gerenciamento do risco e melhoria da qualidade da assist\u00eancia;<\/p>\n<p style=\"padding-left: 30px\">6. Articula\u00e7\u00e3o e integra\u00e7\u00e3o dos processos de gest\u00e3o de riscos para promo\u00e7\u00e3o de a\u00e7\u00f5es de qualidade;<\/p>\n<p style=\"padding-left: 30px\">7. Implementa\u00e7\u00e3o de ferramentas de notifica\u00e7\u00e3o para contribuir com a investiga\u00e7\u00e3o e a an\u00e1lise dos eventos adversos;<\/p>\n<p style=\"padding-left: 30px\">8. Promo\u00e7\u00e3o da parceria interna entre comiss\u00f5es e n\u00facleos como estrat\u00e9gia de melhorar a comunica\u00e7\u00e3o e a troca de conhecimentos;<\/p>\n<p style=\"padding-left: 30px\">9. Forma\u00e7\u00e3o de subgrupos de trabalho para identifica\u00e7\u00e3o e avalia\u00e7\u00e3o de n\u00e3o conformidades envolvendo os processos de trabalho no hospital e no uso de tecnologias;<\/p>\n<p style=\"padding-left: 30px\">10. Desenvolvimento e acompanhamento de programas de capacita\u00e7\u00e3o em seguran\u00e7a do paciente e qualidade meio de metodologias da gest\u00e3o da qualidade para atender \u00e0s necessidades do hospital.<\/p>\n<p style=\"padding-left: 30px\">11. Desenvolvimento e gerenciamento do sistema de gest\u00e3o da qualidade com o intuito de promover uma assist\u00eancia segura e com boas pr\u00e1ticas gerenciais.<\/p>\n<p class=\"destacado\"><strong>Equipe t\u00e9cnica<\/strong><\/p>\n<p style=\"padding-left: 30px\"><strong>Coordena\u00e7\u00e3o<\/strong><br \/>\n&#8211; Araguacy Rebou\u00e7as Simpl\u00edcio, enfermeira<\/p>\n<p style=\"padding-left: 30px\"><strong>Enfermeiras<\/strong><br \/>\n&#8211; Amanda Castro e Silva<br \/>\n&#8211; Sarah Patricio Ribeiro de Almeida<br \/>\n&#8211; Larissa Vasconcelos Lopes<\/p>\n<p class=\"destacado\"><strong>Contato<\/strong><\/p>\n<p>(85) 3106-4018 | gerquasep@hgf.ce.gov.br<\/p>\n<ul class=\"ListaEst\">\n<li><a href=\"https:\/\/bvsms.saude.gov.br\/bvs\/saudelegis\/gm\/2013\/prt0529_01_04_2013.html\" target=\"_blank\" rel=\"noopener noreferrer\">Portaria GM\/MS N\u00ba 529, de 1\u00ba de abril de 2013<\/a><\/li>\n<li><a href=\"https:\/\/bvsms.saude.gov.br\/bvs\/saudelegis\/anvisa\/2013\/rdc0036_25_07_2013.html\" target=\"_blank\" rel=\"noopener noreferrer\">Resolu\u00e7\u00e3o &#8211; RDC N\u00ba 36, de 25 de julho de 2013<\/a><\/li>\n<\/ul>\n","protected":false},"excerpt":{"rendered":"<p>O\u00a0N\u00facleo de Seguran\u00e7a do Paciente e Qualidade Hospitalar (NSPQH) do Hospital Geral de Fortaleza (HGF) foi criado pela Portaria GDG\/HGF n\u00ba 04\/2015, com base na Portaria GM\/MS N\u00ba 529\/2013 e na RDC da ANVISA\/MS N\u00ba 36\/2013, que estabelece a obrigatoriedade de implanta\u00e7\u00e3o do N\u00facleo de Seguran\u00e7a do Paciente (NSP) nos servi\u00e7os de sa\u00fade. O servi\u00e7o [&hellip;]<\/p>\n","protected":false},"author":544,"featured_media":0,"parent":4641,"menu_order":10,"comment_status":"closed","ping_status":"closed","template":"","meta":{"_acf_changed":false,"inline_featured_image":false,"footnotes":""},"class_list":["post-4668","page","type-page","status-publish","hentry"],"acf":[],"yoast_head":"<!-- This site is optimized with the Yoast SEO plugin v27.3 - https:\/\/yoast.com\/product\/yoast-seo-wordpress\/ -->\n<title>N\u00facleo de Seguran\u00e7a do Paciente e Qualidade Hospitalar - Hospital Geral de Fortaleza (HGF)<\/title>\n<meta name=\"robots\" content=\"index, follow, max-snippet:-1, max-image-preview:large, max-video-preview:-1\" \/>\n<link rel=\"canonical\" href=\"https:\/\/ww16.ce.gov.br\/hgf\/gestao-da-qualidade\/seguranca-do-paciente\/\" \/>\n<meta property=\"og:locale\" content=\"pt_BR\" \/>\n<meta property=\"og:type\" content=\"article\" \/>\n<meta property=\"og:title\" content=\"N\u00facleo de Seguran\u00e7a do Paciente e Qualidade Hospitalar - Hospital Geral de Fortaleza (HGF)\" \/>\n<meta property=\"og:description\" content=\"O\u00a0N\u00facleo de Seguran\u00e7a do Paciente e Qualidade Hospitalar (NSPQH) do Hospital Geral de Fortaleza (HGF) foi criado pela Portaria GDG\/HGF n\u00ba 04\/2015, com base na Portaria GM\/MS N\u00ba 529\/2013 e na RDC da ANVISA\/MS N\u00ba 36\/2013, que estabelece a obrigatoriedade de implanta\u00e7\u00e3o do N\u00facleo de Seguran\u00e7a do Paciente (NSP) nos servi\u00e7os de sa\u00fade. O servi\u00e7o [&hellip;]\" \/>\n<meta property=\"og:url\" content=\"https:\/\/ww16.ce.gov.br\/hgf\/gestao-da-qualidade\/seguranca-do-paciente\/\" \/>\n<meta property=\"og:site_name\" content=\"Hospital Geral de Fortaleza (HGF)\" \/>\n<meta property=\"article:modified_time\" content=\"2026-05-12T13:16:17+00:00\" \/>\n<meta name=\"twitter:card\" content=\"summary_large_image\" \/>\n<meta name=\"twitter:label1\" content=\"Est. reading time\" \/>\n\t<meta name=\"twitter:data1\" content=\"3 minutos\" \/>\n<script type=\"application\/ld+json\" class=\"yoast-schema-graph\">{\"@context\":\"https:\\\/\\\/schema.org\",\"@graph\":[{\"@type\":\"WebPage\",\"@id\":\"https:\\\/\\\/ww16.ce.gov.br\\\/hgf\\\/gestao-da-qualidade\\\/seguranca-do-paciente\\\/\",\"url\":\"https:\\\/\\\/ww16.ce.gov.br\\\/hgf\\\/gestao-da-qualidade\\\/seguranca-do-paciente\\\/\",\"name\":\"N\u00facleo de Seguran\u00e7a do Paciente e Qualidade Hospitalar - Hospital Geral de Fortaleza (HGF)\",\"isPartOf\":{\"@id\":\"https:\\\/\\\/ww16.ce.gov.br\\\/hgf\\\/#website\"},\"datePublished\":\"2022-10-07T13:52:16+00:00\",\"dateModified\":\"2026-05-12T13:16:17+00:00\",\"breadcrumb\":{\"@id\":\"https:\\\/\\\/ww16.ce.gov.br\\\/hgf\\\/gestao-da-qualidade\\\/seguranca-do-paciente\\\/#breadcrumb\"},\"inLanguage\":\"pt-BR\",\"potentialAction\":[{\"@type\":\"ReadAction\",\"target\":[\"https:\\\/\\\/ww16.ce.gov.br\\\/hgf\\\/gestao-da-qualidade\\\/seguranca-do-paciente\\\/\"]}]},{\"@type\":\"BreadcrumbList\",\"@id\":\"https:\\\/\\\/ww16.ce.gov.br\\\/hgf\\\/gestao-da-qualidade\\\/seguranca-do-paciente\\\/#breadcrumb\",\"itemListElement\":[{\"@type\":\"ListItem\",\"position\":1,\"name\":\"In\u00edcio\",\"item\":\"https:\\\/\\\/www.ce.gov.br\\\/hgf\\\/\"},{\"@type\":\"ListItem\",\"position\":2,\"name\":\"Gest\u00e3o da Qualidade\",\"item\":\"https:\\\/\\\/ww16.ce.gov.br\\\/hgf\\\/gestao-da-qualidade\\\/\"},{\"@type\":\"ListItem\",\"position\":3,\"name\":\"N\u00facleo de Seguran\u00e7a do Paciente e Qualidade Hospitalar\"}]},{\"@type\":\"WebSite\",\"@id\":\"https:\\\/\\\/ww16.ce.gov.br\\\/hgf\\\/#website\",\"url\":\"https:\\\/\\\/ww16.ce.gov.br\\\/hgf\\\/\",\"name\":\"Hospital Geral de Fortaleza (HGF)\",\"description\":\"Refer\u00eancia em tratamentos de alta complexidade no Estado do Cear\u00e1\",\"potentialAction\":[{\"@type\":\"SearchAction\",\"target\":{\"@type\":\"EntryPoint\",\"urlTemplate\":\"https:\\\/\\\/ww16.ce.gov.br\\\/hgf\\\/?s={search_term_string}\"},\"query-input\":{\"@type\":\"PropertyValueSpecification\",\"valueRequired\":true,\"valueName\":\"search_term_string\"}}],\"inLanguage\":\"pt-BR\"}]}<\/script>\n<!-- \/ Yoast SEO plugin. -->","yoast_head_json":{"title":"N\u00facleo de Seguran\u00e7a do Paciente e Qualidade Hospitalar - Hospital Geral de Fortaleza (HGF)","robots":{"index":"index","follow":"follow","max-snippet":"max-snippet:-1","max-image-preview":"max-image-preview:large","max-video-preview":"max-video-preview:-1"},"canonical":"https:\/\/ww16.ce.gov.br\/hgf\/gestao-da-qualidade\/seguranca-do-paciente\/","og_locale":"pt_BR","og_type":"article","og_title":"N\u00facleo de Seguran\u00e7a do Paciente e Qualidade Hospitalar - Hospital Geral de Fortaleza (HGF)","og_description":"O\u00a0N\u00facleo de Seguran\u00e7a do Paciente e Qualidade Hospitalar (NSPQH) do Hospital Geral de Fortaleza (HGF) foi criado pela Portaria GDG\/HGF n\u00ba 04\/2015, com base na Portaria GM\/MS N\u00ba 529\/2013 e na RDC da ANVISA\/MS N\u00ba 36\/2013, que estabelece a obrigatoriedade de implanta\u00e7\u00e3o do N\u00facleo de Seguran\u00e7a do Paciente (NSP) nos servi\u00e7os de sa\u00fade. O servi\u00e7o [&hellip;]","og_url":"https:\/\/ww16.ce.gov.br\/hgf\/gestao-da-qualidade\/seguranca-do-paciente\/","og_site_name":"Hospital Geral de Fortaleza (HGF)","article_modified_time":"2026-05-12T13:16:17+00:00","twitter_card":"summary_large_image","twitter_misc":{"Est. reading time":"3 minutos"},"schema":{"@context":"https:\/\/schema.org","@graph":[{"@type":"WebPage","@id":"https:\/\/ww16.ce.gov.br\/hgf\/gestao-da-qualidade\/seguranca-do-paciente\/","url":"https:\/\/ww16.ce.gov.br\/hgf\/gestao-da-qualidade\/seguranca-do-paciente\/","name":"N\u00facleo de Seguran\u00e7a do Paciente e Qualidade Hospitalar - Hospital Geral de Fortaleza (HGF)","isPartOf":{"@id":"https:\/\/ww16.ce.gov.br\/hgf\/#website"},"datePublished":"2022-10-07T13:52:16+00:00","dateModified":"2026-05-12T13:16:17+00:00","breadcrumb":{"@id":"https:\/\/ww16.ce.gov.br\/hgf\/gestao-da-qualidade\/seguranca-do-paciente\/#breadcrumb"},"inLanguage":"pt-BR","potentialAction":[{"@type":"ReadAction","target":["https:\/\/ww16.ce.gov.br\/hgf\/gestao-da-qualidade\/seguranca-do-paciente\/"]}]},{"@type":"BreadcrumbList","@id":"https:\/\/ww16.ce.gov.br\/hgf\/gestao-da-qualidade\/seguranca-do-paciente\/#breadcrumb","itemListElement":[{"@type":"ListItem","position":1,"name":"In\u00edcio","item":"https:\/\/www.ce.gov.br\/hgf\/"},{"@type":"ListItem","position":2,"name":"Gest\u00e3o da Qualidade","item":"https:\/\/ww16.ce.gov.br\/hgf\/gestao-da-qualidade\/"},{"@type":"ListItem","position":3,"name":"N\u00facleo de Seguran\u00e7a do Paciente e Qualidade Hospitalar"}]},{"@type":"WebSite","@id":"https:\/\/ww16.ce.gov.br\/hgf\/#website","url":"https:\/\/ww16.ce.gov.br\/hgf\/","name":"Hospital Geral de Fortaleza (HGF)","description":"Refer\u00eancia em tratamentos de alta complexidade no Estado do Cear\u00e1","potentialAction":[{"@type":"SearchAction","target":{"@type":"EntryPoint","urlTemplate":"https:\/\/ww16.ce.gov.br\/hgf\/?s={search_term_string}"},"query-input":{"@type":"PropertyValueSpecification","valueRequired":true,"valueName":"search_term_string"}}],"inLanguage":"pt-BR"}]}},"_links":{"self":[{"href":"https:\/\/www.ce.gov.br\/hgf\/wp-json\/wp\/v2\/pages\/4668","targetHints":{"allow":["GET"]}}],"collection":[{"href":"https:\/\/www.ce.gov.br\/hgf\/wp-json\/wp\/v2\/pages"}],"about":[{"href":"https:\/\/www.ce.gov.br\/hgf\/wp-json\/wp\/v2\/types\/page"}],"author":[{"embeddable":true,"href":"https:\/\/www.ce.gov.br\/hgf\/wp-json\/wp\/v2\/users\/544"}],"replies":[{"embeddable":true,"href":"https:\/\/www.ce.gov.br\/hgf\/wp-json\/wp\/v2\/comments?post=4668"}],"version-history":[{"count":16,"href":"https:\/\/www.ce.gov.br\/hgf\/wp-json\/wp\/v2\/pages\/4668\/revisions"}],"predecessor-version":[{"id":9151,"href":"https:\/\/www.ce.gov.br\/hgf\/wp-json\/wp\/v2\/pages\/4668\/revisions\/9151"}],"up":[{"embeddable":true,"href":"https:\/\/www.ce.gov.br\/hgf\/wp-json\/wp\/v2\/pages\/4641"}],"wp:attachment":[{"href":"https:\/\/www.ce.gov.br\/hgf\/wp-json\/wp\/v2\/media?parent=4668"}],"curies":[{"name":"wp","href":"https:\/\/api.w.org\/{rel}","templated":true}]}}