{"id":5255,"date":"2023-03-30T17:26:55","date_gmt":"2023-03-30T20:26:55","guid":{"rendered":"http:\/\/ww16.ce.gov.br\/hgf\/?page_id=5255"},"modified":"2024-01-11T15:32:27","modified_gmt":"2024-01-11T18:32:27","slug":"banco-de-leite-humano","status":"publish","type":"page","link":"https:\/\/www.ce.gov.br\/hgf\/assistencia\/programas-e-projetos\/banco-de-leite-humano\/","title":{"rendered":"Banco de Leite Humano"},"content":{"rendered":"<p>&nbsp;<\/p>\n<p>A Secretaria da Sa\u00fade do Cear\u00e1 (Sesa) incentiva a doa\u00e7\u00e3o de leite humano,<strong> alimento fundamental<\/strong> para diminuir o tempo de interna\u00e7\u00e3o e fortalecer o desenvolvimento de beb\u00eas internados nas unidades de sa\u00fade ou que possuem alergia ao leite de vaca.<\/p>\n<p>&nbsp;<\/p>\n<p>&nbsp;<\/p>\n<p class=\"destacado\"><strong>Banco de Leite Humano (BLH) do HGF<br \/>\nHor\u00e1rio de funcionamento: <\/strong>segunda a sexta-feira, 7h \u00e0s 16h.<strong><br \/>\nEndere\u00e7o:<\/strong> Rua \u00c1vila Goulart, 900, Papicu \u2013 Fortaleza.<strong><br \/>\nTelefone: <\/strong>(85) <span data-sheets-root=\"1\" data-sheets-value=\"{&quot;1&quot;:2,&quot;2&quot;:&quot;3457 - 9155&quot;}\" data-sheets-userformat=\"{&quot;2&quot;:7039,&quot;3&quot;:{&quot;1&quot;:0},&quot;4&quot;:{&quot;1&quot;:2,&quot;2&quot;:16777215},&quot;5&quot;:{&quot;1&quot;:[{&quot;1&quot;:2,&quot;2&quot;:0,&quot;5&quot;:{&quot;1&quot;:2,&quot;2&quot;:0}},{&quot;1&quot;:0,&quot;2&quot;:0,&quot;3&quot;:3},{&quot;1&quot;:1,&quot;2&quot;:0,&quot;4&quot;:1}]},&quot;6&quot;:{&quot;1&quot;:[{&quot;1&quot;:2,&quot;2&quot;:0,&quot;5&quot;:{&quot;1&quot;:2,&quot;2&quot;:0}},{&quot;1&quot;:0,&quot;2&quot;:0,&quot;3&quot;:3},{&quot;1&quot;:1,&quot;2&quot;:0,&quot;4&quot;:1}]},&quot;7&quot;:{&quot;1&quot;:[{&quot;1&quot;:2,&quot;2&quot;:0,&quot;5&quot;:{&quot;1&quot;:2,&quot;2&quot;:0}},{&quot;1&quot;:0,&quot;2&quot;:0,&quot;3&quot;:3},{&quot;1&quot;:1,&quot;2&quot;:0,&quot;4&quot;:1}]},&quot;8&quot;:{&quot;1&quot;:[{&quot;1&quot;:2,&quot;2&quot;:0,&quot;5&quot;:{&quot;1&quot;:2,&quot;2&quot;:0}},{&quot;1&quot;:0,&quot;2&quot;:0,&quot;3&quot;:3},{&quot;1&quot;:1,&quot;2&quot;:0,&quot;4&quot;:1}]},&quot;9&quot;:1,&quot;11&quot;:0,&quot;12&quot;:0,&quot;14&quot;:{&quot;1&quot;:2,&quot;2&quot;:0},&quot;15&quot;:&quot;Calibri&quot;}\">3457-9155<\/span><strong><br \/>\nE-mail:<\/strong>bancodeleite.hgf@gmail.com<strong><br \/>\n<\/strong><\/p>\n<p>&nbsp;<\/p>\n<p>&nbsp;<\/p>\n<h4><strong>Como armazenar o leite coletado para doa\u00e7\u00e3o<\/strong><\/h4>\n<p><img decoding=\"async\" class=\"aligncenter\" src=\"https:\/\/www.saude.ce.gov.br\/wp-content\/uploads\/sites\/9\/2020\/03\/Armazenar_leite_materno_1.png\" alt=\"1. Anote na tampa a data e a hora em que realizou a primeira coleta do leite. 2. Guarde imediatamente no freezer ou no congelador o frasco fechado. Observa\u00e7\u00e3o: Se o frasco n\u00e3o ficou cheio, voc\u00ea pode complet\u00e1-lo em outro momento.\" \/><span style=\"letter-spacing: 0.02px\">\u00a0<\/span><img decoding=\"async\" class=\"aligncenter\" src=\"https:\/\/www.saude.ce.gov.br\/wp-content\/uploads\/sites\/9\/2020\/03\/Armazenar_leite_materno_2.png\" alt=\"Para completar o volume de leite no frasco j\u00e1 congelado siga os passo a seguir:\" \/><span style=\"letter-spacing: 0.02px\">\u00a0<\/span><img decoding=\"async\" class=\"aligncenter\" src=\"https:\/\/www.saude.ce.gov.br\/wp-content\/uploads\/sites\/9\/2020\/03\/Armazenar_leite_materno_3.png\" alt=\"3. Pegue outro copo de vidro e ferva por 15 minutos. 4. Ap\u00f3s a fervura, escorra o copo com a abertura para baixo sobre um pano limpo, at\u00e9 secar. 5. Depois disso, fa\u00e7a a ordenha normalmente.\" \/><span style=\"letter-spacing: 0.02px\">\u00a0<\/span><img decoding=\"async\" class=\"aligncenter\" src=\"https:\/\/www.saude.ce.gov.br\/wp-content\/uploads\/sites\/9\/2020\/03\/Armazenar_leite_materno_4.png\" alt=\"6. Coloque o leite rec\u00e9m-extra\u00eddo sobre o que j\u00e1 estava congelado at\u00e9 faltarem dois dedos para encher o frasco. 7. Guarde imediatamente o frasco no freezer ou no congelador. 8. Ap\u00f3s a extra\u00e7\u00e3o em que o frasco de vidro esteja completo, a m\u00e3e deve ligar para o Banco de Leite Humano.\" \/><span style=\"letter-spacing: 0.02px\">\u00a0<\/span><img decoding=\"async\" class=\"aligncenter\" src=\"https:\/\/www.saude.ce.gov.br\/wp-content\/uploads\/sites\/9\/2020\/03\/Armazenar_leite_materno_5.png\" alt=\"Observa\u00e7\u00e3o: Se em 10 dias ap\u00f3s congelar o primeiro leite o frasco n\u00e3o estiver completo, a m\u00e3e tamb\u00e9m poder\u00e1 ligar para o Banco de Leite Humano e fazer a doa\u00e7\u00e3o. Lembre-se: Qualquer quantidade \u00e9 importante.\" \/><span style=\"letter-spacing: 0.02px\">\u00a0<\/span><img decoding=\"async\" class=\"aligncenter\" src=\"https:\/\/www.saude.ce.gov.br\/wp-content\/uploads\/sites\/9\/2020\/03\/Armazenar_leite_materno_6.png\" alt=\"Cear\u00e1. Governo do Estado. Secretaria da Sa\u00fade. www.saude.ce.gov.br instagram, facebook, youtube e linkedin: @saudeceara\" \/><\/p>\n","protected":false},"excerpt":{"rendered":"<p>&nbsp; A Secretaria da Sa\u00fade do Cear\u00e1 (Sesa) incentiva a doa\u00e7\u00e3o de leite humano, alimento fundamental para diminuir o tempo de interna\u00e7\u00e3o e fortalecer o desenvolvimento de beb\u00eas internados nas unidades de sa\u00fade ou que possuem alergia ao leite de vaca. &nbsp; &nbsp; Banco de Leite Humano (BLH) do HGF Hor\u00e1rio de funcionamento: segunda a [&hellip;]<\/p>\n","protected":false},"author":544,"featured_media":0,"parent":4834,"menu_order":0,"comment_status":"closed","ping_status":"closed","template":"","meta":{"_acf_changed":false,"inline_featured_image":false,"footnotes":""},"class_list":["post-5255","page","type-page","status-publish","hentry"],"acf":[],"yoast_head":"<!-- This site is optimized with the Yoast SEO plugin v27.3 - https:\/\/yoast.com\/product\/yoast-seo-wordpress\/ -->\n<title>Banco de Leite Humano - Hospital Geral de Fortaleza (HGF)<\/title>\n<meta name=\"robots\" content=\"index, follow, max-snippet:-1, max-image-preview:large, max-video-preview:-1\" \/>\n<link rel=\"canonical\" href=\"https:\/\/ww16.ce.gov.br\/hgf\/assistencia\/programas-e-projetos\/banco-de-leite-humano\/\" \/>\n<meta property=\"og:locale\" content=\"pt_BR\" \/>\n<meta property=\"og:type\" content=\"article\" \/>\n<meta property=\"og:title\" content=\"Banco de Leite Humano - Hospital Geral de Fortaleza (HGF)\" \/>\n<meta property=\"og:description\" content=\"&nbsp; A Secretaria da Sa\u00fade do Cear\u00e1 (Sesa) incentiva a doa\u00e7\u00e3o de leite humano, alimento fundamental para diminuir o tempo de interna\u00e7\u00e3o e fortalecer o desenvolvimento de beb\u00eas internados nas unidades de sa\u00fade ou que possuem alergia ao leite de vaca. &nbsp; &nbsp; Banco de Leite Humano (BLH) do HGF Hor\u00e1rio de funcionamento: segunda a [&hellip;]\" \/>\n<meta property=\"og:url\" content=\"https:\/\/ww16.ce.gov.br\/hgf\/assistencia\/programas-e-projetos\/banco-de-leite-humano\/\" \/>\n<meta property=\"og:site_name\" content=\"Hospital Geral de Fortaleza (HGF)\" \/>\n<meta property=\"article:modified_time\" content=\"2024-01-11T18:32:27+00:00\" \/>\n<meta property=\"og:image\" content=\"https:\/\/www.saude.ce.gov.br\/wp-content\/uploads\/sites\/9\/2020\/03\/Armazenar_leite_materno_1.png\" \/>\n<meta name=\"twitter:card\" content=\"summary_large_image\" \/>\n<meta name=\"twitter:label1\" content=\"Est. reading time\" \/>\n\t<meta name=\"twitter:data1\" content=\"2 minutos\" \/>\n<script type=\"application\/ld+json\" class=\"yoast-schema-graph\">{\"@context\":\"https:\\\/\\\/schema.org\",\"@graph\":[{\"@type\":\"WebPage\",\"@id\":\"https:\\\/\\\/ww16.ce.gov.br\\\/hgf\\\/assistencia\\\/programas-e-projetos\\\/banco-de-leite-humano\\\/\",\"url\":\"https:\\\/\\\/ww16.ce.gov.br\\\/hgf\\\/assistencia\\\/programas-e-projetos\\\/banco-de-leite-humano\\\/\",\"name\":\"Banco de Leite Humano - Hospital Geral de Fortaleza (HGF)\",\"isPartOf\":{\"@id\":\"https:\\\/\\\/ww16.ce.gov.br\\\/hgf\\\/#website\"},\"primaryImageOfPage\":{\"@id\":\"https:\\\/\\\/ww16.ce.gov.br\\\/hgf\\\/assistencia\\\/programas-e-projetos\\\/banco-de-leite-humano\\\/#primaryimage\"},\"image\":{\"@id\":\"https:\\\/\\\/ww16.ce.gov.br\\\/hgf\\\/assistencia\\\/programas-e-projetos\\\/banco-de-leite-humano\\\/#primaryimage\"},\"thumbnailUrl\":\"https:\\\/\\\/www.saude.ce.gov.br\\\/wp-content\\\/uploads\\\/sites\\\/9\\\/2020\\\/03\\\/Armazenar_leite_materno_1.png\",\"datePublished\":\"2023-03-30T20:26:55+00:00\",\"dateModified\":\"2024-01-11T18:32:27+00:00\",\"breadcrumb\":{\"@id\":\"https:\\\/\\\/ww16.ce.gov.br\\\/hgf\\\/assistencia\\\/programas-e-projetos\\\/banco-de-leite-humano\\\/#breadcrumb\"},\"inLanguage\":\"pt-BR\",\"potentialAction\":[{\"@type\":\"ReadAction\",\"target\":[\"https:\\\/\\\/ww16.ce.gov.br\\\/hgf\\\/assistencia\\\/programas-e-projetos\\\/banco-de-leite-humano\\\/\"]}]},{\"@type\":\"ImageObject\",\"inLanguage\":\"pt-BR\",\"@id\":\"https:\\\/\\\/ww16.ce.gov.br\\\/hgf\\\/assistencia\\\/programas-e-projetos\\\/banco-de-leite-humano\\\/#primaryimage\",\"url\":\"https:\\\/\\\/www.saude.ce.gov.br\\\/wp-content\\\/uploads\\\/sites\\\/9\\\/2020\\\/03\\\/Armazenar_leite_materno_1.png\",\"contentUrl\":\"https:\\\/\\\/www.saude.ce.gov.br\\\/wp-content\\\/uploads\\\/sites\\\/9\\\/2020\\\/03\\\/Armazenar_leite_materno_1.png\"},{\"@type\":\"BreadcrumbList\",\"@id\":\"https:\\\/\\\/ww16.ce.gov.br\\\/hgf\\\/assistencia\\\/programas-e-projetos\\\/banco-de-leite-humano\\\/#breadcrumb\",\"itemListElement\":[{\"@type\":\"ListItem\",\"position\":1,\"name\":\"In\u00edcio\",\"item\":\"https:\\\/\\\/www.ce.gov.br\\\/hgf\\\/\"},{\"@type\":\"ListItem\",\"position\":2,\"name\":\"Assist\u00eancia\",\"item\":\"https:\\\/\\\/ww16.ce.gov.br\\\/hgf\\\/assistencia\\\/\"},{\"@type\":\"ListItem\",\"position\":3,\"name\":\"Programas e Projetos\",\"item\":\"https:\\\/\\\/ww16.ce.gov.br\\\/hgf\\\/assistencia\\\/programas-e-projetos\\\/\"},{\"@type\":\"ListItem\",\"position\":4,\"name\":\"Banco de Leite Humano\"}]},{\"@type\":\"WebSite\",\"@id\":\"https:\\\/\\\/ww16.ce.gov.br\\\/hgf\\\/#website\",\"url\":\"https:\\\/\\\/ww16.ce.gov.br\\\/hgf\\\/\",\"name\":\"Hospital Geral de Fortaleza (HGF)\",\"description\":\"Refer\u00eancia em tratamentos de alta complexidade no Estado do Cear\u00e1\",\"potentialAction\":[{\"@type\":\"SearchAction\",\"target\":{\"@type\":\"EntryPoint\",\"urlTemplate\":\"https:\\\/\\\/ww16.ce.gov.br\\\/hgf\\\/?s={search_term_string}\"},\"query-input\":{\"@type\":\"PropertyValueSpecification\",\"valueRequired\":true,\"valueName\":\"search_term_string\"}}],\"inLanguage\":\"pt-BR\"}]}<\/script>\n<!-- \/ Yoast SEO plugin. -->","yoast_head_json":{"title":"Banco de Leite Humano - Hospital Geral de Fortaleza (HGF)","robots":{"index":"index","follow":"follow","max-snippet":"max-snippet:-1","max-image-preview":"max-image-preview:large","max-video-preview":"max-video-preview:-1"},"canonical":"https:\/\/ww16.ce.gov.br\/hgf\/assistencia\/programas-e-projetos\/banco-de-leite-humano\/","og_locale":"pt_BR","og_type":"article","og_title":"Banco de Leite Humano - Hospital Geral de Fortaleza (HGF)","og_description":"&nbsp; A Secretaria da Sa\u00fade do Cear\u00e1 (Sesa) incentiva a doa\u00e7\u00e3o de leite humano, alimento fundamental para diminuir o tempo de interna\u00e7\u00e3o e fortalecer o desenvolvimento de beb\u00eas internados nas unidades de sa\u00fade ou que possuem alergia ao leite de vaca. &nbsp; &nbsp; Banco de Leite Humano (BLH) do HGF Hor\u00e1rio de funcionamento: segunda a [&hellip;]","og_url":"https:\/\/ww16.ce.gov.br\/hgf\/assistencia\/programas-e-projetos\/banco-de-leite-humano\/","og_site_name":"Hospital Geral de Fortaleza (HGF)","article_modified_time":"2024-01-11T18:32:27+00:00","og_image":[{"url":"https:\/\/www.saude.ce.gov.br\/wp-content\/uploads\/sites\/9\/2020\/03\/Armazenar_leite_materno_1.png","type":"","width":"","height":""}],"twitter_card":"summary_large_image","twitter_misc":{"Est. reading time":"2 minutos"},"schema":{"@context":"https:\/\/schema.org","@graph":[{"@type":"WebPage","@id":"https:\/\/ww16.ce.gov.br\/hgf\/assistencia\/programas-e-projetos\/banco-de-leite-humano\/","url":"https:\/\/ww16.ce.gov.br\/hgf\/assistencia\/programas-e-projetos\/banco-de-leite-humano\/","name":"Banco de Leite Humano - Hospital Geral de Fortaleza (HGF)","isPartOf":{"@id":"https:\/\/ww16.ce.gov.br\/hgf\/#website"},"primaryImageOfPage":{"@id":"https:\/\/ww16.ce.gov.br\/hgf\/assistencia\/programas-e-projetos\/banco-de-leite-humano\/#primaryimage"},"image":{"@id":"https:\/\/ww16.ce.gov.br\/hgf\/assistencia\/programas-e-projetos\/banco-de-leite-humano\/#primaryimage"},"thumbnailUrl":"https:\/\/www.saude.ce.gov.br\/wp-content\/uploads\/sites\/9\/2020\/03\/Armazenar_leite_materno_1.png","datePublished":"2023-03-30T20:26:55+00:00","dateModified":"2024-01-11T18:32:27+00:00","breadcrumb":{"@id":"https:\/\/ww16.ce.gov.br\/hgf\/assistencia\/programas-e-projetos\/banco-de-leite-humano\/#breadcrumb"},"inLanguage":"pt-BR","potentialAction":[{"@type":"ReadAction","target":["https:\/\/ww16.ce.gov.br\/hgf\/assistencia\/programas-e-projetos\/banco-de-leite-humano\/"]}]},{"@type":"ImageObject","inLanguage":"pt-BR","@id":"https:\/\/ww16.ce.gov.br\/hgf\/assistencia\/programas-e-projetos\/banco-de-leite-humano\/#primaryimage","url":"https:\/\/www.saude.ce.gov.br\/wp-content\/uploads\/sites\/9\/2020\/03\/Armazenar_leite_materno_1.png","contentUrl":"https:\/\/www.saude.ce.gov.br\/wp-content\/uploads\/sites\/9\/2020\/03\/Armazenar_leite_materno_1.png"},{"@type":"BreadcrumbList","@id":"https:\/\/ww16.ce.gov.br\/hgf\/assistencia\/programas-e-projetos\/banco-de-leite-humano\/#breadcrumb","itemListElement":[{"@type":"ListItem","position":1,"name":"In\u00edcio","item":"https:\/\/www.ce.gov.br\/hgf\/"},{"@type":"ListItem","position":2,"name":"Assist\u00eancia","item":"https:\/\/ww16.ce.gov.br\/hgf\/assistencia\/"},{"@type":"ListItem","position":3,"name":"Programas e Projetos","item":"https:\/\/ww16.ce.gov.br\/hgf\/assistencia\/programas-e-projetos\/"},{"@type":"ListItem","position":4,"name":"Banco de Leite Humano"}]},{"@type":"WebSite","@id":"https:\/\/ww16.ce.gov.br\/hgf\/#website","url":"https:\/\/ww16.ce.gov.br\/hgf\/","name":"Hospital Geral de Fortaleza (HGF)","description":"Refer\u00eancia em tratamentos de alta complexidade no Estado do Cear\u00e1","potentialAction":[{"@type":"SearchAction","target":{"@type":"EntryPoint","urlTemplate":"https:\/\/ww16.ce.gov.br\/hgf\/?s={search_term_string}"},"query-input":{"@type":"PropertyValueSpecification","valueRequired":true,"valueName":"search_term_string"}}],"inLanguage":"pt-BR"}]}},"_links":{"self":[{"href":"https:\/\/www.ce.gov.br\/hgf\/wp-json\/wp\/v2\/pages\/5255","targetHints":{"allow":["GET"]}}],"collection":[{"href":"https:\/\/www.ce.gov.br\/hgf\/wp-json\/wp\/v2\/pages"}],"about":[{"href":"https:\/\/www.ce.gov.br\/hgf\/wp-json\/wp\/v2\/types\/page"}],"author":[{"embeddable":true,"href":"https:\/\/www.ce.gov.br\/hgf\/wp-json\/wp\/v2\/users\/544"}],"replies":[{"embeddable":true,"href":"https:\/\/www.ce.gov.br\/hgf\/wp-json\/wp\/v2\/comments?post=5255"}],"version-history":[{"count":4,"href":"https:\/\/www.ce.gov.br\/hgf\/wp-json\/wp\/v2\/pages\/5255\/revisions"}],"predecessor-version":[{"id":6097,"href":"https:\/\/www.ce.gov.br\/hgf\/wp-json\/wp\/v2\/pages\/5255\/revisions\/6097"}],"up":[{"embeddable":true,"href":"https:\/\/www.ce.gov.br\/hgf\/wp-json\/wp\/v2\/pages\/4834"}],"wp:attachment":[{"href":"https:\/\/www.ce.gov.br\/hgf\/wp-json\/wp\/v2\/media?parent=5255"}],"curies":[{"name":"wp","href":"https:\/\/api.w.org\/{rel}","templated":true}]}}