{"id":8956,"date":"2026-02-04T09:50:56","date_gmt":"2026-02-04T12:50:56","guid":{"rendered":"http:\/\/ww16.ce.gov.br\/hgf\/?page_id=8956"},"modified":"2026-02-04T10:14:30","modified_gmt":"2026-02-04T13:14:30","slug":"assessoria-de-comunicacao-ascom","status":"publish","type":"page","link":"https:\/\/www.ce.gov.br\/hgf\/assessoria-de-comunicacao-ascom\/","title":{"rendered":"Assessoria de Comunica\u00e7\u00e3o (Ascom)"},"content":{"rendered":"\n<h2 class=\"wp-block-heading\"><strong>Hor\u00e1rio de Atendimento<\/strong><\/h2>\n\n\n\n<p>Segunda a sexta, das 8h \u00e0s 17h<\/p>\n\n\n\n<h2 class=\"wp-block-heading\"><strong>Contato<\/strong><\/h2>\n\n\n\n<p>(85) 3106.3838 | ascomhgf@gmail.com<\/p>\n\n\n    <div class=\"nucleo-comunicacao-grid\">\n                                <div class=\"nucleo-item\">\n                <div class=\"nucleo-orgao-header\">\n                                            <h3>HGF<\/h3>\n                                                                <h4>Hospital Geral de Fortaleza<\/h4>\n                                    <\/div>\n                \n                <div class=\"nucleo-pessoa-info\">\n                                            <p>Coordena\u00e7\u00e3o de Comunica\u00e7\u00e3o<\/p>\n                                        <p><strong>Filipe Dutra<\/strong><\/p>\n                <\/div>\n\n                <a href=\"#\" class=\"nucleo-contact-info\" \n                   data-orgao=\"HGF\"\n                   data-orgao-desc=\"Hospital Geral de Fortaleza\"\n                   data-cargo=\"Coordena\u00e7\u00e3o de Comunica\u00e7\u00e3o\"\n                   data-nome=\"Filipe Dutra\"\n                   data-tel=\"(85) 99783-5529\"\n                   data-email=\"filipe.dutra@hgf.ce.gov.br\">\n                   Informa\u00e7\u00f5es de contato\n                <\/a>\n            <\/div>\n                                <div class=\"nucleo-item\">\n                <div class=\"nucleo-orgao-header\">\n                                            <h3>HGF<\/h3>\n                                                                <h4>Hospital Geral de Fortaleza<\/h4>\n                                    <\/div>\n                \n                <div class=\"nucleo-pessoa-info\">\n                                            <p>Jornalista<\/p>\n                                        <p><strong>Eva Sullivan<\/strong><\/p>\n                <\/div>\n\n                <a href=\"#\" class=\"nucleo-contact-info\" \n                   data-orgao=\"HGF\"\n                   data-orgao-desc=\"Hospital Geral de Fortaleza\"\n                   data-cargo=\"Jornalista\"\n                   data-nome=\"Eva Sullivan\"\n                   data-tel=\"\"\n                   data-email=\"eva.santos@hgf.ce.gov.br\">\n                   Informa\u00e7\u00f5es de contato\n                <\/a>\n            <\/div>\n                                <div class=\"nucleo-item\">\n                <div class=\"nucleo-orgao-header\">\n                                            <h3>HGF<\/h3>\n                                                                <h4>Hospital Geral de Fortaleza<\/h4>\n                                    <\/div>\n                \n                <div class=\"nucleo-pessoa-info\">\n                                            <p>Designer<\/p>\n                                        <p><strong>Livia Barbosa<\/strong><\/p>\n                <\/div>\n\n                <a href=\"#\" class=\"nucleo-contact-info\" \n                   data-orgao=\"HGF\"\n                   data-orgao-desc=\"Hospital Geral de Fortaleza\"\n                   data-cargo=\"Designer\"\n                   data-nome=\"Livia Barbosa\"\n                   data-tel=\"\"\n                   data-email=\"ascomhgf2@gmail.com\">\n                   Informa\u00e7\u00f5es de contato\n                <\/a>\n            <\/div>\n                                <div class=\"nucleo-item\">\n                <div class=\"nucleo-orgao-header\">\n                                            <h3>HGF<\/h3>\n                                                                <h4>Hospital Geral de Fortaleza<\/h4>\n                                    <\/div>\n                \n                <div class=\"nucleo-pessoa-info\">\n                                            <p>Secret\u00e1ria executiva<\/p>\n                                        <p><strong>Maria Jos\u00e9 dos Reis<\/strong><\/p>\n                <\/div>\n\n                <a href=\"#\" class=\"nucleo-contact-info\" \n                   data-orgao=\"HGF\"\n                   data-orgao-desc=\"Hospital Geral de Fortaleza\"\n                   data-cargo=\"Secret\u00e1ria executiva\"\n                   data-nome=\"Maria Jos\u00e9 dos Reis\"\n                   data-tel=\"\"\n                   data-email=\"ascomhgf@gmail.com\">\n                   Informa\u00e7\u00f5es de contato\n                <\/a>\n            <\/div>\n            <\/div>\n\n<div id=\"nucleo-modal-overlay\" class=\"nucleo-modal-overlay\"><\/div>\n<div id=\"nucleo-modal\" class=\"nucleo-modal\">\n    <div class=\"nucleo-modal-header\">\n        <div>\n            <h3 id=\"nucleo-modal-title\"><\/h3>\n            <p id=\"nucleo-modal-orgao-desc\" class=\"nucleo-modal-orgao-desc\"><\/p>\n        <\/div>\n        <button id=\"nucleo-modal-close-x\" class=\"nucleo-modal-close-x\">&times;<\/button>\n    <\/div>\n    <div class=\"nucleo-modal-body\">\n        <div class=\"modal-section modal-pessoa-info\">\n            <p id=\"nucleo-modal-cargo\"><\/p>\n            <p id=\"nucleo-modal-nome\"><\/p>\n        <\/div>\n        <div class=\"modal-section modal-contato-info\">\n            <div class=\"contato-item\">\n                <h4>Email<\/h4>\n                <p id=\"nucleo-modal-email\"><\/p>\n            <\/div>\n            <div class=\"contato-item\">\n                <h4>Telefone<\/h4>\n                <p id=\"nucleo-modal-tel\"><\/p>\n            <\/div>\n        <\/div>\n    <\/div>\n\n<\/div>\n\n\n\n<p><\/p>\n","protected":false},"excerpt":{"rendered":"<p>Hor\u00e1rio de Atendimento Segunda a sexta, das 8h \u00e0s 17h Contato (85) 3106.3838 | ascomhgf@gmail.com<\/p>\n","protected":false},"author":41,"featured_media":0,"parent":0,"menu_order":0,"comment_status":"closed","ping_status":"closed","template":"","meta":{"_acf_changed":false,"inline_featured_image":false,"footnotes":""},"class_list":["post-8956","page","type-page","status-publish","hentry"],"acf":[],"yoast_head":"<!-- This site is optimized with the Yoast SEO plugin v27.3 - https:\/\/yoast.com\/product\/yoast-seo-wordpress\/ -->\n<title>Assessoria de Comunica\u00e7\u00e3o (Ascom) - Hospital Geral de Fortaleza (HGF)<\/title>\n<meta name=\"robots\" content=\"index, follow, max-snippet:-1, max-image-preview:large, max-video-preview:-1\" \/>\n<link rel=\"canonical\" href=\"https:\/\/ww16.ce.gov.br\/hgf\/assessoria-de-comunicacao-ascom\/\" \/>\n<meta property=\"og:locale\" content=\"pt_BR\" \/>\n<meta property=\"og:type\" content=\"article\" \/>\n<meta property=\"og:title\" content=\"Assessoria de Comunica\u00e7\u00e3o (Ascom) - Hospital Geral de Fortaleza (HGF)\" \/>\n<meta property=\"og:description\" content=\"Hor\u00e1rio de Atendimento Segunda a sexta, das 8h \u00e0s 17h Contato (85) 3106.3838 | ascomhgf@gmail.com\" \/>\n<meta property=\"og:url\" content=\"https:\/\/ww16.ce.gov.br\/hgf\/assessoria-de-comunicacao-ascom\/\" \/>\n<meta property=\"og:site_name\" content=\"Hospital Geral de Fortaleza (HGF)\" \/>\n<meta property=\"article:modified_time\" content=\"2026-02-04T13:14:30+00:00\" \/>\n<meta name=\"twitter:card\" content=\"summary_large_image\" \/>\n<meta name=\"twitter:label1\" content=\"Est. reading time\" \/>\n\t<meta name=\"twitter:data1\" content=\"1 minuto\" \/>\n<script type=\"application\/ld+json\" class=\"yoast-schema-graph\">{\"@context\":\"https:\\\/\\\/schema.org\",\"@graph\":[{\"@type\":\"WebPage\",\"@id\":\"https:\\\/\\\/ww16.ce.gov.br\\\/hgf\\\/assessoria-de-comunicacao-ascom\\\/\",\"url\":\"https:\\\/\\\/ww16.ce.gov.br\\\/hgf\\\/assessoria-de-comunicacao-ascom\\\/\",\"name\":\"Assessoria de Comunica\u00e7\u00e3o (Ascom) - Hospital Geral de Fortaleza (HGF)\",\"isPartOf\":{\"@id\":\"https:\\\/\\\/ww16.ce.gov.br\\\/hgf\\\/#website\"},\"datePublished\":\"2026-02-04T12:50:56+00:00\",\"dateModified\":\"2026-02-04T13:14:30+00:00\",\"breadcrumb\":{\"@id\":\"https:\\\/\\\/ww16.ce.gov.br\\\/hgf\\\/assessoria-de-comunicacao-ascom\\\/#breadcrumb\"},\"inLanguage\":\"pt-BR\",\"potentialAction\":[{\"@type\":\"ReadAction\",\"target\":[\"https:\\\/\\\/ww16.ce.gov.br\\\/hgf\\\/assessoria-de-comunicacao-ascom\\\/\"]}]},{\"@type\":\"BreadcrumbList\",\"@id\":\"https:\\\/\\\/ww16.ce.gov.br\\\/hgf\\\/assessoria-de-comunicacao-ascom\\\/#breadcrumb\",\"itemListElement\":[{\"@type\":\"ListItem\",\"position\":1,\"name\":\"In\u00edcio\",\"item\":\"https:\\\/\\\/www.ce.gov.br\\\/hgf\\\/\"},{\"@type\":\"ListItem\",\"position\":2,\"name\":\"Assessoria de Comunica\u00e7\u00e3o (Ascom)\"}]},{\"@type\":\"WebSite\",\"@id\":\"https:\\\/\\\/ww16.ce.gov.br\\\/hgf\\\/#website\",\"url\":\"https:\\\/\\\/ww16.ce.gov.br\\\/hgf\\\/\",\"name\":\"Hospital Geral de Fortaleza (HGF)\",\"description\":\"Refer\u00eancia em tratamentos de alta complexidade no Estado do Cear\u00e1\",\"potentialAction\":[{\"@type\":\"SearchAction\",\"target\":{\"@type\":\"EntryPoint\",\"urlTemplate\":\"https:\\\/\\\/ww16.ce.gov.br\\\/hgf\\\/?s={search_term_string}\"},\"query-input\":{\"@type\":\"PropertyValueSpecification\",\"valueRequired\":true,\"valueName\":\"search_term_string\"}}],\"inLanguage\":\"pt-BR\"}]}<\/script>\n<!-- \/ Yoast SEO plugin. -->","yoast_head_json":{"title":"Assessoria de Comunica\u00e7\u00e3o (Ascom) - Hospital Geral de Fortaleza (HGF)","robots":{"index":"index","follow":"follow","max-snippet":"max-snippet:-1","max-image-preview":"max-image-preview:large","max-video-preview":"max-video-preview:-1"},"canonical":"https:\/\/ww16.ce.gov.br\/hgf\/assessoria-de-comunicacao-ascom\/","og_locale":"pt_BR","og_type":"article","og_title":"Assessoria de Comunica\u00e7\u00e3o (Ascom) - Hospital Geral de Fortaleza (HGF)","og_description":"Hor\u00e1rio de Atendimento Segunda a sexta, das 8h \u00e0s 17h Contato (85) 3106.3838 | ascomhgf@gmail.com","og_url":"https:\/\/ww16.ce.gov.br\/hgf\/assessoria-de-comunicacao-ascom\/","og_site_name":"Hospital Geral de Fortaleza (HGF)","article_modified_time":"2026-02-04T13:14:30+00:00","twitter_card":"summary_large_image","twitter_misc":{"Est. reading time":"1 minuto"},"schema":{"@context":"https:\/\/schema.org","@graph":[{"@type":"WebPage","@id":"https:\/\/ww16.ce.gov.br\/hgf\/assessoria-de-comunicacao-ascom\/","url":"https:\/\/ww16.ce.gov.br\/hgf\/assessoria-de-comunicacao-ascom\/","name":"Assessoria de Comunica\u00e7\u00e3o (Ascom) - Hospital Geral de Fortaleza (HGF)","isPartOf":{"@id":"https:\/\/ww16.ce.gov.br\/hgf\/#website"},"datePublished":"2026-02-04T12:50:56+00:00","dateModified":"2026-02-04T13:14:30+00:00","breadcrumb":{"@id":"https:\/\/ww16.ce.gov.br\/hgf\/assessoria-de-comunicacao-ascom\/#breadcrumb"},"inLanguage":"pt-BR","potentialAction":[{"@type":"ReadAction","target":["https:\/\/ww16.ce.gov.br\/hgf\/assessoria-de-comunicacao-ascom\/"]}]},{"@type":"BreadcrumbList","@id":"https:\/\/ww16.ce.gov.br\/hgf\/assessoria-de-comunicacao-ascom\/#breadcrumb","itemListElement":[{"@type":"ListItem","position":1,"name":"In\u00edcio","item":"https:\/\/www.ce.gov.br\/hgf\/"},{"@type":"ListItem","position":2,"name":"Assessoria de Comunica\u00e7\u00e3o (Ascom)"}]},{"@type":"WebSite","@id":"https:\/\/ww16.ce.gov.br\/hgf\/#website","url":"https:\/\/ww16.ce.gov.br\/hgf\/","name":"Hospital Geral de Fortaleza (HGF)","description":"Refer\u00eancia em tratamentos de alta complexidade no Estado do Cear\u00e1","potentialAction":[{"@type":"SearchAction","target":{"@type":"EntryPoint","urlTemplate":"https:\/\/ww16.ce.gov.br\/hgf\/?s={search_term_string}"},"query-input":{"@type":"PropertyValueSpecification","valueRequired":true,"valueName":"search_term_string"}}],"inLanguage":"pt-BR"}]}},"_links":{"self":[{"href":"https:\/\/www.ce.gov.br\/hgf\/wp-json\/wp\/v2\/pages\/8956","targetHints":{"allow":["GET"]}}],"collection":[{"href":"https:\/\/www.ce.gov.br\/hgf\/wp-json\/wp\/v2\/pages"}],"about":[{"href":"https:\/\/www.ce.gov.br\/hgf\/wp-json\/wp\/v2\/types\/page"}],"author":[{"embeddable":true,"href":"https:\/\/www.ce.gov.br\/hgf\/wp-json\/wp\/v2\/users\/41"}],"replies":[{"embeddable":true,"href":"https:\/\/www.ce.gov.br\/hgf\/wp-json\/wp\/v2\/comments?post=8956"}],"version-history":[{"count":4,"href":"https:\/\/www.ce.gov.br\/hgf\/wp-json\/wp\/v2\/pages\/8956\/revisions"}],"predecessor-version":[{"id":8968,"href":"https:\/\/www.ce.gov.br\/hgf\/wp-json\/wp\/v2\/pages\/8956\/revisions\/8968"}],"wp:attachment":[{"href":"https:\/\/www.ce.gov.br\/hgf\/wp-json\/wp\/v2\/media?parent=8956"}],"curies":[{"name":"wp","href":"https:\/\/api.w.org\/{rel}","templated":true}]}}