{"id":1060,"date":"2021-09-22T13:40:04","date_gmt":"2021-09-22T16:40:04","guid":{"rendered":"http:\/\/www.hsmm.ce.gov.br\/?page_id=1060"},"modified":"2021-10-22T09:18:06","modified_gmt":"2021-10-22T12:18:06","slug":"hospital-dia-lugar-de-vida","status":"publish","type":"page","link":"https:\/\/www.ce.gov.br\/hsm\/hospital-dia-lugar-de-vida\/","title":{"rendered":"Hospital Dia Lugar de Vida"},"content":{"rendered":"<p>&nbsp;<\/p>\n<p style=\"text-align: justify\">Unidade de semi-interna\u00e7\u00e3o voltada para pessoas com transtornos mentais que apresentam quadro de sa\u00fade est\u00e1vel. Os pacientes atendidos no Hospital Dia \u2013 Lugar de Vida passam o dia na unidade e depois retornam para casa. Na unidade, eles recebem quatro refei\u00e7\u00f5es di\u00e1rias, medica\u00e7\u00f5es indicadas pelos psiquiatras e atendimento psicoterap\u00eautico, al\u00e9m de ter acesso a oficinas art\u00edsticas, como confec\u00e7\u00e3o de artesanatos, arteterapia, pintura em tela, arte em papel e grafite. Os pacientes tamb\u00e9m podem ser encaminhados para institutos parceiros, onde s\u00e3o capacitados para o mercado de trabalho e podem conquistar uma vaga de emprego. Uma equipe multiprofissional formada por m\u00e9dicos, enfermeiros, psic\u00f3logos, terapeuta ocupacional e assistente social cuida diariamente dos pacientes para que eles n\u00e3o precisem retornar \u00e0 interna\u00e7\u00e3o e possam viver com mais qualidade de vida, junto a amigos e familiares. Os parentes dos pacientes tamb\u00e9m recebem apoio e orienta\u00e7\u00e3o para lidar melhor com os problemas enfrentados.<\/p>\n","protected":false},"excerpt":{"rendered":"<p>&nbsp; Unidade de semi-interna\u00e7\u00e3o voltada para pessoas com transtornos mentais que apresentam quadro de sa\u00fade est\u00e1vel. Os pacientes atendidos no Hospital Dia \u2013 Lugar de Vida passam o dia na unidade e depois retornam para casa. Na unidade, eles recebem quatro refei\u00e7\u00f5es di\u00e1rias, medica\u00e7\u00f5es indicadas pelos psiquiatras e atendimento psicoterap\u00eautico, al\u00e9m de ter acesso a [&hellip;]<\/p>\n","protected":false},"author":498,"featured_media":0,"parent":0,"menu_order":0,"comment_status":"closed","ping_status":"closed","template":"","meta":{"_acf_changed":false,"inline_featured_image":false,"footnotes":""},"class_list":["post-1060","page","type-page","status-publish","hentry"],"acf":[],"yoast_head":"<!-- This site is optimized with the Yoast SEO plugin v27.3 - https:\/\/yoast.com\/product\/yoast-seo-wordpress\/ -->\n<title>Hospital Dia Lugar de Vida - HSM<\/title>\n<meta name=\"robots\" content=\"index, follow, max-snippet:-1, max-image-preview:large, max-video-preview:-1\" \/>\n<link rel=\"canonical\" href=\"https:\/\/ww16.ce.gov.br\/hsm\/hospital-dia-lugar-de-vida\/\" \/>\n<meta property=\"og:locale\" content=\"pt_BR\" \/>\n<meta property=\"og:type\" content=\"article\" \/>\n<meta property=\"og:title\" content=\"Hospital Dia Lugar de Vida - HSM\" \/>\n<meta property=\"og:description\" content=\"&nbsp; Unidade de semi-interna\u00e7\u00e3o voltada para pessoas com transtornos mentais que apresentam quadro de sa\u00fade est\u00e1vel. Os pacientes atendidos no Hospital Dia \u2013 Lugar de Vida passam o dia na unidade e depois retornam para casa. Na unidade, eles recebem quatro refei\u00e7\u00f5es di\u00e1rias, medica\u00e7\u00f5es indicadas pelos psiquiatras e atendimento psicoterap\u00eautico, al\u00e9m de ter acesso a [&hellip;]\" \/>\n<meta property=\"og:url\" content=\"https:\/\/ww16.ce.gov.br\/hsm\/hospital-dia-lugar-de-vida\/\" \/>\n<meta property=\"og:site_name\" content=\"HSM\" \/>\n<meta property=\"article:modified_time\" content=\"2021-10-22T12:18:06+00:00\" \/>\n<meta name=\"twitter:card\" content=\"summary_large_image\" \/>\n<meta name=\"twitter:label1\" content=\"Est. reading time\" \/>\n\t<meta name=\"twitter:data1\" content=\"1 minuto\" \/>\n<script type=\"application\/ld+json\" class=\"yoast-schema-graph\">{\"@context\":\"https:\\\/\\\/schema.org\",\"@graph\":[{\"@type\":\"WebPage\",\"@id\":\"https:\\\/\\\/ww16.ce.gov.br\\\/hsm\\\/hospital-dia-lugar-de-vida\\\/\",\"url\":\"https:\\\/\\\/ww16.ce.gov.br\\\/hsm\\\/hospital-dia-lugar-de-vida\\\/\",\"name\":\"Hospital Dia Lugar de Vida - HSM\",\"isPartOf\":{\"@id\":\"https:\\\/\\\/ww16.ce.gov.br\\\/hsm\\\/#website\"},\"datePublished\":\"2021-09-22T16:40:04+00:00\",\"dateModified\":\"2021-10-22T12:18:06+00:00\",\"breadcrumb\":{\"@id\":\"https:\\\/\\\/ww16.ce.gov.br\\\/hsm\\\/hospital-dia-lugar-de-vida\\\/#breadcrumb\"},\"inLanguage\":\"pt-BR\",\"potentialAction\":[{\"@type\":\"ReadAction\",\"target\":[\"https:\\\/\\\/ww16.ce.gov.br\\\/hsm\\\/hospital-dia-lugar-de-vida\\\/\"]}]},{\"@type\":\"BreadcrumbList\",\"@id\":\"https:\\\/\\\/ww16.ce.gov.br\\\/hsm\\\/hospital-dia-lugar-de-vida\\\/#breadcrumb\",\"itemListElement\":[{\"@type\":\"ListItem\",\"position\":1,\"name\":\"In\u00edcio\",\"item\":\"https:\\\/\\\/ww16.ce.gov.br\\\/hsm\\\/\"},{\"@type\":\"ListItem\",\"position\":2,\"name\":\"Hospital Dia Lugar de Vida\"}]},{\"@type\":\"WebSite\",\"@id\":\"https:\\\/\\\/ww16.ce.gov.br\\\/hsm\\\/#website\",\"url\":\"https:\\\/\\\/ww16.ce.gov.br\\\/hsm\\\/\",\"name\":\"HSM\",\"description\":\"Portal HSM\",\"potentialAction\":[{\"@type\":\"SearchAction\",\"target\":{\"@type\":\"EntryPoint\",\"urlTemplate\":\"https:\\\/\\\/ww16.ce.gov.br\\\/hsm\\\/?s={search_term_string}\"},\"query-input\":{\"@type\":\"PropertyValueSpecification\",\"valueRequired\":true,\"valueName\":\"search_term_string\"}}],\"inLanguage\":\"pt-BR\"}]}<\/script>\n<!-- \/ Yoast SEO plugin. -->","yoast_head_json":{"title":"Hospital Dia Lugar de Vida - HSM","robots":{"index":"index","follow":"follow","max-snippet":"max-snippet:-1","max-image-preview":"max-image-preview:large","max-video-preview":"max-video-preview:-1"},"canonical":"https:\/\/ww16.ce.gov.br\/hsm\/hospital-dia-lugar-de-vida\/","og_locale":"pt_BR","og_type":"article","og_title":"Hospital Dia Lugar de Vida - HSM","og_description":"&nbsp; Unidade de semi-interna\u00e7\u00e3o voltada para pessoas com transtornos mentais que apresentam quadro de sa\u00fade est\u00e1vel. Os pacientes atendidos no Hospital Dia \u2013 Lugar de Vida passam o dia na unidade e depois retornam para casa. Na unidade, eles recebem quatro refei\u00e7\u00f5es di\u00e1rias, medica\u00e7\u00f5es indicadas pelos psiquiatras e atendimento psicoterap\u00eautico, al\u00e9m de ter acesso a [&hellip;]","og_url":"https:\/\/ww16.ce.gov.br\/hsm\/hospital-dia-lugar-de-vida\/","og_site_name":"HSM","article_modified_time":"2021-10-22T12:18:06+00:00","twitter_card":"summary_large_image","twitter_misc":{"Est. reading time":"1 minuto"},"schema":{"@context":"https:\/\/schema.org","@graph":[{"@type":"WebPage","@id":"https:\/\/ww16.ce.gov.br\/hsm\/hospital-dia-lugar-de-vida\/","url":"https:\/\/ww16.ce.gov.br\/hsm\/hospital-dia-lugar-de-vida\/","name":"Hospital Dia Lugar de Vida - HSM","isPartOf":{"@id":"https:\/\/ww16.ce.gov.br\/hsm\/#website"},"datePublished":"2021-09-22T16:40:04+00:00","dateModified":"2021-10-22T12:18:06+00:00","breadcrumb":{"@id":"https:\/\/ww16.ce.gov.br\/hsm\/hospital-dia-lugar-de-vida\/#breadcrumb"},"inLanguage":"pt-BR","potentialAction":[{"@type":"ReadAction","target":["https:\/\/ww16.ce.gov.br\/hsm\/hospital-dia-lugar-de-vida\/"]}]},{"@type":"BreadcrumbList","@id":"https:\/\/ww16.ce.gov.br\/hsm\/hospital-dia-lugar-de-vida\/#breadcrumb","itemListElement":[{"@type":"ListItem","position":1,"name":"In\u00edcio","item":"https:\/\/ww16.ce.gov.br\/hsm\/"},{"@type":"ListItem","position":2,"name":"Hospital Dia Lugar de Vida"}]},{"@type":"WebSite","@id":"https:\/\/ww16.ce.gov.br\/hsm\/#website","url":"https:\/\/ww16.ce.gov.br\/hsm\/","name":"HSM","description":"Portal HSM","potentialAction":[{"@type":"SearchAction","target":{"@type":"EntryPoint","urlTemplate":"https:\/\/ww16.ce.gov.br\/hsm\/?s={search_term_string}"},"query-input":{"@type":"PropertyValueSpecification","valueRequired":true,"valueName":"search_term_string"}}],"inLanguage":"pt-BR"}]}},"_links":{"self":[{"href":"https:\/\/www.ce.gov.br\/hsm\/wp-json\/wp\/v2\/pages\/1060","targetHints":{"allow":["GET"]}}],"collection":[{"href":"https:\/\/www.ce.gov.br\/hsm\/wp-json\/wp\/v2\/pages"}],"about":[{"href":"https:\/\/www.ce.gov.br\/hsm\/wp-json\/wp\/v2\/types\/page"}],"author":[{"embeddable":true,"href":"https:\/\/www.ce.gov.br\/hsm\/wp-json\/wp\/v2\/users\/498"}],"replies":[{"embeddable":true,"href":"https:\/\/www.ce.gov.br\/hsm\/wp-json\/wp\/v2\/comments?post=1060"}],"version-history":[{"count":2,"href":"https:\/\/www.ce.gov.br\/hsm\/wp-json\/wp\/v2\/pages\/1060\/revisions"}],"predecessor-version":[{"id":1253,"href":"https:\/\/www.ce.gov.br\/hsm\/wp-json\/wp\/v2\/pages\/1060\/revisions\/1253"}],"wp:attachment":[{"href":"https:\/\/www.ce.gov.br\/hsm\/wp-json\/wp\/v2\/media?parent=1060"}],"curies":[{"name":"wp","href":"https:\/\/api.w.org\/{rel}","templated":true}]}}