{"id":1213,"date":"2021-10-22T08:02:04","date_gmt":"2021-10-22T11:02:04","guid":{"rendered":"http:\/\/www.hsmm.ce.gov.br\/?page_id=1213"},"modified":"2021-10-22T09:19:18","modified_gmt":"2021-10-22T12:19:18","slug":"plantao-psicologico-hsm","status":"publish","type":"page","link":"https:\/\/www.ce.gov.br\/hsm\/plantao-psicologico-hsm\/","title":{"rendered":"Plant\u00e3o Psicol\u00f3gico HSM"},"content":{"rendered":"<p>&nbsp;<\/p>\n<p style=\"text-align: justify\">\u00c9 um servi\u00e7o emergencial da Psicologia, pautado na perspectiva da Psicoterapia Breve Focal, cuja caracter\u00edstica principal \u00e9 a escuta terap\u00eautica voltada para a dor emocional mais emergente. O objetivo \u00e9 ajudar o paciente\/cliente a entender e administrar quest\u00f5es psicol\u00f3gicas emergenciais. O n\u00famero de sess\u00f5es \u00e9 reduzido, justamente pelo fato de haver um foco maior e varia entre tr\u00eas a quatro sess\u00f5es. Ao final desse breve processo, a demanda \u00e9 novamente avaliada e pode ser sanada ou estabilizada. Desse modo, ainda havendo necessidade de cuidados o cliente \u00e9 encaminhado para o servi\u00e7o de psicoterapia. Este servi\u00e7o \u00e9 vinculado ao setor de emerg\u00eancia do HSM e funciona de segunda (tarde) e ter\u00e7a a sexta, nos turnos manh\u00e3 e tarde.<\/p>\n","protected":false},"excerpt":{"rendered":"<p>&nbsp; \u00c9 um servi\u00e7o emergencial da Psicologia, pautado na perspectiva da Psicoterapia Breve Focal, cuja caracter\u00edstica principal \u00e9 a escuta terap\u00eautica voltada para a dor emocional mais emergente. O objetivo \u00e9 ajudar o paciente\/cliente a entender e administrar quest\u00f5es psicol\u00f3gicas emergenciais. O n\u00famero de sess\u00f5es \u00e9 reduzido, justamente pelo fato de haver um foco maior [&hellip;]<\/p>\n","protected":false},"author":498,"featured_media":0,"parent":0,"menu_order":0,"comment_status":"closed","ping_status":"closed","template":"","meta":{"_acf_changed":false,"inline_featured_image":false,"footnotes":""},"class_list":["post-1213","page","type-page","status-publish","hentry"],"acf":[],"yoast_head":"<!-- This site is optimized with the Yoast SEO plugin v27.3 - https:\/\/yoast.com\/product\/yoast-seo-wordpress\/ -->\n<title>Plant\u00e3o Psicol\u00f3gico HSM - HSM<\/title>\n<meta name=\"robots\" content=\"index, follow, max-snippet:-1, max-image-preview:large, max-video-preview:-1\" \/>\n<link rel=\"canonical\" href=\"https:\/\/ww16.ce.gov.br\/hsm\/plantao-psicologico-hsm\/\" \/>\n<meta property=\"og:locale\" content=\"pt_BR\" \/>\n<meta property=\"og:type\" content=\"article\" \/>\n<meta property=\"og:title\" content=\"Plant\u00e3o Psicol\u00f3gico HSM - HSM\" \/>\n<meta property=\"og:description\" content=\"&nbsp; \u00c9 um servi\u00e7o emergencial da Psicologia, pautado na perspectiva da Psicoterapia Breve Focal, cuja caracter\u00edstica principal \u00e9 a escuta terap\u00eautica voltada para a dor emocional mais emergente. O objetivo \u00e9 ajudar o paciente\/cliente a entender e administrar quest\u00f5es psicol\u00f3gicas emergenciais. O n\u00famero de sess\u00f5es \u00e9 reduzido, justamente pelo fato de haver um foco maior [&hellip;]\" \/>\n<meta property=\"og:url\" content=\"https:\/\/ww16.ce.gov.br\/hsm\/plantao-psicologico-hsm\/\" \/>\n<meta property=\"og:site_name\" content=\"HSM\" \/>\n<meta property=\"article:modified_time\" content=\"2021-10-22T12:19:18+00:00\" \/>\n<meta name=\"twitter:card\" content=\"summary_large_image\" \/>\n<meta name=\"twitter:label1\" content=\"Est. reading time\" \/>\n\t<meta name=\"twitter:data1\" content=\"1 minuto\" \/>\n<script type=\"application\/ld+json\" class=\"yoast-schema-graph\">{\"@context\":\"https:\\\/\\\/schema.org\",\"@graph\":[{\"@type\":\"WebPage\",\"@id\":\"https:\\\/\\\/ww16.ce.gov.br\\\/hsm\\\/plantao-psicologico-hsm\\\/\",\"url\":\"https:\\\/\\\/ww16.ce.gov.br\\\/hsm\\\/plantao-psicologico-hsm\\\/\",\"name\":\"Plant\u00e3o Psicol\u00f3gico HSM - HSM\",\"isPartOf\":{\"@id\":\"https:\\\/\\\/ww16.ce.gov.br\\\/hsm\\\/#website\"},\"datePublished\":\"2021-10-22T11:02:04+00:00\",\"dateModified\":\"2021-10-22T12:19:18+00:00\",\"breadcrumb\":{\"@id\":\"https:\\\/\\\/ww16.ce.gov.br\\\/hsm\\\/plantao-psicologico-hsm\\\/#breadcrumb\"},\"inLanguage\":\"pt-BR\",\"potentialAction\":[{\"@type\":\"ReadAction\",\"target\":[\"https:\\\/\\\/ww16.ce.gov.br\\\/hsm\\\/plantao-psicologico-hsm\\\/\"]}]},{\"@type\":\"BreadcrumbList\",\"@id\":\"https:\\\/\\\/ww16.ce.gov.br\\\/hsm\\\/plantao-psicologico-hsm\\\/#breadcrumb\",\"itemListElement\":[{\"@type\":\"ListItem\",\"position\":1,\"name\":\"In\u00edcio\",\"item\":\"https:\\\/\\\/ww16.ce.gov.br\\\/hsm\\\/\"},{\"@type\":\"ListItem\",\"position\":2,\"name\":\"Plant\u00e3o Psicol\u00f3gico HSM\"}]},{\"@type\":\"WebSite\",\"@id\":\"https:\\\/\\\/ww16.ce.gov.br\\\/hsm\\\/#website\",\"url\":\"https:\\\/\\\/ww16.ce.gov.br\\\/hsm\\\/\",\"name\":\"HSM\",\"description\":\"Portal HSM\",\"potentialAction\":[{\"@type\":\"SearchAction\",\"target\":{\"@type\":\"EntryPoint\",\"urlTemplate\":\"https:\\\/\\\/ww16.ce.gov.br\\\/hsm\\\/?s={search_term_string}\"},\"query-input\":{\"@type\":\"PropertyValueSpecification\",\"valueRequired\":true,\"valueName\":\"search_term_string\"}}],\"inLanguage\":\"pt-BR\"}]}<\/script>\n<!-- \/ Yoast SEO plugin. -->","yoast_head_json":{"title":"Plant\u00e3o Psicol\u00f3gico HSM - HSM","robots":{"index":"index","follow":"follow","max-snippet":"max-snippet:-1","max-image-preview":"max-image-preview:large","max-video-preview":"max-video-preview:-1"},"canonical":"https:\/\/ww16.ce.gov.br\/hsm\/plantao-psicologico-hsm\/","og_locale":"pt_BR","og_type":"article","og_title":"Plant\u00e3o Psicol\u00f3gico HSM - HSM","og_description":"&nbsp; \u00c9 um servi\u00e7o emergencial da Psicologia, pautado na perspectiva da Psicoterapia Breve Focal, cuja caracter\u00edstica principal \u00e9 a escuta terap\u00eautica voltada para a dor emocional mais emergente. O objetivo \u00e9 ajudar o paciente\/cliente a entender e administrar quest\u00f5es psicol\u00f3gicas emergenciais. O n\u00famero de sess\u00f5es \u00e9 reduzido, justamente pelo fato de haver um foco maior [&hellip;]","og_url":"https:\/\/ww16.ce.gov.br\/hsm\/plantao-psicologico-hsm\/","og_site_name":"HSM","article_modified_time":"2021-10-22T12:19:18+00:00","twitter_card":"summary_large_image","twitter_misc":{"Est. reading time":"1 minuto"},"schema":{"@context":"https:\/\/schema.org","@graph":[{"@type":"WebPage","@id":"https:\/\/ww16.ce.gov.br\/hsm\/plantao-psicologico-hsm\/","url":"https:\/\/ww16.ce.gov.br\/hsm\/plantao-psicologico-hsm\/","name":"Plant\u00e3o Psicol\u00f3gico HSM - HSM","isPartOf":{"@id":"https:\/\/ww16.ce.gov.br\/hsm\/#website"},"datePublished":"2021-10-22T11:02:04+00:00","dateModified":"2021-10-22T12:19:18+00:00","breadcrumb":{"@id":"https:\/\/ww16.ce.gov.br\/hsm\/plantao-psicologico-hsm\/#breadcrumb"},"inLanguage":"pt-BR","potentialAction":[{"@type":"ReadAction","target":["https:\/\/ww16.ce.gov.br\/hsm\/plantao-psicologico-hsm\/"]}]},{"@type":"BreadcrumbList","@id":"https:\/\/ww16.ce.gov.br\/hsm\/plantao-psicologico-hsm\/#breadcrumb","itemListElement":[{"@type":"ListItem","position":1,"name":"In\u00edcio","item":"https:\/\/ww16.ce.gov.br\/hsm\/"},{"@type":"ListItem","position":2,"name":"Plant\u00e3o Psicol\u00f3gico HSM"}]},{"@type":"WebSite","@id":"https:\/\/ww16.ce.gov.br\/hsm\/#website","url":"https:\/\/ww16.ce.gov.br\/hsm\/","name":"HSM","description":"Portal HSM","potentialAction":[{"@type":"SearchAction","target":{"@type":"EntryPoint","urlTemplate":"https:\/\/ww16.ce.gov.br\/hsm\/?s={search_term_string}"},"query-input":{"@type":"PropertyValueSpecification","valueRequired":true,"valueName":"search_term_string"}}],"inLanguage":"pt-BR"}]}},"_links":{"self":[{"href":"https:\/\/www.ce.gov.br\/hsm\/wp-json\/wp\/v2\/pages\/1213","targetHints":{"allow":["GET"]}}],"collection":[{"href":"https:\/\/www.ce.gov.br\/hsm\/wp-json\/wp\/v2\/pages"}],"about":[{"href":"https:\/\/www.ce.gov.br\/hsm\/wp-json\/wp\/v2\/types\/page"}],"author":[{"embeddable":true,"href":"https:\/\/www.ce.gov.br\/hsm\/wp-json\/wp\/v2\/users\/498"}],"replies":[{"embeddable":true,"href":"https:\/\/www.ce.gov.br\/hsm\/wp-json\/wp\/v2\/comments?post=1213"}],"version-history":[{"count":4,"href":"https:\/\/www.ce.gov.br\/hsm\/wp-json\/wp\/v2\/pages\/1213\/revisions"}],"predecessor-version":[{"id":1255,"href":"https:\/\/www.ce.gov.br\/hsm\/wp-json\/wp\/v2\/pages\/1213\/revisions\/1255"}],"wp:attachment":[{"href":"https:\/\/www.ce.gov.br\/hsm\/wp-json\/wp\/v2\/media?parent=1213"}],"curies":[{"name":"wp","href":"https:\/\/api.w.org\/{rel}","templated":true}]}}