{"id":69726,"date":"2021-02-26T16:49:56","date_gmt":"2021-02-26T19:49:56","guid":{"rendered":"http:\/\/ww16.ce.gov.br\/pefoce\/?page_id=69726"},"modified":"2025-04-15T08:37:41","modified_gmt":"2025-04-15T11:37:41","slug":"coordenadorias-e-assessorias","status":"publish","type":"page","link":"https:\/\/www.ce.gov.br\/pefoce\/institucional\/quem-e-quem\/coordenadorias-e-assessorias\/","title":{"rendered":"Coordenadorias e Assessorias"},"content":{"rendered":"\n    <h3 class=\"titulo personalizado\">Contatos<\/h3>\n\n<div class=\"SistemasExternos\">\r\n<table>\r\n <thead>\r\n  <tr>\r\n     <th width=\"60%\">Gabinete<\/th>\r\n     <th width=\"20%\">Respons\u00e1veis<\/th>\r\n     <th width=\"10%\">E-mail<\/th>\r\n     <th width=\"10%\">Telefones<\/th>\r\n  <\/tr>\r\n <\/thead>\r\n <tbody>\r\n    <!-- sistema inicio GABINETE DO PERITO-GERAL-->\r\n      <tr>\r\n        <td class=\"laranja\">\r\n          <span>PERITO-GERAL<\/span>  \r\n               \r\n        <\/td>\r\n        <td>\r\n          <div>J\u00falio C\u00e9sar Nogueira Torres<\/div>           \r\n        <\/td>\r\n        <td>\r\n          <div>julio.cesar@pefoce.ce.gov.br <\/div>\r\n        <\/td>\r\n        <td>\r\n          <div> (85) 3101.4852 <\/div>\r\n        <\/td>\r\n      <\/tr>\r\n    <!-- sistema final GABINETE DO PERITO-GERAL -->   \r\n\r\n    <!-- sistema inicio GABINETE DO PERITO-GERAL ADJUNTO-->\r\n      <tr>\r\n        <td class=\"laranja\">\r\n          <span>PERITO-GERAL ADJUNTO<\/span>         \r\n        <\/td>\r\n        <td> \r\n          <div>\u00c1tila Einstein de Oliveira<\/div>\r\n        <\/td>\r\n        <td>\r\n          <div>atila.einstein@pefoce.ce.gov.br<\/div>\r\n        <\/td>\r\n        <td>\r\n          <div> (85) 3101.8851 <\/div>\r\n        <\/td>\r\n      <\/tr>\r\n    <!-- sistema final GABINETE DO PERITO-GERAL ADJUNTO-->\r\n\r\n<!-- sistema inicio GABINETE DO DIRETOR DE PLANEJAMENTO E GEST\u00c3O INTERNA-->\r\n      <tr>\r\n        <td class=\"laranja\">\r\n          <span>DIRETORA DE PLANEJAMENTO E GEST\u00c3O INTERNA<\/span>         \r\n        <\/td>\r\n        <td> \r\n          <div>Manuela Chaves Loureiro C\u00e2ndido<\/div>\r\n        <\/td>\r\n        <td>\r\n          <div> manuela.candido@pefoce.ce.gov.br<\/div>\r\n        <\/td>\r\n        <td>\r\n          <div> (85) 3101.4856 <\/div>\r\n        <\/td>\r\n      <\/tr>\r\n    <!-- sistema final GABINETE DO DIRETOR DE PLANEJAMENTO E GEST\u00c3O INTERNA-->\r\n   \r\n     <!-- assessorias-->\r\n\r\n<div class=\"SistemasExternos\">\r\n<table>\r\n <thead>\r\n  <tr>\r\n     <th width=\"60%\">Assessorias<\/th>\r\n     <th width=\"20%\">Assessores<\/th>\r\n     <th width=\"10%\">E-mail<\/th>\r\n     <th width=\"10%\">Telefones<\/th>\r\n  <\/tr>\r\n <\/thead>\r\n <tbody>\r\n   <!-- sistema inicio ASSESSORIA JUR\u00cdDICA-->\r\n      <tr>\r\n        <td class=\"laranja\">\r\n          <span>ASSESSORIA JUR\u00cdDICA<\/span>         \r\n        <\/td>\r\n        <td> \r\n          <div>Nilton Madeiro Fa\u00e7anha<\/div>\r\n        <\/td>\r\n        <td>\r\n          <div>nilton.facanha@pefoce.ce.gov.br<\/div>\r\n        <\/td>\r\n        <td>\r\n          <div> (85) 3101.5056 <\/div>\r\n        <\/td>\r\n      <\/tr>\r\n    <!-- sistema final ASSESSORIA JUR\u00cdDICA-->\r\n\r\n    <!-- sistema inicio ASSESSORIA DE CONTROLE INTERNO E OUVIDORIA-->\r\n      <tr>\r\n        <td class=\"laranja\">\r\n          <span>ASSESSORIA DE CONTROLE INTERNO E OUVIDORIA<\/span>         \r\n        <\/td>\r\n        <td> \r\n          <div> Marjory Mara Rodrigues Oliveira Bezerra<\/div>\r\n        <\/td>\r\n        <td>\r\n          <div>  ascoi@pefoce.ce.gov.br <\/div> \r\n        <\/td>\r\n        <td>\r\n          <div> (85)3101-8809 <\/div>\r\n        <\/td>\r\n      <\/tr>\r\n    <!-- sistema final ASSESSORIA DE CONTROLE INTERNO E OUVIDORIA-->\r\n   \r\n <!-- sistema inicio ASSESSORIA DE COMUNICA\u00c7\u00c3O-->\r\n      <tr>\r\n        <td class=\"laranja\">\r\n          <span>ASSESSORIA DE COMUNICA\u00c7\u00c3O<\/span>          \r\n        <\/td>\r\n        <td>\r\n          <div> Elis Fran\u00e7a <\/div>\r\n        <\/td>\r\n        <td>\r\n          <div> ascompefoce@gmail.com <\/div>\r\n        <\/td>\r\n        <td>\r\n          <div> (85)98620.6402 <\/div>          \r\n        <\/td>\r\n      <\/tr>\r\n    <!-- sistema final ASSESSORIA DE COMUNICA\u00c7\u00c3O -->\r\n\r\n <!-- sistema inicio ASSESSORIA DE PSICOLOGIA E ASSIST\u00caNCIA SOCIAL-->\r\n      <tr>\r\n        <td class=\"laranja\">\r\n          <span>ASSESSORIA DE PSICOLOGIA E ASSIST\u00caNCIA SOCIAL<\/span>          \r\n        <\/td>\r\n        <td>\r\n          <div>Anna Joyce D`\u00c1vila Di Ciero<\/div>\r\n        <\/td>\r\n        <td>\r\n          <div> psicologia@pefoce.ce.gov.br <\/div>\r\n        <\/td>\r\n        <td>\r\n          <div> (85) 981230102<\/div>          \r\n        <\/td>\r\n      <\/tr>\r\n    <!-- sistema final ASSESSORIA DE PSICOLOGIA E ASSIST\u00caNCIA SOCIAL-->\r\n      \r\n   \r\n  <\/tbody>\r\n<\/table>\r\n<\/div>\r\n\r\n    <!-- COORDENADORIAS-->\r\n\r\n<div class=\"SistemasExternos\">\r\n<table>\r\n <thead>\r\n  <tr>\r\n     <th width=\"60%\">COORDENADORIAS<\/th>\r\n     <th width=\"20%\">COORDENADOR(a)<\/th>\r\n     <th width=\"10%\">E-mail<\/th>\r\n     <th width=\"10%\">Telefones<\/th>\r\n  <\/tr>\r\n <\/thead>\r\n <tbody>\r\n   <!-- sistema inicio COORDENADORIA DE MEDICINA LEGAL-->\r\n      <tr>\r\n        <td class=\"laranja\">\r\n          <span>COORDENADORIA DE MEDICINA LEGAL<\/span>          \r\n        <\/td>\r\n        <td>\r\n          <div> Ana Leopoldina Nogueira Rocha <\/div>\r\n        <\/td>\r\n        <td>\r\n          <div> ana.leopoldina@pefoce.ce.gov.br  <\/div>\r\n        <\/td>\r\n        <td>\r\n          <div> (85) 3101.5049 <\/div>          \r\n        <\/td>\r\n      <\/tr>\r\n    <!-- sistema final COORDENADORIA DE MEDICINA LEGAL --> \r\n\r\n    <!-- sistema inicio COORDENADORIA DE PER\u00cdCIA CRIMINAL-->\r\n      <tr>\r\n        <td class=\"laranja\">\r\n          <span>COORDENADORIA DE PER\u00cdCIA CRIMINAL<\/span>          \r\n        <\/td>\r\n        <td>\r\n          <div> Douglas Duque <\/div>\r\n        <\/td>\r\n        <td>\r\n          <div>  douglas.duque@pefoce.ce.gov.br <\/div>\r\n        <\/td>\r\n        <td>\r\n          <div>  <\/div>          \r\n        <\/td>\r\n      <\/tr>\r\n    <!-- sistema final COORDENADORIA DE PER\u00cdCIA CRIMINAL --> \r\n     \r\n    <!-- sistema inicio COORDENADORIA DE IDENTIFICA\u00c7\u00c3O HUMANA E PER\u00cdCIA BIOM\u00c9TRICA-->\r\n      <tr>\r\n        <td class=\"laranja\">\r\n          <span>COORDENADORIA DE IDENTIFICA\u00c7\u00c3O HUMANA E PER\u00cdCIA BIOM\u00c9TRICA<\/span>          \r\n        <\/td>\r\n        <td>\r\n          <div> Ricardo Filgueiras Rocha <\/div>\r\n        <\/td>\r\n        <td>\r\n          <div> ricardo.filgueiras@pefoce.ce.gov.br <\/div>\r\n        <\/td>\r\n        <td>\r\n          <div> (85) 3101.2247 <\/div>          \r\n        <\/td>\r\n      <\/tr>\r\n    <!-- sistema final COORDENADORIA DE IDENTIFICA\u00c7\u00c3O HUMANA E PER\u00cdCIA BIOM\u00c9TRICA --> \r\n    \r\n    \r\n  <!-- sistema inicio COORDENADORIA DE AN\u00c1LISES LABORATORIAIS FORENSES-->\r\n      <tr>\r\n        <td class=\"laranja\">\r\n          <span>COORDENADORIA DE AN\u00c1LISES LABORATORIAIS FORENSES<\/span>          \r\n        <\/td>\r\n        <td>\r\n          <div> Samyra Maria Vieira Brasil Rocha <\/div>\r\n        <\/td>\r\n        <td>\r\n          <div> samyra.brasil@pefoce.ce.gov.br <\/div>\r\n        <\/td>\r\n        <td>\r\n          <div> (85) 3101.5054 <\/div>          \r\n        <\/td>\r\n      <\/tr>\r\n    <!-- sistema final COORDENADORIA DE AN\u00c1LISES LABORATORIAIS FORENSES -->\r\n \r\n\r\n<!-- sistema inicio COORDENADORIA DE CUST\u00d3DIA E VEST\u00cdGIOS FORENSES -->\r\n      <tr>\r\n        <td class=\"laranja\">\r\n          <span> COORDENADORIA DE CUST\u00d3DIA E VEST\u00cdGIOS FORENSES <\/span>          \r\n        <\/td>\r\n        <td>\r\n          <div> Andr\u00e9a Lu\u00edza Saboya <\/div>\r\n        <\/td>\r\n        <td>\r\n          <div> andrea.saboya@pefoce.ce.gov.br<\/div>\r\n        <\/td>\r\n        <td>\r\n          <div> <\/div>          \r\n        <\/td>\r\n      <\/tr>\r\n    <!-- sistema final COORDENADORIA DE CUST\u00d3DIA E VEST\u00cdGIOS FORENSES -->\r\n\r\n    <!-- sistema inicio COORDENADORIA DE PER\u00cdCIA FORENSE DA REGI\u00c3O SUL -->\r\n      <tr>\r\n        <td class=\"laranja\">\r\n          <span> COORDENADORIA DE PER\u00cdCIA FORENSE DA REGI\u00c3O SUL <\/span>          \r\n        <\/td>\r\n        <td>\r\n          <div> Allan Cavalcante Belo <\/div>\r\n        <\/td>\r\n        <td>\r\n          <div> allan.belo@pefoce.ce.gov.br<\/div>\r\n        <\/td>\r\n        <td>\r\n          <div> (85)  3571-7018 <\/div>          \r\n        <\/td>\r\n      <\/tr>\r\n    <!-- sistema final COORDENADORIA DE PER\u00cdCIA FORENSE DA REGI\u00c3O SUL -->\r\n\r\n    <!-- sistema inicio COORDENADORIA DE PER\u00cdCIA FORENSE DA REGI\u00c3O NORTE-->\r\n      <tr>\r\n        <td class=\"laranja\">\r\n          <span> COORDENADORIA DE PER\u00cdCIA FORENSE DA REGI\u00c3O NORTE <\/span>          \r\n        <\/td>\r\n        <td>\r\n          <div> Jo\u00e3o Sabino de Oliveira Neto <\/div>\r\n        <\/td>\r\n        <td>\r\n          <div> joao.sabino@pefoce.ce.gov.br<\/div>\r\n        <\/td>\r\n        <td>\r\n          <div> (88)  994111720 <\/div>          \r\n        <\/td>\r\n      <\/tr>\r\n    <!-- sistema final COORDENADORIA DE PER\u00cdCIA FORENSE DA REGI\u00c3O NORTE -->\r\n\r\n    <!-- sistema inicio COORDENADORIA DE PER\u00cdCIA FORENSE DA REGI\u00c3O CENTRAL-->\r\n      <tr>\r\n        <td class=\"laranja\">\r\n          <span> COORDENADORIA DE PER\u00cdCIA FORENSE DA REGI\u00c3O CENTRAL <\/span>          \r\n        <\/td>\r\n        <td>\r\n          <div> Raimundo Alves Bezerra <\/div>\r\n        <\/td>\r\n        <td>\r\n          <div> raimundo.bezerra@pefoce.ce.gov.br<\/div>\r\n        <\/td>\r\n        <td>\r\n          <div> (88) 997284044 <\/div>          \r\n        <\/td>\r\n      <\/tr>\r\n    <!-- sistema final COORDENADORIA DE PER\u00cdCIA FORENSE DA REGI\u00c3O NORTE -->\r\n\r\n    <!-- sistema inicio COORDENADORIA DE GERENCIAMENTO DE DADOS E SEGURAN\u00c7A DA INFORMA\u00c7\u00c3O-->\r\n      <tr>\r\n        <td class=\"laranja\">\r\n          <span>COORDENADORIA DE GERENCIAMENTO DE DADOS E SEGURAN\u00c7A DA INFORMA\u00c7\u00c3O<\/span>          \r\n        <\/td>\r\n        <td>\r\n          <div> Ravi Veloso Barreira <\/div>\r\n        <\/td>\r\n        <td>\r\n          <div> ravi.barreira@pefoce.ce.gov.br <\/div>\r\n        <\/td>\r\n        <td>\r\n          <div>  <\/div>          \r\n        <\/td>\r\n      <\/tr>\r\n    <!-- sistema final COORDENADORIA DE GERENCIAMENTO DE DADOS E SEGURAN\u00c7A DA INFORMA\u00c7\u00c3O--> \r\n\r\n   <!-- sistema inicio COORDENADORIA DE DESENVOLVIMENTO INSTITUCIONAL E PLANEJAMENTO -->\r\n      <tr>\r\n        <td class=\"laranja\">\r\n          <span>COORDENADORIA DE DESENVOLVIMENTO INSTITUCIONAL E PLANEJAMENTO<\/span>          \r\n        <\/td>\r\n        <td>\r\n          <div> Mayane Emanuela Melo Lopes Martins <\/div>\r\n        <\/td>\r\n        <td>\r\n          <div> mayane.emanuela@pefoce.ce.gov.br <\/div>\r\n        <\/td>\r\n        <td>\r\n          <div>  <\/div>          \r\n        <\/td>\r\n      <\/tr>\r\n    <!-- sistema final COORDENADORIA DE DESENVOLVIMENTO INSTITUCIONAL E PLANEJAMENTO --> \r\n    \r\n    <!-- sistema inicio COORDENADORIA ADMINISTRATIVO-FINANCEIRO-->\r\n      <tr>\r\n        <td class=\"laranja\">\r\n          <span> COORDENADORIA ADMINISTRATIVO-FINANCEIRA<\/span>          \r\n        <\/td>\r\n        <td>\r\n          <div> L\u00edvio C\u00e9sar Feitosa Barbosa <\/div>\r\n        <\/td>\r\n        <td>\r\n          <div> livio.feitosa@pefoce.ce.gov.br <\/div>\r\n        <\/td>\r\n        <td>\r\n          <div> (85) 3101.5050 <\/div>          \r\n        <\/td>\r\n      <\/tr>\r\n    <!-- sistema final COORDENADORIA ADMINISTRATIVO-FINANCEIRA -->   \r\n    \r\n    <!-- sistema inicio COORDENADORIA DE TECNOLOGIA E INFORMA\u00c7\u00c3O-->\r\n      <tr>\r\n        <td class=\"laranja\">\r\n          <span>COORDENADORIA DE TECNOLOGIA E INFORMA\u00c7\u00c3O<\/span>          \r\n        <\/td>\r\n        <td>\r\n          <div> \u00canio Rodrigues Viana  <\/div>\r\n        <\/td>\r\n        <td>\r\n          <div> enio.viana@pefoce.ce.gov.br <\/div>\r\n        <\/td>\r\n        <td>\r\n          <div> (85) 985633187<\/div>          \r\n        <\/td>\r\n      <\/tr>\r\n    <!-- sistema final COORDENADORIA DE TECNOLOGIA E INFORMA\u00c7\u00c3O --> \r\n\r\n    <!-- sistema inicio COORDENADORIA DE INTELIG\u00caNCIA PERICIAL-->\r\n      <tr>\r\n        <td class=\"laranja\">\r\n          <span>COORDENADORIA DE INTELIG\u00caNCIA PERICIAL<\/span>          \r\n        <\/td>\r\n        <td>\r\n          <div> <\/div>\r\n        <\/td>\r\n        <td>\r\n          <div> <\/div>\r\n        <\/td>\r\n        <td>\r\n          <div>  <\/div>          \r\n        <\/td>\r\n      <\/tr>\r\n    <!-- sistema final COORDENADORIA DE INTELIG\u00caNCIA PERICIAL--> \r\n\r\n \r\n\r\n\r\n\r\n  <\/tbody>\r\n<\/table>\r\n<\/div>\r\n    \r\n    \n","protected":false},"excerpt":{"rendered":"","protected":false},"author":38,"featured_media":0,"parent":71,"menu_order":0,"comment_status":"closed","ping_status":"closed","template":"","meta":{"_acf_changed":false,"inline_featured_image":false,"footnotes":""},"class_list":["post-69726","page","type-page","status-publish","hentry"],"acf":[],"yoast_head":"<!-- This site is optimized with the Yoast SEO plugin v27.3 - https:\/\/yoast.com\/product\/yoast-seo-wordpress\/ -->\n<title>Coordenadorias e Assessorias - PEFOCE<\/title>\n<meta name=\"robots\" content=\"index, follow, max-snippet:-1, max-image-preview:large, max-video-preview:-1\" \/>\n<link rel=\"canonical\" href=\"https:\/\/ww16.ce.gov.br\/pefoce\/institucional\/quem-e-quem\/coordenadorias-e-assessorias\/\" \/>\n<meta property=\"og:locale\" content=\"pt_BR\" \/>\n<meta property=\"og:type\" content=\"article\" \/>\n<meta property=\"og:title\" content=\"Coordenadorias e Assessorias - PEFOCE\" \/>\n<meta property=\"og:url\" content=\"https:\/\/ww16.ce.gov.br\/pefoce\/institucional\/quem-e-quem\/coordenadorias-e-assessorias\/\" \/>\n<meta property=\"og:site_name\" content=\"PEFOCE\" \/>\n<meta property=\"article:modified_time\" content=\"2025-04-15T11:37:41+00:00\" \/>\n<meta name=\"twitter:card\" content=\"summary_large_image\" \/>\n<meta name=\"twitter:label1\" content=\"Est. reading time\" \/>\n\t<meta name=\"twitter:data1\" content=\"1 minuto\" \/>\n<script type=\"application\/ld+json\" class=\"yoast-schema-graph\">{\"@context\":\"https:\\\/\\\/schema.org\",\"@graph\":[{\"@type\":\"WebPage\",\"@id\":\"https:\\\/\\\/ww16.ce.gov.br\\\/pefoce\\\/institucional\\\/quem-e-quem\\\/coordenadorias-e-assessorias\\\/\",\"url\":\"https:\\\/\\\/ww16.ce.gov.br\\\/pefoce\\\/institucional\\\/quem-e-quem\\\/coordenadorias-e-assessorias\\\/\",\"name\":\"Coordenadorias e Assessorias - PEFOCE\",\"isPartOf\":{\"@id\":\"https:\\\/\\\/ww16.ce.gov.br\\\/pefoce\\\/#website\"},\"datePublished\":\"2021-02-26T19:49:56+00:00\",\"dateModified\":\"2025-04-15T11:37:41+00:00\",\"breadcrumb\":{\"@id\":\"https:\\\/\\\/ww16.ce.gov.br\\\/pefoce\\\/institucional\\\/quem-e-quem\\\/coordenadorias-e-assessorias\\\/#breadcrumb\"},\"inLanguage\":\"pt-BR\",\"potentialAction\":[{\"@type\":\"ReadAction\",\"target\":[\"https:\\\/\\\/ww16.ce.gov.br\\\/pefoce\\\/institucional\\\/quem-e-quem\\\/coordenadorias-e-assessorias\\\/\"]}]},{\"@type\":\"BreadcrumbList\",\"@id\":\"https:\\\/\\\/ww16.ce.gov.br\\\/pefoce\\\/institucional\\\/quem-e-quem\\\/coordenadorias-e-assessorias\\\/#breadcrumb\",\"itemListElement\":[{\"@type\":\"ListItem\",\"position\":1,\"name\":\"In\u00edcio\",\"item\":\"https:\\\/\\\/ww16.ce.gov.br\\\/pefoce\\\/\"},{\"@type\":\"ListItem\",\"position\":2,\"name\":\"Institucional\",\"item\":\"https:\\\/\\\/ww16.ce.gov.br\\\/pefoce\\\/institucional\\\/\"},{\"@type\":\"ListItem\",\"position\":3,\"name\":\"Quem \u00e9 quem\",\"item\":\"https:\\\/\\\/ww16.ce.gov.br\\\/pefoce\\\/institucional\\\/quem-e-quem\\\/\"},{\"@type\":\"ListItem\",\"position\":4,\"name\":\"Coordenadorias e Assessorias\"}]},{\"@type\":\"WebSite\",\"@id\":\"https:\\\/\\\/ww16.ce.gov.br\\\/pefoce\\\/#website\",\"url\":\"https:\\\/\\\/ww16.ce.gov.br\\\/pefoce\\\/\",\"name\":\"Per\u00edcia Forense\",\"description\":\"Portal PEFOCE\",\"publisher\":{\"@id\":\"https:\\\/\\\/ww16.ce.gov.br\\\/pefoce\\\/#organization\"},\"potentialAction\":[{\"@type\":\"SearchAction\",\"target\":{\"@type\":\"EntryPoint\",\"urlTemplate\":\"https:\\\/\\\/ww16.ce.gov.br\\\/pefoce\\\/?s={search_term_string}\"},\"query-input\":{\"@type\":\"PropertyValueSpecification\",\"valueRequired\":true,\"valueName\":\"search_term_string\"}}],\"inLanguage\":\"pt-BR\"},{\"@type\":\"Organization\",\"@id\":\"https:\\\/\\\/ww16.ce.gov.br\\\/pefoce\\\/#organization\",\"name\":\"Per\u00edcia Forense\",\"url\":\"https:\\\/\\\/ww16.ce.gov.br\\\/pefoce\\\/\",\"logo\":{\"@type\":\"ImageObject\",\"inLanguage\":\"pt-BR\",\"@id\":\"https:\\\/\\\/ww16.ce.gov.br\\\/pefoce\\\/#\\\/schema\\\/logo\\\/image\\\/\",\"url\":\"http:\\\/\\\/ww16.ce.gov.br\\\/pefoce\\\/wp-content\\\/uploads\\\/sites\\\/28\\\/2018\\\/04\\\/pefoce-clara.png\",\"contentUrl\":\"http:\\\/\\\/ww16.ce.gov.br\\\/pefoce\\\/wp-content\\\/uploads\\\/sites\\\/28\\\/2018\\\/04\\\/pefoce-clara.png\",\"width\":559,\"height\":106,\"caption\":\"Per\u00edcia Forense\"},\"image\":{\"@id\":\"https:\\\/\\\/ww16.ce.gov.br\\\/pefoce\\\/#\\\/schema\\\/logo\\\/image\\\/\"}}]}<\/script>\n<!-- \/ Yoast SEO plugin. -->","yoast_head_json":{"title":"Coordenadorias e Assessorias - PEFOCE","robots":{"index":"index","follow":"follow","max-snippet":"max-snippet:-1","max-image-preview":"max-image-preview:large","max-video-preview":"max-video-preview:-1"},"canonical":"https:\/\/ww16.ce.gov.br\/pefoce\/institucional\/quem-e-quem\/coordenadorias-e-assessorias\/","og_locale":"pt_BR","og_type":"article","og_title":"Coordenadorias e Assessorias - PEFOCE","og_url":"https:\/\/ww16.ce.gov.br\/pefoce\/institucional\/quem-e-quem\/coordenadorias-e-assessorias\/","og_site_name":"PEFOCE","article_modified_time":"2025-04-15T11:37:41+00:00","twitter_card":"summary_large_image","twitter_misc":{"Est. reading time":"1 minuto"},"schema":{"@context":"https:\/\/schema.org","@graph":[{"@type":"WebPage","@id":"https:\/\/ww16.ce.gov.br\/pefoce\/institucional\/quem-e-quem\/coordenadorias-e-assessorias\/","url":"https:\/\/ww16.ce.gov.br\/pefoce\/institucional\/quem-e-quem\/coordenadorias-e-assessorias\/","name":"Coordenadorias e Assessorias - PEFOCE","isPartOf":{"@id":"https:\/\/ww16.ce.gov.br\/pefoce\/#website"},"datePublished":"2021-02-26T19:49:56+00:00","dateModified":"2025-04-15T11:37:41+00:00","breadcrumb":{"@id":"https:\/\/ww16.ce.gov.br\/pefoce\/institucional\/quem-e-quem\/coordenadorias-e-assessorias\/#breadcrumb"},"inLanguage":"pt-BR","potentialAction":[{"@type":"ReadAction","target":["https:\/\/ww16.ce.gov.br\/pefoce\/institucional\/quem-e-quem\/coordenadorias-e-assessorias\/"]}]},{"@type":"BreadcrumbList","@id":"https:\/\/ww16.ce.gov.br\/pefoce\/institucional\/quem-e-quem\/coordenadorias-e-assessorias\/#breadcrumb","itemListElement":[{"@type":"ListItem","position":1,"name":"In\u00edcio","item":"https:\/\/ww16.ce.gov.br\/pefoce\/"},{"@type":"ListItem","position":2,"name":"Institucional","item":"https:\/\/ww16.ce.gov.br\/pefoce\/institucional\/"},{"@type":"ListItem","position":3,"name":"Quem \u00e9 quem","item":"https:\/\/ww16.ce.gov.br\/pefoce\/institucional\/quem-e-quem\/"},{"@type":"ListItem","position":4,"name":"Coordenadorias e Assessorias"}]},{"@type":"WebSite","@id":"https:\/\/ww16.ce.gov.br\/pefoce\/#website","url":"https:\/\/ww16.ce.gov.br\/pefoce\/","name":"Per\u00edcia Forense","description":"Portal PEFOCE","publisher":{"@id":"https:\/\/ww16.ce.gov.br\/pefoce\/#organization"},"potentialAction":[{"@type":"SearchAction","target":{"@type":"EntryPoint","urlTemplate":"https:\/\/ww16.ce.gov.br\/pefoce\/?s={search_term_string}"},"query-input":{"@type":"PropertyValueSpecification","valueRequired":true,"valueName":"search_term_string"}}],"inLanguage":"pt-BR"},{"@type":"Organization","@id":"https:\/\/ww16.ce.gov.br\/pefoce\/#organization","name":"Per\u00edcia Forense","url":"https:\/\/ww16.ce.gov.br\/pefoce\/","logo":{"@type":"ImageObject","inLanguage":"pt-BR","@id":"https:\/\/ww16.ce.gov.br\/pefoce\/#\/schema\/logo\/image\/","url":"http:\/\/ww16.ce.gov.br\/pefoce\/wp-content\/uploads\/sites\/28\/2018\/04\/pefoce-clara.png","contentUrl":"http:\/\/ww16.ce.gov.br\/pefoce\/wp-content\/uploads\/sites\/28\/2018\/04\/pefoce-clara.png","width":559,"height":106,"caption":"Per\u00edcia Forense"},"image":{"@id":"https:\/\/ww16.ce.gov.br\/pefoce\/#\/schema\/logo\/image\/"}}]}},"_links":{"self":[{"href":"https:\/\/www.ce.gov.br\/pefoce\/wp-json\/wp\/v2\/pages\/69726","targetHints":{"allow":["GET"]}}],"collection":[{"href":"https:\/\/www.ce.gov.br\/pefoce\/wp-json\/wp\/v2\/pages"}],"about":[{"href":"https:\/\/www.ce.gov.br\/pefoce\/wp-json\/wp\/v2\/types\/page"}],"author":[{"embeddable":true,"href":"https:\/\/www.ce.gov.br\/pefoce\/wp-json\/wp\/v2\/users\/38"}],"replies":[{"embeddable":true,"href":"https:\/\/www.ce.gov.br\/pefoce\/wp-json\/wp\/v2\/comments?post=69726"}],"version-history":[{"count":3,"href":"https:\/\/www.ce.gov.br\/pefoce\/wp-json\/wp\/v2\/pages\/69726\/revisions"}],"predecessor-version":[{"id":74274,"href":"https:\/\/www.ce.gov.br\/pefoce\/wp-json\/wp\/v2\/pages\/69726\/revisions\/74274"}],"up":[{"embeddable":true,"href":"https:\/\/www.ce.gov.br\/pefoce\/wp-json\/wp\/v2\/pages\/71"}],"wp:attachment":[{"href":"https:\/\/www.ce.gov.br\/pefoce\/wp-json\/wp\/v2\/media?parent=69726"}],"curies":[{"name":"wp","href":"https:\/\/api.w.org\/{rel}","templated":true}]}}