{"id":136,"date":"2017-11-21T16:36:42","date_gmt":"2017-11-21T19:36:42","guid":{"rendered":"http:\/\/www.ceara.gov.br\/sejus\/?page_id=136"},"modified":"2025-02-19T11:17:11","modified_gmt":"2025-02-19T14:17:11","slug":"destaques","status":"publish","type":"page","link":"https:\/\/www.ce.gov.br\/sap\/imprensa-2\/destaques\/","title":{"rendered":"Destaques"},"content":{"rendered":"\n\n<div class=\"CardsDestaque  NoticiasDestaque\">\n    <h2 class=\"-SmallTitle  -bold\">Not\u00edcias em destaque<\/h2>\n                        <a class=\"CardNoticia\" href=\"https:\/\/www.ce.gov.br\/sap\/2024\/10\/23\/fortaleza-realiza-a-abertura-do-3o-encontro-nacional-de-educacao-de-jovens-e-adultos-em-situacao-de-prisao\/\">\n                <figure>\n                    <div class=\"borda\">\n                        <img decoding=\"async\" src=\"https:\/\/www.ce.gov.br\/sap\/wp-content\/uploads\/sites\/51\/2024\/10\/WhatsApp-Image-2024-10-23-at-08.59.36-170x230.jpeg\" class=\"attachment-destaque size-destaque\" alt=\"Fortaleza realiza a abertura do 3\u00ba Encontro Nacional de Educa\u00e7\u00e3o de Jovens e Adultos em Situa\u00e7\u00e3o de Pris\u00e3o\" \/>                    <\/div>\n                    <figcaption>\n                                                    <h3>23 de outubro de 2024 - 09:10<\/h3>\n                                                                            <p>Fortaleza realiza a abertura do 3\u00ba Encontro Nacional de Educa\u00e7\u00e3o de Jovens e Adultos em Situa\u00e7\u00e3o de Pris\u00e3o<\/p>\n                                            <\/figcaption>\n                <\/figure>\n            <\/a>\n                    <a class=\"CardNoticia\" href=\"https:\/\/www.ce.gov.br\/sap\/2024\/09\/21\/artesanato-de-internos-do-sistema-prisional-cearense-e-destaque-na-6a-feira-nacional-de-artesanato-e-cultura\/\">\n                <figure>\n                    <div class=\"borda\">\n                        <img decoding=\"async\" src=\"https:\/\/www.ce.gov.br\/sap\/wp-content\/uploads\/sites\/51\/2024\/09\/4e715329-de99-493d-ade5-c81ea99f8cc0-170x230.jpeg\" class=\"attachment-destaque size-destaque\" alt=\"Artesanato de internos do sistema prisional cearense \u00e9 destaque na 6\u00aa Feira Nacional de Artesanato e Cultura\" \/>                    <\/div>\n                    <figcaption>\n                                                    <h3>21 de setembro de 2024 - 12:09<\/h3>\n                                                                            <p>Artesanato de internos do sistema prisional cearense \u00e9 destaque na 6\u00aa Feira Nacional de Artesanato e Cultura<\/p>\n                                            <\/figcaption>\n                <\/figure>\n            <\/a>\n                    <a class=\"CardNoticia\" href=\"https:\/\/www.ce.gov.br\/sap\/2024\/09\/04\/sap-formaliza-a-instalacao-de-8-novas-empresas-que-vao-gerar-emprego-e-renda-para-pessoas-privadas-de-liberdade-do-ceara\/\">\n                <figure>\n                    <div class=\"borda\">\n                        <img decoding=\"async\" src=\"https:\/\/www.ce.gov.br\/sap\/wp-content\/uploads\/sites\/51\/2024\/09\/WhatsApp-Image-2024-09-02-at-16.27.43-170x230.jpeg\" class=\"attachment-destaque size-destaque\" alt=\"SAP formaliza a instala\u00e7\u00e3o de 8 novas empresas que v\u00e3o gerar emprego e renda para pessoas privadas de liberdade do Cear\u00e1\" \/>                    <\/div>\n                    <figcaption>\n                                                    <h3>04 de setembro de 2024 - 12:09<\/h3>\n                                                                            <p>SAP formaliza a instala\u00e7\u00e3o de 8 novas empresas que v\u00e3o gerar emprego e renda para pessoas privadas de liberdade do Cear\u00e1<\/p>\n                                            <\/figcaption>\n                <\/figure>\n            <\/a>\n                    <a class=\"CardNoticia\" href=\"https:\/\/www.ce.gov.br\/sap\/2024\/06\/17\/alegria-integracao-e-solidariedade-marcam-a-1a-corrida-de-rua-da-policia-penal-do-ceara\/\">\n                <figure>\n                    <div class=\"borda\">\n                        <img decoding=\"async\" src=\"https:\/\/www.ce.gov.br\/sap\/wp-content\/uploads\/sites\/51\/2024\/06\/c9ff8f2a-2de0-4d1b-b905-d6ec564f0548-170x230.jpeg\" class=\"attachment-destaque size-destaque\" alt=\"Alegria, integra\u00e7\u00e3o e solidariedade marcam a 1\u00aa corrida de rua da Pol\u00edcia Penal do Cear\u00e1\" \/>                    <\/div>\n                    <figcaption>\n                                                    <h3>17 de junho de 2024 - 08:06<\/h3>\n                                                                            <p>Alegria, integra\u00e7\u00e3o e solidariedade marcam a 1\u00aa corrida de rua da Pol\u00edcia Penal do Cear\u00e1<\/p>\n                                            <\/figcaption>\n                <\/figure>\n            <\/a>\n                    <a class=\"CardNoticia\" href=\"https:\/\/www.ce.gov.br\/sap\/2024\/04\/11\/governo-do-ceara-anuncia-concurso-com-600-vagas-para-policia-penal-confira-edital\/\">\n                <figure>\n                    <div class=\"borda\">\n                        <img decoding=\"async\" src=\"https:\/\/www.ce.gov.br\/sap\/wp-content\/uploads\/sites\/51\/2024\/04\/WhatsApp-Image-2024-04-11-at-09.50.46-170x230.jpeg\" class=\"attachment-destaque size-destaque\" alt=\"Governo do Cear\u00e1 anuncia concurso com 600 vagas para pol\u00edcia penal; Confira edital\" \/>                    <\/div>\n                    <figcaption>\n                                                    <h3>11 de abril de 2024 - 09:04<\/h3>\n                                                                            <p>Governo do Cear\u00e1 anuncia concurso com 600 vagas para pol\u00edcia penal; Confira edital<\/p>\n                                            <\/figcaption>\n                <\/figure>\n            <\/a>\n                    <a class=\"CardNoticia\" href=\"https:\/\/www.ce.gov.br\/sap\/2024\/02\/09\/conheca-todos-os-servicos-do-nucleo-de-assistencia-ao-servidor-penitenciario-nusep\/\">\n                <figure>\n                    <div class=\"borda\">\n                        <img decoding=\"async\" src=\"https:\/\/www.ce.gov.br\/sap\/wp-content\/uploads\/sites\/51\/2024\/02\/WhatsApp-Image-2024-02-08-at-14.39.17-170x230.jpeg\" class=\"attachment-destaque size-destaque\" alt=\"Conhe\u00e7a todos os servi\u00e7os do N\u00facleo de Assist\u00eancia ao Servidor Penitenci\u00e1rio &#8211; NUSEP\" \/>                    <\/div>\n                    <figcaption>\n                                                    <h3>09 de fevereiro de 2024 - 10:02<\/h3>\n                                                                            <p>Conhe\u00e7a todos os servi\u00e7os do N\u00facleo de Assist\u00eancia ao Servidor Penitenci\u00e1rio &#8211; NUSEP<\/p>\n                                            <\/figcaption>\n                <\/figure>\n            <\/a>\n            <\/div>\n","protected":false},"excerpt":{"rendered":"","protected":false},"author":38,"featured_media":0,"parent":121,"menu_order":10,"comment_status":"closed","ping_status":"closed","template":"","meta":{"_acf_changed":false,"inline_featured_image":false,"footnotes":""},"class_list":["post-136","page","type-page","status-publish","hentry"],"acf":[],"yoast_head":"<!-- This site is optimized with the Yoast SEO plugin v27.3 - https:\/\/yoast.com\/product\/yoast-seo-wordpress\/ -->\n<title>Destaques - SAP<\/title>\n<meta name=\"robots\" content=\"index, follow, max-snippet:-1, max-image-preview:large, max-video-preview:-1\" \/>\n<link rel=\"canonical\" href=\"https:\/\/ww16.ce.gov.br\/sap\/imprensa-2\/destaques\/\" \/>\n<meta property=\"og:locale\" content=\"pt_BR\" \/>\n<meta property=\"og:type\" content=\"article\" \/>\n<meta property=\"og:title\" content=\"Destaques - SAP\" \/>\n<meta property=\"og:url\" content=\"https:\/\/ww16.ce.gov.br\/sap\/imprensa-2\/destaques\/\" \/>\n<meta property=\"og:site_name\" content=\"SAP\" \/>\n<meta property=\"article:modified_time\" content=\"2025-02-19T14:17:11+00:00\" \/>\n<meta name=\"twitter:card\" content=\"summary_large_image\" \/>\n<meta name=\"twitter:label1\" content=\"Est. reading time\" \/>\n\t<meta name=\"twitter:data1\" content=\"1 minuto\" \/>\n<script type=\"application\/ld+json\" class=\"yoast-schema-graph\">{\"@context\":\"https:\\\/\\\/schema.org\",\"@graph\":[{\"@type\":\"WebPage\",\"@id\":\"https:\\\/\\\/ww16.ce.gov.br\\\/sap\\\/imprensa-2\\\/destaques\\\/\",\"url\":\"https:\\\/\\\/ww16.ce.gov.br\\\/sap\\\/imprensa-2\\\/destaques\\\/\",\"name\":\"Destaques - SAP\",\"isPartOf\":{\"@id\":\"https:\\\/\\\/ww16.ce.gov.br\\\/sap\\\/#website\"},\"datePublished\":\"2017-11-21T19:36:42+00:00\",\"dateModified\":\"2025-02-19T14:17:11+00:00\",\"breadcrumb\":{\"@id\":\"https:\\\/\\\/ww16.ce.gov.br\\\/sap\\\/imprensa-2\\\/destaques\\\/#breadcrumb\"},\"inLanguage\":\"pt-BR\",\"potentialAction\":[{\"@type\":\"ReadAction\",\"target\":[\"https:\\\/\\\/ww16.ce.gov.br\\\/sap\\\/imprensa-2\\\/destaques\\\/\"]}]},{\"@type\":\"BreadcrumbList\",\"@id\":\"https:\\\/\\\/ww16.ce.gov.br\\\/sap\\\/imprensa-2\\\/destaques\\\/#breadcrumb\",\"itemListElement\":[{\"@type\":\"ListItem\",\"position\":1,\"name\":\"In\u00edcio\",\"item\":\"https:\\\/\\\/ww16.ce.gov.br\\\/sap\\\/\"},{\"@type\":\"ListItem\",\"position\":2,\"name\":\"P\u00e1gina Inicial\",\"item\":\"https:\\\/\\\/ww16.ce.gov.br\\\/sap\\\/\"},{\"@type\":\"ListItem\",\"position\":3,\"name\":\"Destaques\"}]},{\"@type\":\"WebSite\",\"@id\":\"https:\\\/\\\/ww16.ce.gov.br\\\/sap\\\/#website\",\"url\":\"https:\\\/\\\/ww16.ce.gov.br\\\/sap\\\/\",\"name\":\"Secretaria da Justi\u00e7a e Cidadania\",\"description\":\"Portal SAP\",\"potentialAction\":[{\"@type\":\"SearchAction\",\"target\":{\"@type\":\"EntryPoint\",\"urlTemplate\":\"https:\\\/\\\/ww16.ce.gov.br\\\/sap\\\/?s={search_term_string}\"},\"query-input\":{\"@type\":\"PropertyValueSpecification\",\"valueRequired\":true,\"valueName\":\"search_term_string\"}}],\"inLanguage\":\"pt-BR\"}]}<\/script>\n<!-- \/ Yoast SEO plugin. -->","yoast_head_json":{"title":"Destaques - SAP","robots":{"index":"index","follow":"follow","max-snippet":"max-snippet:-1","max-image-preview":"max-image-preview:large","max-video-preview":"max-video-preview:-1"},"canonical":"https:\/\/ww16.ce.gov.br\/sap\/imprensa-2\/destaques\/","og_locale":"pt_BR","og_type":"article","og_title":"Destaques - SAP","og_url":"https:\/\/ww16.ce.gov.br\/sap\/imprensa-2\/destaques\/","og_site_name":"SAP","article_modified_time":"2025-02-19T14:17:11+00:00","twitter_card":"summary_large_image","twitter_misc":{"Est. reading time":"1 minuto"},"schema":{"@context":"https:\/\/schema.org","@graph":[{"@type":"WebPage","@id":"https:\/\/ww16.ce.gov.br\/sap\/imprensa-2\/destaques\/","url":"https:\/\/ww16.ce.gov.br\/sap\/imprensa-2\/destaques\/","name":"Destaques - SAP","isPartOf":{"@id":"https:\/\/ww16.ce.gov.br\/sap\/#website"},"datePublished":"2017-11-21T19:36:42+00:00","dateModified":"2025-02-19T14:17:11+00:00","breadcrumb":{"@id":"https:\/\/ww16.ce.gov.br\/sap\/imprensa-2\/destaques\/#breadcrumb"},"inLanguage":"pt-BR","potentialAction":[{"@type":"ReadAction","target":["https:\/\/ww16.ce.gov.br\/sap\/imprensa-2\/destaques\/"]}]},{"@type":"BreadcrumbList","@id":"https:\/\/ww16.ce.gov.br\/sap\/imprensa-2\/destaques\/#breadcrumb","itemListElement":[{"@type":"ListItem","position":1,"name":"In\u00edcio","item":"https:\/\/ww16.ce.gov.br\/sap\/"},{"@type":"ListItem","position":2,"name":"P\u00e1gina Inicial","item":"https:\/\/ww16.ce.gov.br\/sap\/"},{"@type":"ListItem","position":3,"name":"Destaques"}]},{"@type":"WebSite","@id":"https:\/\/ww16.ce.gov.br\/sap\/#website","url":"https:\/\/ww16.ce.gov.br\/sap\/","name":"Secretaria da Justi\u00e7a e Cidadania","description":"Portal SAP","potentialAction":[{"@type":"SearchAction","target":{"@type":"EntryPoint","urlTemplate":"https:\/\/ww16.ce.gov.br\/sap\/?s={search_term_string}"},"query-input":{"@type":"PropertyValueSpecification","valueRequired":true,"valueName":"search_term_string"}}],"inLanguage":"pt-BR"}]}},"_links":{"self":[{"href":"https:\/\/www.ce.gov.br\/sap\/wp-json\/wp\/v2\/pages\/136","targetHints":{"allow":["GET"]}}],"collection":[{"href":"https:\/\/www.ce.gov.br\/sap\/wp-json\/wp\/v2\/pages"}],"about":[{"href":"https:\/\/www.ce.gov.br\/sap\/wp-json\/wp\/v2\/types\/page"}],"author":[{"embeddable":true,"href":"https:\/\/www.ce.gov.br\/sap\/wp-json\/wp\/v2\/users\/38"}],"replies":[{"embeddable":true,"href":"https:\/\/www.ce.gov.br\/sap\/wp-json\/wp\/v2\/comments?post=136"}],"version-history":[{"count":39,"href":"https:\/\/www.ce.gov.br\/sap\/wp-json\/wp\/v2\/pages\/136\/revisions"}],"predecessor-version":[{"id":79274,"href":"https:\/\/www.ce.gov.br\/sap\/wp-json\/wp\/v2\/pages\/136\/revisions\/79274"}],"up":[{"embeddable":true,"href":"https:\/\/www.ce.gov.br\/sap\/wp-json\/wp\/v2\/pages\/121"}],"wp:attachment":[{"href":"https:\/\/www.ce.gov.br\/sap\/wp-json\/wp\/v2\/media?parent=136"}],"curies":[{"name":"wp","href":"https:\/\/api.w.org\/{rel}","templated":true}]}}