{"id":3425,"date":"2017-12-27T15:28:43","date_gmt":"2017-12-27T18:28:43","guid":{"rendered":"http:\/\/www.sejus.ce.gov.br\/?page_id=3425"},"modified":"2017-12-27T15:28:43","modified_gmt":"2017-12-27T18:28:43","slug":"vapt-vupt","status":"publish","type":"page","link":"https:\/\/www.ce.gov.br\/sap\/vapt-vupt\/","title":{"rendered":"Vapt Vupt"},"content":{"rendered":"<p><img loading=\"lazy\" decoding=\"async\" class=\"alignnone size-medium wp-image-3226\" src=\"https:\/\/www.sejus.ce.gov.br\/wp-content\/uploads\/sites\/51\/2017\/11\/fachada-vapt-600x398.jpg\" alt=\"\" width=\"347\" height=\"230\" srcset=\"https:\/\/www.ce.gov.br\/sap\/wp-content\/uploads\/sites\/51\/2017\/11\/fachada-vapt-600x398.jpg 600w, https:\/\/www.ce.gov.br\/sap\/wp-content\/uploads\/sites\/51\/2017\/11\/fachada-vapt-768x509.jpg 768w, https:\/\/www.ce.gov.br\/sap\/wp-content\/uploads\/sites\/51\/2017\/11\/fachada-vapt.jpg 1200w\" sizes=\"auto, (max-width: 347px) 100vw, 347px\" \/><\/p>\n<p>O Vapt Vupt \u00e9 uma central de servi\u00e7os que oferece servi\u00e7os como atendimento Cagece e Detran; consulta ao SPC (CDL); Cadastro \u00danico, que permite a inclus\u00e3o no programa federal Bolsa-Fam\u00edlia; emiss\u00e3o de carteira de estudante; solicita\u00e7\u00e3o de seguro-desemprego, entre outros.<\/p>\n<p>&nbsp;<\/p>\n<p>Al\u00e9m das unidades em Fortaleza, nos bairros Messejana e Ant\u00f4nio Bezerra, o Vapt Vupt conta com unidades nos munic\u00edpios Juazeiro do Norte e Sobral, que funcionam de segunda a sexta-feira, de 8h \u00e0s 17h.<\/p>\n<p>&nbsp;<\/p>\n<p><strong>VAPT VUPT MESSEJANA\u00a0\u00a0<\/strong><br \/>\nAv. Jornalista Tomaz Coelho, 408, Messejana.<br \/>\nAo lado do terminal de \u00f4nibus da Messejana<br \/>\nContato: (85) 3218-5200<br \/>\n<a href=\"https:\/\/drive.google.com\/file\/d\/0B9Gf0SPh7bLKSW1zbHg3VmlyTjA\/view\">Clique e acesse a lista de servi\u00e7os do Vapt Vupt Messejana<\/a><\/p>\n<p>&nbsp;<\/p>\n<p><strong>VAPT VUPT ANTONIO BEZERRA<\/strong><br \/>\nRua Dem\u00e9trio de Meneses, 3750, Antonio Bezerra<br \/>\nAo lado do terminal de \u00f4nibus de Antonio Bezerra<br \/>\nContato: (85) 3207-1519<br \/>\n<a href=\"https:\/\/drive.google.com\/file\/d\/0B9Gf0SPh7bLKMW00X1JyVjdvR3c\/view\">Clique e acesse a lista de servi\u00e7os do Vapt Vupt Ant\u00f4nio Bezerra<\/a><\/p>\n<p>&nbsp;<\/p>\n<p><strong>VAPT VUPT JUAZEIRO<\/strong><br \/>\nRua Interventor Francisco Erivano Cruz, 120, Centro \u2013 Juazeiro do Norte<br \/>\nContato: (88) 3572-4700<br \/>\n<a href=\"https:\/\/drive.google.com\/file\/d\/0B9Gf0SPh7bLKSUNkeWRHQkM1THc\/view\">Clique e acesse a lista de servi\u00e7os do Vapt Vupt Juazeiro<\/a><\/p>\n<p>&nbsp;<\/p>\n<p><strong>VAPT VUPT SOBRAL<\/strong><br \/>\nRua Coronel Jos\u00e9 Silv\u00e9rio, 201, Centro \u2013 Sobral<br \/>\nContato: (88) 3695-3100<br \/>\n<a href=\"https:\/\/drive.google.com\/file\/d\/0B9Gf0SPh7bLKdUZEWVhEWkY4emM\/view\">Clique e acesse a lista de servi\u00e7os do Vapt Vupt Sobral\u00a0<\/a><\/p>\n","protected":false},"excerpt":{"rendered":"<p>O Vapt Vupt \u00e9 uma central de servi\u00e7os que oferece servi\u00e7os como atendimento Cagece e Detran; consulta ao SPC (CDL); Cadastro \u00danico, que permite a inclus\u00e3o no programa federal Bolsa-Fam\u00edlia; emiss\u00e3o de carteira de estudante; solicita\u00e7\u00e3o de seguro-desemprego, entre outros. &nbsp; Al\u00e9m das unidades em Fortaleza, nos bairros Messejana e Ant\u00f4nio Bezerra, o Vapt Vupt [&hellip;]<\/p>\n","protected":false},"author":12,"featured_media":0,"parent":0,"menu_order":0,"comment_status":"closed","ping_status":"closed","template":"","meta":{"_acf_changed":false,"inline_featured_image":false,"footnotes":""},"class_list":["post-3425","page","type-page","status-publish","hentry"],"acf":[],"yoast_head":"<!-- This site is optimized with the Yoast SEO plugin v27.3 - https:\/\/yoast.com\/product\/yoast-seo-wordpress\/ -->\n<title>Vapt Vupt - SAP<\/title>\n<meta name=\"robots\" content=\"index, follow, max-snippet:-1, max-image-preview:large, max-video-preview:-1\" \/>\n<link rel=\"canonical\" href=\"https:\/\/ww16.ce.gov.br\/sap\/vapt-vupt\/\" \/>\n<meta property=\"og:locale\" content=\"pt_BR\" \/>\n<meta property=\"og:type\" content=\"article\" \/>\n<meta property=\"og:title\" content=\"Vapt Vupt - SAP\" \/>\n<meta property=\"og:description\" content=\"O Vapt Vupt \u00e9 uma central de servi\u00e7os que oferece servi\u00e7os como atendimento Cagece e Detran; consulta ao SPC (CDL); Cadastro \u00danico, que permite a inclus\u00e3o no programa federal Bolsa-Fam\u00edlia; emiss\u00e3o de carteira de estudante; solicita\u00e7\u00e3o de seguro-desemprego, entre outros. &nbsp; Al\u00e9m das unidades em Fortaleza, nos bairros Messejana e Ant\u00f4nio Bezerra, o Vapt Vupt [&hellip;]\" \/>\n<meta property=\"og:url\" content=\"https:\/\/ww16.ce.gov.br\/sap\/vapt-vupt\/\" \/>\n<meta property=\"og:site_name\" content=\"SAP\" \/>\n<meta property=\"og:image\" content=\"http:\/\/www.sejus.ce.gov.br\/wp-content\/uploads\/sites\/51\/2017\/11\/fachada-vapt-600x398.jpg\" \/>\n<meta name=\"twitter:card\" content=\"summary_large_image\" \/>\n<meta name=\"twitter:label1\" content=\"Est. reading time\" \/>\n\t<meta name=\"twitter:data1\" content=\"1 minuto\" \/>\n<script type=\"application\/ld+json\" class=\"yoast-schema-graph\">{\"@context\":\"https:\\\/\\\/schema.org\",\"@graph\":[{\"@type\":\"WebPage\",\"@id\":\"https:\\\/\\\/ww16.ce.gov.br\\\/sap\\\/vapt-vupt\\\/\",\"url\":\"https:\\\/\\\/ww16.ce.gov.br\\\/sap\\\/vapt-vupt\\\/\",\"name\":\"Vapt Vupt - SAP\",\"isPartOf\":{\"@id\":\"https:\\\/\\\/ww16.ce.gov.br\\\/sap\\\/#website\"},\"primaryImageOfPage\":{\"@id\":\"https:\\\/\\\/ww16.ce.gov.br\\\/sap\\\/vapt-vupt\\\/#primaryimage\"},\"image\":{\"@id\":\"https:\\\/\\\/ww16.ce.gov.br\\\/sap\\\/vapt-vupt\\\/#primaryimage\"},\"thumbnailUrl\":\"http:\\\/\\\/www.sejus.ce.gov.br\\\/wp-content\\\/uploads\\\/sites\\\/51\\\/2017\\\/11\\\/fachada-vapt-600x398.jpg\",\"datePublished\":\"2017-12-27T18:28:43+00:00\",\"breadcrumb\":{\"@id\":\"https:\\\/\\\/ww16.ce.gov.br\\\/sap\\\/vapt-vupt\\\/#breadcrumb\"},\"inLanguage\":\"pt-BR\",\"potentialAction\":[{\"@type\":\"ReadAction\",\"target\":[\"https:\\\/\\\/ww16.ce.gov.br\\\/sap\\\/vapt-vupt\\\/\"]}]},{\"@type\":\"ImageObject\",\"inLanguage\":\"pt-BR\",\"@id\":\"https:\\\/\\\/ww16.ce.gov.br\\\/sap\\\/vapt-vupt\\\/#primaryimage\",\"url\":\"http:\\\/\\\/www.sejus.ce.gov.br\\\/wp-content\\\/uploads\\\/sites\\\/51\\\/2017\\\/11\\\/fachada-vapt-600x398.jpg\",\"contentUrl\":\"http:\\\/\\\/www.sejus.ce.gov.br\\\/wp-content\\\/uploads\\\/sites\\\/51\\\/2017\\\/11\\\/fachada-vapt-600x398.jpg\"},{\"@type\":\"BreadcrumbList\",\"@id\":\"https:\\\/\\\/ww16.ce.gov.br\\\/sap\\\/vapt-vupt\\\/#breadcrumb\",\"itemListElement\":[{\"@type\":\"ListItem\",\"position\":1,\"name\":\"In\u00edcio\",\"item\":\"https:\\\/\\\/ww16.ce.gov.br\\\/sap\\\/\"},{\"@type\":\"ListItem\",\"position\":2,\"name\":\"Vapt Vupt\"}]},{\"@type\":\"WebSite\",\"@id\":\"https:\\\/\\\/ww16.ce.gov.br\\\/sap\\\/#website\",\"url\":\"https:\\\/\\\/ww16.ce.gov.br\\\/sap\\\/\",\"name\":\"Secretaria da Justi\u00e7a e Cidadania\",\"description\":\"Portal SAP\",\"potentialAction\":[{\"@type\":\"SearchAction\",\"target\":{\"@type\":\"EntryPoint\",\"urlTemplate\":\"https:\\\/\\\/ww16.ce.gov.br\\\/sap\\\/?s={search_term_string}\"},\"query-input\":{\"@type\":\"PropertyValueSpecification\",\"valueRequired\":true,\"valueName\":\"search_term_string\"}}],\"inLanguage\":\"pt-BR\"}]}<\/script>\n<!-- \/ Yoast SEO plugin. -->","yoast_head_json":{"title":"Vapt Vupt - SAP","robots":{"index":"index","follow":"follow","max-snippet":"max-snippet:-1","max-image-preview":"max-image-preview:large","max-video-preview":"max-video-preview:-1"},"canonical":"https:\/\/ww16.ce.gov.br\/sap\/vapt-vupt\/","og_locale":"pt_BR","og_type":"article","og_title":"Vapt Vupt - SAP","og_description":"O Vapt Vupt \u00e9 uma central de servi\u00e7os que oferece servi\u00e7os como atendimento Cagece e Detran; consulta ao SPC (CDL); Cadastro \u00danico, que permite a inclus\u00e3o no programa federal Bolsa-Fam\u00edlia; emiss\u00e3o de carteira de estudante; solicita\u00e7\u00e3o de seguro-desemprego, entre outros. &nbsp; Al\u00e9m das unidades em Fortaleza, nos bairros Messejana e Ant\u00f4nio Bezerra, o Vapt Vupt [&hellip;]","og_url":"https:\/\/ww16.ce.gov.br\/sap\/vapt-vupt\/","og_site_name":"SAP","og_image":[{"url":"http:\/\/www.sejus.ce.gov.br\/wp-content\/uploads\/sites\/51\/2017\/11\/fachada-vapt-600x398.jpg","type":"","width":"","height":""}],"twitter_card":"summary_large_image","twitter_misc":{"Est. reading time":"1 minuto"},"schema":{"@context":"https:\/\/schema.org","@graph":[{"@type":"WebPage","@id":"https:\/\/ww16.ce.gov.br\/sap\/vapt-vupt\/","url":"https:\/\/ww16.ce.gov.br\/sap\/vapt-vupt\/","name":"Vapt Vupt - SAP","isPartOf":{"@id":"https:\/\/ww16.ce.gov.br\/sap\/#website"},"primaryImageOfPage":{"@id":"https:\/\/ww16.ce.gov.br\/sap\/vapt-vupt\/#primaryimage"},"image":{"@id":"https:\/\/ww16.ce.gov.br\/sap\/vapt-vupt\/#primaryimage"},"thumbnailUrl":"http:\/\/www.sejus.ce.gov.br\/wp-content\/uploads\/sites\/51\/2017\/11\/fachada-vapt-600x398.jpg","datePublished":"2017-12-27T18:28:43+00:00","breadcrumb":{"@id":"https:\/\/ww16.ce.gov.br\/sap\/vapt-vupt\/#breadcrumb"},"inLanguage":"pt-BR","potentialAction":[{"@type":"ReadAction","target":["https:\/\/ww16.ce.gov.br\/sap\/vapt-vupt\/"]}]},{"@type":"ImageObject","inLanguage":"pt-BR","@id":"https:\/\/ww16.ce.gov.br\/sap\/vapt-vupt\/#primaryimage","url":"http:\/\/www.sejus.ce.gov.br\/wp-content\/uploads\/sites\/51\/2017\/11\/fachada-vapt-600x398.jpg","contentUrl":"http:\/\/www.sejus.ce.gov.br\/wp-content\/uploads\/sites\/51\/2017\/11\/fachada-vapt-600x398.jpg"},{"@type":"BreadcrumbList","@id":"https:\/\/ww16.ce.gov.br\/sap\/vapt-vupt\/#breadcrumb","itemListElement":[{"@type":"ListItem","position":1,"name":"In\u00edcio","item":"https:\/\/ww16.ce.gov.br\/sap\/"},{"@type":"ListItem","position":2,"name":"Vapt Vupt"}]},{"@type":"WebSite","@id":"https:\/\/ww16.ce.gov.br\/sap\/#website","url":"https:\/\/ww16.ce.gov.br\/sap\/","name":"Secretaria da Justi\u00e7a e Cidadania","description":"Portal SAP","potentialAction":[{"@type":"SearchAction","target":{"@type":"EntryPoint","urlTemplate":"https:\/\/ww16.ce.gov.br\/sap\/?s={search_term_string}"},"query-input":{"@type":"PropertyValueSpecification","valueRequired":true,"valueName":"search_term_string"}}],"inLanguage":"pt-BR"}]}},"_links":{"self":[{"href":"https:\/\/www.ce.gov.br\/sap\/wp-json\/wp\/v2\/pages\/3425","targetHints":{"allow":["GET"]}}],"collection":[{"href":"https:\/\/www.ce.gov.br\/sap\/wp-json\/wp\/v2\/pages"}],"about":[{"href":"https:\/\/www.ce.gov.br\/sap\/wp-json\/wp\/v2\/types\/page"}],"author":[{"embeddable":true,"href":"https:\/\/www.ce.gov.br\/sap\/wp-json\/wp\/v2\/users\/12"}],"replies":[{"embeddable":true,"href":"https:\/\/www.ce.gov.br\/sap\/wp-json\/wp\/v2\/comments?post=3425"}],"version-history":[{"count":1,"href":"https:\/\/www.ce.gov.br\/sap\/wp-json\/wp\/v2\/pages\/3425\/revisions"}],"predecessor-version":[{"id":3427,"href":"https:\/\/www.ce.gov.br\/sap\/wp-json\/wp\/v2\/pages\/3425\/revisions\/3427"}],"wp:attachment":[{"href":"https:\/\/www.ce.gov.br\/sap\/wp-json\/wp\/v2\/media?parent=3425"}],"curies":[{"name":"wp","href":"https:\/\/api.w.org\/{rel}","templated":true}]}}