{"id":52,"date":"2017-11-20T17:43:28","date_gmt":"2017-11-20T19:43:28","guid":{"rendered":"http:\/\/www.ceara.gov.br\/sejus\/?page_id=52"},"modified":"2026-05-12T16:14:24","modified_gmt":"2026-05-12T19:14:24","slug":"institucional","status":"publish","type":"page","link":"https:\/\/www.ce.gov.br\/sap\/institucional\/","title":{"rendered":"Institucional"},"content":{"rendered":"<h1><strong><span style=\"color: #028245\">A Institui\u00e7\u00e3o<\/span><\/strong><\/h1>\n<p><em>A Secretaria da Administra\u00e7\u00e3o Penitenci\u00e1ria (SAP) tem origem no art. n\u00ba 40 da Constitui\u00e7\u00e3o Pol\u00edtica do Estado do Cear\u00e1, de 16 de junho de 1891, como Secretaria da Justi\u00e7a, sendo regulamentada em 24 de setembro de 1891. Em 1926, passou a denominar-se Secretaria dos Neg\u00f3cios do Interior e Justi\u00e7a, e, em seguida, por meio da Lei n\u00ba 6.085, de 08 de novembro de 1962, passou a denominar-se Secretaria de Justi\u00e7a. A reforma administrativa, realizada por meio da Lei n\u00ba 11.809, de 22 de maio de 1991, que disp\u00f4s sobre a estrutura da Administra\u00e7\u00e3o P\u00fablica Estadual, manteve a personalidade anterior de Secretaria da Justi\u00e7a.<\/em><\/p>\n<p><em>De acordo com a Lei n\u00ba 13.297, de 07 de mar\u00e7o de 2003, que disp\u00f4s sobre o modelo de gest\u00e3o do Poder Executivo e alterou a Estrutura da Administra\u00e7\u00e3o Estadual, passou a denominar-se Secretaria da Justi\u00e7a e Cidadania. E, a Lei n\u00ba 16.710, de 21 de dezembro de 2018, que disp\u00f5e sobre o modelo de gest\u00e3o do Poder Executivo, altera a Estrutura da Administra\u00e7\u00e3o Estadual, denominou Secretaria de Administra\u00e7\u00e3o Penitenci\u00e1ria (SAP). Atualmente, a Secretaria possui a Estrutura Organizacional e os Cargos de Provimento em Comiss\u00e3o, regidos pelo Decreto n\u00ba 32.975, de 19 de fevereiro de 2019.<\/em><\/p>\n<p><em>Com o objetivo de refor\u00e7ar a <\/em><em>ressocializa\u00e7\u00e3o como eixo estruturante da pol\u00edtica penal, a Lei n\u00ba 18.310, de 17 <\/em><em>de fevereiro de 2023, alterou a nomenclatura do \u00f3rg\u00e3o para Secretaria da <\/em><em>Administra\u00e7\u00e3o Penitenci\u00e1ria e Ressocializa\u00e7\u00e3o (SAP), evidenciando o <\/em><em>compromisso institucional com a reintegra\u00e7\u00e3o social dos internos e egressos do <\/em><em>sistema penitenci\u00e1rio. A regulamenta\u00e7\u00e3o dessa nova denomina\u00e7\u00e3o e de suas <\/em><em>compet\u00eancias foi consolidada em 2025, inicialmente por meio do Decreto n\u00ba 36.493, <\/em><em>de 01 de abril de 2025, e, atualizado, pelo Decreto n\u00ba 36.847, de 19 de setembro de <\/em><em>2025, que institucionalizou a atual estrutura organizacional, compet\u00eancias e <\/em><em>atribui\u00e7\u00f5es da Secretaria.<\/em><\/p>\n<h2><span style=\"color: #028245\">Miss\u00e3o<\/span><\/h2>\n<p><em>Administrar o sistema penitenci\u00e1rio do Estado do Cear\u00e1 de forma inovadora, estrat\u00e9gica e articulada, promovendo a ressocializa\u00e7\u00e3o das pessoas privadas de liberdade e dos egressos, por meio da educa\u00e7\u00e3o, <\/em><em>capacita\u00e7\u00e3o e trabalho, de forma eficiente e segura, preservando a dignidade dessas pessoas, bem como o acompanhamento daqueles que cumprem alternativas <\/em><em>penais.<\/em><\/p>\n<h2><span style=\"color: #028245\">Vis\u00e3o\u00a0<\/span><\/h2>\n<p><em>Ser refer\u00eancia em gest\u00e3o do sistema penitenci\u00e1rio na Am\u00e9rica Latina, destacando-se pela seguran\u00e7a prisional, pela ressocializa\u00e7\u00e3o das pessoas privadas de liberdade e de egressos e pela valoriza\u00e7\u00e3o dos servidores.<\/em><\/p>\n<h2><span style=\"color: #028245\">Valores<\/span><\/h2>\n<p><em>I &#8211; ordem e disciplina;<\/em><br \/>\n<em>II -integridade;<\/em><br \/>\n<em>III -respeito aos direitos humanos;<\/em><br \/>\n<em>IV -inova\u00e7\u00e3o;<\/em><br \/>\n<em>V -justi\u00e7a;<\/em><br \/>\n<em>VI &#8211; \u00e9tica;<\/em><br \/>\n<em>VII -efetividade;<\/em><br \/>\n<em>VIII -empatia;<\/em><br \/>\n<em>IX &#8211; compromisso com a seguran\u00e7a p\u00fablica;<\/em><br \/>\n<em>X -valoriza\u00e7\u00e3o das pessoas;<\/em><br \/>\n<em>XI -responsabilidade social;<\/em><br \/>\n<em>XII -transpar\u00eancia;<\/em><br \/>\n<em>XIII -imparcialidade;<\/em><br \/>\n<em>XIV -honestidade; e<\/em><br \/>\n<em>XV &#8211; honra.<\/em><\/p>\n","protected":false},"excerpt":{"rendered":"<p>A Institui\u00e7\u00e3o A Secretaria da Administra\u00e7\u00e3o Penitenci\u00e1ria (SAP) tem origem no art. n\u00ba 40 da Constitui\u00e7\u00e3o Pol\u00edtica do Estado do Cear\u00e1, de 16 de junho de 1891, como Secretaria da Justi\u00e7a, sendo regulamentada em 24 de setembro de 1891. Em 1926, passou a denominar-se Secretaria dos Neg\u00f3cios do Interior e Justi\u00e7a, e, em seguida, por [&hellip;]<\/p>\n","protected":false},"author":38,"featured_media":0,"parent":0,"menu_order":0,"comment_status":"closed","ping_status":"closed","template":"","meta":{"_acf_changed":false,"inline_featured_image":false,"footnotes":""},"class_list":["post-52","page","type-page","status-publish","hentry"],"acf":[],"yoast_head":"<!-- This site is optimized with the Yoast SEO plugin v27.3 - https:\/\/yoast.com\/product\/yoast-seo-wordpress\/ -->\n<title>Institucional - SAP<\/title>\n<meta name=\"robots\" content=\"index, follow, max-snippet:-1, max-image-preview:large, max-video-preview:-1\" \/>\n<link rel=\"canonical\" href=\"https:\/\/ww16.ce.gov.br\/sap\/institucional\/\" \/>\n<meta property=\"og:locale\" content=\"pt_BR\" \/>\n<meta property=\"og:type\" content=\"article\" \/>\n<meta property=\"og:title\" content=\"Institucional - SAP\" \/>\n<meta property=\"og:description\" content=\"A Institui\u00e7\u00e3o A Secretaria da Administra\u00e7\u00e3o Penitenci\u00e1ria (SAP) tem origem no art. n\u00ba 40 da Constitui\u00e7\u00e3o Pol\u00edtica do Estado do Cear\u00e1, de 16 de junho de 1891, como Secretaria da Justi\u00e7a, sendo regulamentada em 24 de setembro de 1891. Em 1926, passou a denominar-se Secretaria dos Neg\u00f3cios do Interior e Justi\u00e7a, e, em seguida, por [&hellip;]\" \/>\n<meta property=\"og:url\" content=\"https:\/\/ww16.ce.gov.br\/sap\/institucional\/\" \/>\n<meta property=\"og:site_name\" content=\"SAP\" \/>\n<meta property=\"article:modified_time\" content=\"2026-05-12T19:14:24+00:00\" \/>\n<meta name=\"twitter:card\" content=\"summary_large_image\" \/>\n<meta name=\"twitter:label1\" content=\"Est. reading time\" \/>\n\t<meta name=\"twitter:data1\" content=\"3 minutos\" \/>\n<script type=\"application\/ld+json\" class=\"yoast-schema-graph\">{\"@context\":\"https:\\\/\\\/schema.org\",\"@graph\":[{\"@type\":\"WebPage\",\"@id\":\"https:\\\/\\\/ww16.ce.gov.br\\\/sap\\\/institucional\\\/\",\"url\":\"https:\\\/\\\/ww16.ce.gov.br\\\/sap\\\/institucional\\\/\",\"name\":\"Institucional - SAP\",\"isPartOf\":{\"@id\":\"https:\\\/\\\/ww16.ce.gov.br\\\/sap\\\/#website\"},\"datePublished\":\"2017-11-20T19:43:28+00:00\",\"dateModified\":\"2026-05-12T19:14:24+00:00\",\"breadcrumb\":{\"@id\":\"https:\\\/\\\/ww16.ce.gov.br\\\/sap\\\/institucional\\\/#breadcrumb\"},\"inLanguage\":\"pt-BR\",\"potentialAction\":[{\"@type\":\"ReadAction\",\"target\":[\"https:\\\/\\\/ww16.ce.gov.br\\\/sap\\\/institucional\\\/\"]}]},{\"@type\":\"BreadcrumbList\",\"@id\":\"https:\\\/\\\/ww16.ce.gov.br\\\/sap\\\/institucional\\\/#breadcrumb\",\"itemListElement\":[{\"@type\":\"ListItem\",\"position\":1,\"name\":\"In\u00edcio\",\"item\":\"https:\\\/\\\/ww16.ce.gov.br\\\/sap\\\/\"},{\"@type\":\"ListItem\",\"position\":2,\"name\":\"Institucional\"}]},{\"@type\":\"WebSite\",\"@id\":\"https:\\\/\\\/ww16.ce.gov.br\\\/sap\\\/#website\",\"url\":\"https:\\\/\\\/ww16.ce.gov.br\\\/sap\\\/\",\"name\":\"Secretaria da Justi\u00e7a e Cidadania\",\"description\":\"Portal SAP\",\"potentialAction\":[{\"@type\":\"SearchAction\",\"target\":{\"@type\":\"EntryPoint\",\"urlTemplate\":\"https:\\\/\\\/ww16.ce.gov.br\\\/sap\\\/?s={search_term_string}\"},\"query-input\":{\"@type\":\"PropertyValueSpecification\",\"valueRequired\":true,\"valueName\":\"search_term_string\"}}],\"inLanguage\":\"pt-BR\"}]}<\/script>\n<!-- \/ Yoast SEO plugin. -->","yoast_head_json":{"title":"Institucional - SAP","robots":{"index":"index","follow":"follow","max-snippet":"max-snippet:-1","max-image-preview":"max-image-preview:large","max-video-preview":"max-video-preview:-1"},"canonical":"https:\/\/ww16.ce.gov.br\/sap\/institucional\/","og_locale":"pt_BR","og_type":"article","og_title":"Institucional - SAP","og_description":"A Institui\u00e7\u00e3o A Secretaria da Administra\u00e7\u00e3o Penitenci\u00e1ria (SAP) tem origem no art. n\u00ba 40 da Constitui\u00e7\u00e3o Pol\u00edtica do Estado do Cear\u00e1, de 16 de junho de 1891, como Secretaria da Justi\u00e7a, sendo regulamentada em 24 de setembro de 1891. Em 1926, passou a denominar-se Secretaria dos Neg\u00f3cios do Interior e Justi\u00e7a, e, em seguida, por [&hellip;]","og_url":"https:\/\/ww16.ce.gov.br\/sap\/institucional\/","og_site_name":"SAP","article_modified_time":"2026-05-12T19:14:24+00:00","twitter_card":"summary_large_image","twitter_misc":{"Est. reading time":"3 minutos"},"schema":{"@context":"https:\/\/schema.org","@graph":[{"@type":"WebPage","@id":"https:\/\/ww16.ce.gov.br\/sap\/institucional\/","url":"https:\/\/ww16.ce.gov.br\/sap\/institucional\/","name":"Institucional - SAP","isPartOf":{"@id":"https:\/\/ww16.ce.gov.br\/sap\/#website"},"datePublished":"2017-11-20T19:43:28+00:00","dateModified":"2026-05-12T19:14:24+00:00","breadcrumb":{"@id":"https:\/\/ww16.ce.gov.br\/sap\/institucional\/#breadcrumb"},"inLanguage":"pt-BR","potentialAction":[{"@type":"ReadAction","target":["https:\/\/ww16.ce.gov.br\/sap\/institucional\/"]}]},{"@type":"BreadcrumbList","@id":"https:\/\/ww16.ce.gov.br\/sap\/institucional\/#breadcrumb","itemListElement":[{"@type":"ListItem","position":1,"name":"In\u00edcio","item":"https:\/\/ww16.ce.gov.br\/sap\/"},{"@type":"ListItem","position":2,"name":"Institucional"}]},{"@type":"WebSite","@id":"https:\/\/ww16.ce.gov.br\/sap\/#website","url":"https:\/\/ww16.ce.gov.br\/sap\/","name":"Secretaria da Justi\u00e7a e Cidadania","description":"Portal SAP","potentialAction":[{"@type":"SearchAction","target":{"@type":"EntryPoint","urlTemplate":"https:\/\/ww16.ce.gov.br\/sap\/?s={search_term_string}"},"query-input":{"@type":"PropertyValueSpecification","valueRequired":true,"valueName":"search_term_string"}}],"inLanguage":"pt-BR"}]}},"_links":{"self":[{"href":"https:\/\/www.ce.gov.br\/sap\/wp-json\/wp\/v2\/pages\/52","targetHints":{"allow":["GET"]}}],"collection":[{"href":"https:\/\/www.ce.gov.br\/sap\/wp-json\/wp\/v2\/pages"}],"about":[{"href":"https:\/\/www.ce.gov.br\/sap\/wp-json\/wp\/v2\/types\/page"}],"author":[{"embeddable":true,"href":"https:\/\/www.ce.gov.br\/sap\/wp-json\/wp\/v2\/users\/38"}],"replies":[{"embeddable":true,"href":"https:\/\/www.ce.gov.br\/sap\/wp-json\/wp\/v2\/comments?post=52"}],"version-history":[{"count":46,"href":"https:\/\/www.ce.gov.br\/sap\/wp-json\/wp\/v2\/pages\/52\/revisions"}],"predecessor-version":[{"id":82430,"href":"https:\/\/www.ce.gov.br\/sap\/wp-json\/wp\/v2\/pages\/52\/revisions\/82430"}],"wp:attachment":[{"href":"https:\/\/www.ce.gov.br\/sap\/wp-json\/wp\/v2\/media?parent=52"}],"curies":[{"name":"wp","href":"https:\/\/api.w.org\/{rel}","templated":true}]}}