{"id":67205,"date":"2018-02-08T15:38:25","date_gmt":"2018-02-08T18:38:25","guid":{"rendered":"http:\/\/www.ceara.gov.br\/?page_id=67205"},"modified":"2026-05-08T15:47:29","modified_gmt":"2026-05-08T18:47:29","slug":"comite-setorial-de-acesso-a-informacao","status":"publish","type":"page","link":"https:\/\/www.ce.gov.br\/sap\/acesso-a-informacao\/comite-setorial-de-acesso-a-informacao\/","title":{"rendered":"Comit\u00ea Setorial de Acesso \u00e0 Informa\u00e7\u00e3o"},"content":{"rendered":"<p>&nbsp;<\/p>\n<h2 class=\"-laranja\"><strong>Comit\u00ea Setorial de Acesso \u00e0 Informa\u00e7\u00e3o<\/strong><\/h2>\n<div class=\"Card Informativo BgBranco\">\n<p><strong>Rafael de Jesus Beserra<\/strong> \u2013<em> Secret\u00e1rio Executivo de Administra\u00e7\u00e3o Penitenci\u00e1ria<\/em> (rafael.beserra@sap.ce.gov.br)<\/p>\n<p><strong>Alexandre Pereira Piraj\u00e1<\/strong> \u2013 <em>Coordenador de Desenvolvimento Institucional e Planejamento<\/em> (alexandre.piraja@sap.ce.gov.br)<\/p>\n<p><strong>D\u00e9bora Gon\u00e7alves Lages Rebelo<\/strong> \u2013<em> Ouvidora<\/em> (debora.rebelo@sap.ce.gov.br)<\/p>\n<p><strong>Paula Amanda Gir\u00e3o Alves<\/strong> \u2013 <em>Respons\u00e1vel pelo Servi\u00e7o de Informa\u00e7\u00e3o ao Cidad\u00e3o<\/em> (paula.amanda@sap.ce.gov.br)<\/p>\n<\/div>\n<div class=\"Card Informativo BgBranco\">\n<p><strong>Hor\u00e1rio de Atendimento na Sede da SAP:<\/strong> <em>8h \u00e0s 12h e das 13h \u00e0s 17h.<\/em><br \/>\n<strong>Telefone:<\/strong><em> 2018.2965<\/em><\/p>\n<p><strong>Endere\u00e7o<\/strong>: <em>Rua Tenente Ben\u00e9volo, n\u00ba. 1055 \u2013 Meireles Cep: 60.160-040 \u2022 Fortaleza \u2013 Cear\u00e1<\/em><\/p>\n<\/div>\n","protected":false},"excerpt":{"rendered":"<p>&nbsp; Comit\u00ea Setorial de Acesso \u00e0 Informa\u00e7\u00e3o Rafael de Jesus Beserra \u2013 Secret\u00e1rio Executivo de Administra\u00e7\u00e3o Penitenci\u00e1ria (rafael.beserra@sap.ce.gov.br) Alexandre Pereira Piraj\u00e1 \u2013 Coordenador de Desenvolvimento Institucional e Planejamento (alexandre.piraja@sap.ce.gov.br) D\u00e9bora Gon\u00e7alves Lages Rebelo \u2013 Ouvidora (debora.rebelo@sap.ce.gov.br) Paula Amanda Gir\u00e3o Alves \u2013 Respons\u00e1vel pelo Servi\u00e7o de Informa\u00e7\u00e3o ao Cidad\u00e3o (paula.amanda@sap.ce.gov.br) Hor\u00e1rio de Atendimento na Sede da [&hellip;]<\/p>\n","protected":false},"author":12,"featured_media":0,"parent":67183,"menu_order":4,"comment_status":"closed","ping_status":"closed","template":"page-comite-setorial.php","meta":{"_acf_changed":false,"inline_featured_image":false,"footnotes":""},"class_list":["post-67205","page","type-page","status-publish","hentry"],"acf":[],"yoast_head":"<!-- This site is optimized with the Yoast SEO plugin v27.3 - https:\/\/yoast.com\/product\/yoast-seo-wordpress\/ -->\n<title>Comit\u00ea Setorial de Acesso \u00e0 Informa\u00e7\u00e3o - SAP<\/title>\n<meta name=\"robots\" content=\"index, follow, max-snippet:-1, max-image-preview:large, max-video-preview:-1\" \/>\n<link rel=\"canonical\" href=\"https:\/\/ww16.ce.gov.br\/sap\/acesso-a-informacao\/comite-setorial-de-acesso-a-informacao\/\" \/>\n<meta property=\"og:locale\" content=\"pt_BR\" \/>\n<meta property=\"og:type\" content=\"article\" \/>\n<meta property=\"og:title\" content=\"Comit\u00ea Setorial de Acesso \u00e0 Informa\u00e7\u00e3o - SAP\" \/>\n<meta property=\"og:description\" content=\"&nbsp; Comit\u00ea Setorial de Acesso \u00e0 Informa\u00e7\u00e3o Rafael de Jesus Beserra \u2013 Secret\u00e1rio Executivo de Administra\u00e7\u00e3o Penitenci\u00e1ria (rafael.beserra@sap.ce.gov.br) Alexandre Pereira Piraj\u00e1 \u2013 Coordenador de Desenvolvimento Institucional e Planejamento (alexandre.piraja@sap.ce.gov.br) D\u00e9bora Gon\u00e7alves Lages Rebelo \u2013 Ouvidora (debora.rebelo@sap.ce.gov.br) Paula Amanda Gir\u00e3o Alves \u2013 Respons\u00e1vel pelo Servi\u00e7o de Informa\u00e7\u00e3o ao Cidad\u00e3o (paula.amanda@sap.ce.gov.br) Hor\u00e1rio de Atendimento na Sede da [&hellip;]\" \/>\n<meta property=\"og:url\" content=\"https:\/\/ww16.ce.gov.br\/sap\/acesso-a-informacao\/comite-setorial-de-acesso-a-informacao\/\" \/>\n<meta property=\"og:site_name\" content=\"SAP\" \/>\n<meta property=\"article:modified_time\" content=\"2026-05-08T18:47:29+00:00\" \/>\n<meta name=\"twitter:card\" content=\"summary_large_image\" \/>\n<meta name=\"twitter:label1\" content=\"Est. reading time\" \/>\n\t<meta name=\"twitter:data1\" content=\"1 minuto\" \/>\n<script type=\"application\/ld+json\" class=\"yoast-schema-graph\">{\"@context\":\"https:\\\/\\\/schema.org\",\"@graph\":[{\"@type\":\"WebPage\",\"@id\":\"https:\\\/\\\/ww16.ce.gov.br\\\/sap\\\/acesso-a-informacao\\\/comite-setorial-de-acesso-a-informacao\\\/\",\"url\":\"https:\\\/\\\/ww16.ce.gov.br\\\/sap\\\/acesso-a-informacao\\\/comite-setorial-de-acesso-a-informacao\\\/\",\"name\":\"Comit\u00ea Setorial de Acesso \u00e0 Informa\u00e7\u00e3o - SAP\",\"isPartOf\":{\"@id\":\"https:\\\/\\\/ww16.ce.gov.br\\\/sap\\\/#website\"},\"datePublished\":\"2018-02-08T18:38:25+00:00\",\"dateModified\":\"2026-05-08T18:47:29+00:00\",\"breadcrumb\":{\"@id\":\"https:\\\/\\\/ww16.ce.gov.br\\\/sap\\\/acesso-a-informacao\\\/comite-setorial-de-acesso-a-informacao\\\/#breadcrumb\"},\"inLanguage\":\"pt-BR\",\"potentialAction\":[{\"@type\":\"ReadAction\",\"target\":[\"https:\\\/\\\/ww16.ce.gov.br\\\/sap\\\/acesso-a-informacao\\\/comite-setorial-de-acesso-a-informacao\\\/\"]}]},{\"@type\":\"BreadcrumbList\",\"@id\":\"https:\\\/\\\/ww16.ce.gov.br\\\/sap\\\/acesso-a-informacao\\\/comite-setorial-de-acesso-a-informacao\\\/#breadcrumb\",\"itemListElement\":[{\"@type\":\"ListItem\",\"position\":1,\"name\":\"In\u00edcio\",\"item\":\"https:\\\/\\\/ww16.ce.gov.br\\\/sap\\\/\"},{\"@type\":\"ListItem\",\"position\":2,\"name\":\"Acesso \u00e0 Informa\u00e7\u00e3o\",\"item\":\"https:\\\/\\\/ww16.ce.gov.br\\\/sap\\\/acesso-a-informacao\\\/\"},{\"@type\":\"ListItem\",\"position\":3,\"name\":\"Comit\u00ea Setorial de Acesso \u00e0 Informa\u00e7\u00e3o\"}]},{\"@type\":\"WebSite\",\"@id\":\"https:\\\/\\\/ww16.ce.gov.br\\\/sap\\\/#website\",\"url\":\"https:\\\/\\\/ww16.ce.gov.br\\\/sap\\\/\",\"name\":\"Secretaria da Justi\u00e7a e Cidadania\",\"description\":\"Portal SAP\",\"potentialAction\":[{\"@type\":\"SearchAction\",\"target\":{\"@type\":\"EntryPoint\",\"urlTemplate\":\"https:\\\/\\\/ww16.ce.gov.br\\\/sap\\\/?s={search_term_string}\"},\"query-input\":{\"@type\":\"PropertyValueSpecification\",\"valueRequired\":true,\"valueName\":\"search_term_string\"}}],\"inLanguage\":\"pt-BR\"}]}<\/script>\n<!-- \/ Yoast SEO plugin. -->","yoast_head_json":{"title":"Comit\u00ea Setorial de Acesso \u00e0 Informa\u00e7\u00e3o - SAP","robots":{"index":"index","follow":"follow","max-snippet":"max-snippet:-1","max-image-preview":"max-image-preview:large","max-video-preview":"max-video-preview:-1"},"canonical":"https:\/\/ww16.ce.gov.br\/sap\/acesso-a-informacao\/comite-setorial-de-acesso-a-informacao\/","og_locale":"pt_BR","og_type":"article","og_title":"Comit\u00ea Setorial de Acesso \u00e0 Informa\u00e7\u00e3o - SAP","og_description":"&nbsp; Comit\u00ea Setorial de Acesso \u00e0 Informa\u00e7\u00e3o Rafael de Jesus Beserra \u2013 Secret\u00e1rio Executivo de Administra\u00e7\u00e3o Penitenci\u00e1ria (rafael.beserra@sap.ce.gov.br) Alexandre Pereira Piraj\u00e1 \u2013 Coordenador de Desenvolvimento Institucional e Planejamento (alexandre.piraja@sap.ce.gov.br) D\u00e9bora Gon\u00e7alves Lages Rebelo \u2013 Ouvidora (debora.rebelo@sap.ce.gov.br) Paula Amanda Gir\u00e3o Alves \u2013 Respons\u00e1vel pelo Servi\u00e7o de Informa\u00e7\u00e3o ao Cidad\u00e3o (paula.amanda@sap.ce.gov.br) Hor\u00e1rio de Atendimento na Sede da [&hellip;]","og_url":"https:\/\/ww16.ce.gov.br\/sap\/acesso-a-informacao\/comite-setorial-de-acesso-a-informacao\/","og_site_name":"SAP","article_modified_time":"2026-05-08T18:47:29+00:00","twitter_card":"summary_large_image","twitter_misc":{"Est. reading time":"1 minuto"},"schema":{"@context":"https:\/\/schema.org","@graph":[{"@type":"WebPage","@id":"https:\/\/ww16.ce.gov.br\/sap\/acesso-a-informacao\/comite-setorial-de-acesso-a-informacao\/","url":"https:\/\/ww16.ce.gov.br\/sap\/acesso-a-informacao\/comite-setorial-de-acesso-a-informacao\/","name":"Comit\u00ea Setorial de Acesso \u00e0 Informa\u00e7\u00e3o - SAP","isPartOf":{"@id":"https:\/\/ww16.ce.gov.br\/sap\/#website"},"datePublished":"2018-02-08T18:38:25+00:00","dateModified":"2026-05-08T18:47:29+00:00","breadcrumb":{"@id":"https:\/\/ww16.ce.gov.br\/sap\/acesso-a-informacao\/comite-setorial-de-acesso-a-informacao\/#breadcrumb"},"inLanguage":"pt-BR","potentialAction":[{"@type":"ReadAction","target":["https:\/\/ww16.ce.gov.br\/sap\/acesso-a-informacao\/comite-setorial-de-acesso-a-informacao\/"]}]},{"@type":"BreadcrumbList","@id":"https:\/\/ww16.ce.gov.br\/sap\/acesso-a-informacao\/comite-setorial-de-acesso-a-informacao\/#breadcrumb","itemListElement":[{"@type":"ListItem","position":1,"name":"In\u00edcio","item":"https:\/\/ww16.ce.gov.br\/sap\/"},{"@type":"ListItem","position":2,"name":"Acesso \u00e0 Informa\u00e7\u00e3o","item":"https:\/\/ww16.ce.gov.br\/sap\/acesso-a-informacao\/"},{"@type":"ListItem","position":3,"name":"Comit\u00ea Setorial de Acesso \u00e0 Informa\u00e7\u00e3o"}]},{"@type":"WebSite","@id":"https:\/\/ww16.ce.gov.br\/sap\/#website","url":"https:\/\/ww16.ce.gov.br\/sap\/","name":"Secretaria da Justi\u00e7a e Cidadania","description":"Portal SAP","potentialAction":[{"@type":"SearchAction","target":{"@type":"EntryPoint","urlTemplate":"https:\/\/ww16.ce.gov.br\/sap\/?s={search_term_string}"},"query-input":{"@type":"PropertyValueSpecification","valueRequired":true,"valueName":"search_term_string"}}],"inLanguage":"pt-BR"}]}},"_links":{"self":[{"href":"https:\/\/www.ce.gov.br\/sap\/wp-json\/wp\/v2\/pages\/67205","targetHints":{"allow":["GET"]}}],"collection":[{"href":"https:\/\/www.ce.gov.br\/sap\/wp-json\/wp\/v2\/pages"}],"about":[{"href":"https:\/\/www.ce.gov.br\/sap\/wp-json\/wp\/v2\/types\/page"}],"author":[{"embeddable":true,"href":"https:\/\/www.ce.gov.br\/sap\/wp-json\/wp\/v2\/users\/12"}],"replies":[{"embeddable":true,"href":"https:\/\/www.ce.gov.br\/sap\/wp-json\/wp\/v2\/comments?post=67205"}],"version-history":[{"count":9,"href":"https:\/\/www.ce.gov.br\/sap\/wp-json\/wp\/v2\/pages\/67205\/revisions"}],"predecessor-version":[{"id":81902,"href":"https:\/\/www.ce.gov.br\/sap\/wp-json\/wp\/v2\/pages\/67205\/revisions\/81902"}],"up":[{"embeddable":true,"href":"https:\/\/www.ce.gov.br\/sap\/wp-json\/wp\/v2\/pages\/67183"}],"wp:attachment":[{"href":"https:\/\/www.ce.gov.br\/sap\/wp-json\/wp\/v2\/media?parent=67205"}],"curies":[{"name":"wp","href":"https:\/\/api.w.org\/{rel}","templated":true}]}}