{"id":67902,"date":"2019-01-15T16:29:05","date_gmt":"2019-01-15T19:29:05","guid":{"rendered":"http:\/\/ww16.ce.gov.br\/sap\/?page_id=67902"},"modified":"2026-05-12T16:18:39","modified_gmt":"2026-05-12T19:18:39","slug":"conselho-penitenciario","status":"publish","type":"page","link":"https:\/\/www.ce.gov.br\/sap\/conselho-penitenciario\/","title":{"rendered":"Conselho Penitenci\u00e1rio"},"content":{"rendered":"<p>Criado em 27 de janeiro de 1927, em atendimento ao Decreto Federal n\u00ba 16.665 de 06 de novembro de 1924, o\u00a0Conselho Penitenci\u00e1rio do Estado do Cear\u00e1 \u00e9 um \u00f3rg\u00e3o consultivo e fiscalizador da execu\u00e7\u00e3o da pena, tendo a incumb\u00eancia de colaborar na elabora\u00e7\u00e3o e revis\u00e3o da Pol\u00edtica Criminal e Penitenci\u00e1ria do Estado.<\/p>\n<h3><strong><span style=\"color: #066f32\">Principais atribui\u00e7\u00f5es do Conselho<\/span><\/strong><\/h3>\n<p><strong>I<\/strong> &#8211; emitir parecer sobre livramento condicional, indulto e comuta\u00e7\u00e3o de pena;<br \/>\n<strong>II<\/strong> Fazer a entrega da caderneta de livramento condicional aos presos que sa\u00edrem com esse benef\u00edcio;<br \/>\n<strong>III<\/strong> &#8211; inspecionar os estabelecimentos e servi\u00e7os penais, propondo \u00e0 autoridade competente a ado\u00e7\u00e3o das medidas adequadas, na hip\u00f3tese de eventuais irregularidades;<br \/>\n<strong>IV<\/strong> &#8211; apresentar, no primeiro trimestre de cada ano, ao Conselho Nacional de Pol\u00edtica Criminal e Penitenci\u00e1ria, relat\u00f3rio dos trabalhos efetuados no exerc\u00edcio anterior;<br \/>\n<strong>V<\/strong> &#8211; supervisionar os patronatos, bem como a assist\u00eancia aos egressos;<br \/>\n<strong>VI<\/strong> &#8211; coordenar e promover dilig\u00eancias para completa instru\u00e7\u00e3o das proposi\u00e7\u00f5es de livramento condicional, indulto e comuta\u00e7\u00e3o de pena;<br \/>\n<strong>VII<\/strong> &#8211; tomar iniciativa, junto \u00e0s autoridades competentes, para concess\u00e3o de medidas em favor dos sentenciados;<\/p>\n<h3><strong><span style=\"color: #066f32\">Composi\u00e7\u00e3o atual do Conselho<\/span><\/strong><\/h3>\n<p><strong>I<\/strong> \u2013 um representante do Minist\u00e9rio P\u00fablico Federal, indicado pelo Procurador-Geral da Rep\u00fablica no Estado do Cear\u00e1; Adalberto Delgado Neto (NOMEADO DIA 06 DE AGOSTO DE 2020) Processo: 05954309\/2019 \u2013 TEMPO DE MANDATO: 18 DE SETEMBRO DE 2020 \u00c1 18 DE SETEMBRO DE 2024<\/p>\n<p><strong>II<\/strong> \u2013 um representante do Minist\u00e9rio P\u00fablico Estadual, indicado pelo Procurador-Geral de Justi\u00e7a; (NOMEADO DIA 24 DE MAR\u00c7O DE 2022) Processo: 09725839\/2021 \u2013 TEMPO DE MANDATO: 08 DE ABRIL DE 2022 \u00c1 08 DE ABRIL DE 2026<\/p>\n<p><strong>III<\/strong> \u2013 um representante da Defensoria P\u00fablica Geral do Estado (DPGE), indicado pelo Defensor P\u00fablico Geral; Jorge Bheron Rocha (NOMEADO DIA 06 DE AGOSTO DE 2020) Processo: 05954209\/2019 \u2013 TEMPO DE MANDATO: 18 DE SETEMBRO DE 2020 \u00c1 18 DE SETEMBRO DE 2024 (PRESIDENTE)<\/p>\n<p><strong>IV<\/strong> \u2013 um representante da Ordem dos Advogados do Brasil (OAB) \u2013 Se\u00e7\u00e3o do Cear\u00e1; Dr. M\u00e1rcio Vitor Meyer de Albuquerque (NOMEADO DIA 06 DE AGOSTO DE 2020) Processo: 07564311\/2019 \u2013 18 DE SETEMBRO DE 2020 \u00c1 18 DE SETEMBRO DE 2024 (VICE-PRESIDENTE)<\/p>\n<p><strong>V<\/strong> \u2013 um representante da Coordenadoria do Sistema Penal, da Secretaria da Justi\u00e7a e da Cidadania (Sejus); (AGUARDANDO POSSE)<\/p>\n<p><strong>VI<\/strong> \u2013 tr\u00eas especialistas, professores ou profissionais da \u00e1rea de Direito Penal ou Processual Penal, Criminologia e Direito Penitenci\u00e1rio, Psiquiatria Forense ou Psicologia Criminal e ci\u00eancias correlatas; Nathanael Benicio Bezerra; Tatiana Maria Ribeiro Silva; Isabela Albuquerque Mustafa \u2013 (NOMEADOS DIA 13 DE JUNHO DE 2022) PROCESSO: 02858614\/2022 \u2013 TEMPO DE MANDATO: 15 DE JUNHO DE 2022 \u00c1 15 DE JUNHO DE 2026;<\/p>\n<p><strong>VII<\/strong> \u2013 dois representantes da comunidade. Jos\u00e9 Cl\u00e1udio Souto Justa \u2013 (NOMEADO DIA 11 DE FEVEREIRO DE 2020) Processo: 11423620\/2019 \u2013 TEMPO DE MANDATO: 19 DE FEVEREIRO DE 2020 \u00c1 19 DE FEVEREIRO DE 2024 e Ruth Leite Vieira \u2013 (NOMEADA DIA 14 DE ABRIL DE 2021) PROCESSO: 018299\/29\/2021 \u2013 TEMPO DE MANDATO: 02 DE JULHO DE 2021 \u00c0 02 DE JULHO DE 2025<\/p>\n<p><strong>VIII<\/strong> \u2013 01 (um) representante do Sindicato dos Agentes e Servidores no Sistema Penitenci\u00e1rio do Estado do Cear\u00e1 \u2013 SINDASP \u2013 CE: Rafael Magno da Silva Pinto \u2013 (NOMEADO DIA 16 DE NOVEMBRO DE 2020) PROCESS: 03755319\/2020\u2013 TEMPO DE MANDATO: 15 DE JANEIRO DE 2021 \u00c1 15 DE JANEIRO DE 2025<\/p>\n<p><strong>IX<\/strong> \u2013 01 (um) representante da Pastoral Carcer\u00e1ria do Cear\u00e1: Pe. Marco Passerini \u2013 (NOMEADO 12 DE NOVEMBRO DE 2020) PROCESSO: 07078184\/2020 \u2013 TEMPO DE MANDATO: 15 DE JANEIRO DE 2021 \u00c1 15 DE JANEIRO DE 2025<\/p>\n<blockquote>\n<h4><a href=\"https:\/\/ww16.ce.gov.br\/sap\/wp-content\/uploads\/sites\/51\/2022\/07\/Decreto-31.419-COPEN.pdf\">DECRETO FEDERAL DE CRIA\u00c7\u00c3O DO CONSELHO PENITENCI\u00c1RIO<\/a><\/h4>\n<\/blockquote>\n<p><strong>Para mais informa\u00e7\u00f5es:<\/strong> entrar em contato pelo n\u00famero <strong>3101-2859<\/strong> ou pelo e-mail <strong>conselho.penitenciario@sap.ce.gov.br<\/strong><\/p>\n","protected":false},"excerpt":{"rendered":"<p>Criado em 27 de janeiro de 1927, em atendimento ao Decreto Federal n\u00ba 16.665 de 06 de novembro de 1924, o\u00a0Conselho Penitenci\u00e1rio do Estado do Cear\u00e1 \u00e9 um \u00f3rg\u00e3o consultivo e fiscalizador da execu\u00e7\u00e3o da pena, tendo a incumb\u00eancia de colaborar na elabora\u00e7\u00e3o e revis\u00e3o da Pol\u00edtica Criminal e Penitenci\u00e1ria do Estado. Principais atribui\u00e7\u00f5es do [&hellip;]<\/p>\n","protected":false},"author":12,"featured_media":0,"parent":0,"menu_order":0,"comment_status":"closed","ping_status":"closed","template":"","meta":{"_acf_changed":false,"inline_featured_image":false,"footnotes":""},"class_list":["post-67902","page","type-page","status-publish","hentry"],"acf":[],"yoast_head":"<!-- This site is optimized with the Yoast SEO plugin v27.3 - https:\/\/yoast.com\/product\/yoast-seo-wordpress\/ -->\n<title>Conselho Penitenci\u00e1rio - SAP<\/title>\n<meta name=\"robots\" content=\"index, follow, max-snippet:-1, max-image-preview:large, max-video-preview:-1\" \/>\n<link rel=\"canonical\" href=\"https:\/\/ww16.ce.gov.br\/sap\/conselho-penitenciario\/\" \/>\n<meta property=\"og:locale\" content=\"pt_BR\" \/>\n<meta property=\"og:type\" content=\"article\" \/>\n<meta property=\"og:title\" content=\"Conselho Penitenci\u00e1rio - SAP\" \/>\n<meta property=\"og:description\" content=\"Criado em 27 de janeiro de 1927, em atendimento ao Decreto Federal n\u00ba 16.665 de 06 de novembro de 1924, o\u00a0Conselho Penitenci\u00e1rio do Estado do Cear\u00e1 \u00e9 um \u00f3rg\u00e3o consultivo e fiscalizador da execu\u00e7\u00e3o da pena, tendo a incumb\u00eancia de colaborar na elabora\u00e7\u00e3o e revis\u00e3o da Pol\u00edtica Criminal e Penitenci\u00e1ria do Estado. Principais atribui\u00e7\u00f5es do [&hellip;]\" \/>\n<meta property=\"og:url\" content=\"https:\/\/ww16.ce.gov.br\/sap\/conselho-penitenciario\/\" \/>\n<meta property=\"og:site_name\" content=\"SAP\" \/>\n<meta property=\"article:modified_time\" content=\"2026-05-12T19:18:39+00:00\" \/>\n<meta name=\"twitter:card\" content=\"summary_large_image\" \/>\n<meta name=\"twitter:label1\" content=\"Est. reading time\" \/>\n\t<meta name=\"twitter:data1\" content=\"4 minutos\" \/>\n<script type=\"application\/ld+json\" class=\"yoast-schema-graph\">{\"@context\":\"https:\\\/\\\/schema.org\",\"@graph\":[{\"@type\":\"WebPage\",\"@id\":\"https:\\\/\\\/ww16.ce.gov.br\\\/sap\\\/conselho-penitenciario\\\/\",\"url\":\"https:\\\/\\\/ww16.ce.gov.br\\\/sap\\\/conselho-penitenciario\\\/\",\"name\":\"Conselho Penitenci\u00e1rio - SAP\",\"isPartOf\":{\"@id\":\"https:\\\/\\\/ww16.ce.gov.br\\\/sap\\\/#website\"},\"datePublished\":\"2019-01-15T19:29:05+00:00\",\"dateModified\":\"2026-05-12T19:18:39+00:00\",\"breadcrumb\":{\"@id\":\"https:\\\/\\\/ww16.ce.gov.br\\\/sap\\\/conselho-penitenciario\\\/#breadcrumb\"},\"inLanguage\":\"pt-BR\",\"potentialAction\":[{\"@type\":\"ReadAction\",\"target\":[\"https:\\\/\\\/ww16.ce.gov.br\\\/sap\\\/conselho-penitenciario\\\/\"]}]},{\"@type\":\"BreadcrumbList\",\"@id\":\"https:\\\/\\\/ww16.ce.gov.br\\\/sap\\\/conselho-penitenciario\\\/#breadcrumb\",\"itemListElement\":[{\"@type\":\"ListItem\",\"position\":1,\"name\":\"In\u00edcio\",\"item\":\"https:\\\/\\\/ww16.ce.gov.br\\\/sap\\\/\"},{\"@type\":\"ListItem\",\"position\":2,\"name\":\"Conselho Penitenci\u00e1rio\"}]},{\"@type\":\"WebSite\",\"@id\":\"https:\\\/\\\/ww16.ce.gov.br\\\/sap\\\/#website\",\"url\":\"https:\\\/\\\/ww16.ce.gov.br\\\/sap\\\/\",\"name\":\"Secretaria da Justi\u00e7a e Cidadania\",\"description\":\"Portal SAP\",\"potentialAction\":[{\"@type\":\"SearchAction\",\"target\":{\"@type\":\"EntryPoint\",\"urlTemplate\":\"https:\\\/\\\/ww16.ce.gov.br\\\/sap\\\/?s={search_term_string}\"},\"query-input\":{\"@type\":\"PropertyValueSpecification\",\"valueRequired\":true,\"valueName\":\"search_term_string\"}}],\"inLanguage\":\"pt-BR\"}]}<\/script>\n<!-- \/ Yoast SEO plugin. -->","yoast_head_json":{"title":"Conselho Penitenci\u00e1rio - SAP","robots":{"index":"index","follow":"follow","max-snippet":"max-snippet:-1","max-image-preview":"max-image-preview:large","max-video-preview":"max-video-preview:-1"},"canonical":"https:\/\/ww16.ce.gov.br\/sap\/conselho-penitenciario\/","og_locale":"pt_BR","og_type":"article","og_title":"Conselho Penitenci\u00e1rio - SAP","og_description":"Criado em 27 de janeiro de 1927, em atendimento ao Decreto Federal n\u00ba 16.665 de 06 de novembro de 1924, o\u00a0Conselho Penitenci\u00e1rio do Estado do Cear\u00e1 \u00e9 um \u00f3rg\u00e3o consultivo e fiscalizador da execu\u00e7\u00e3o da pena, tendo a incumb\u00eancia de colaborar na elabora\u00e7\u00e3o e revis\u00e3o da Pol\u00edtica Criminal e Penitenci\u00e1ria do Estado. Principais atribui\u00e7\u00f5es do [&hellip;]","og_url":"https:\/\/ww16.ce.gov.br\/sap\/conselho-penitenciario\/","og_site_name":"SAP","article_modified_time":"2026-05-12T19:18:39+00:00","twitter_card":"summary_large_image","twitter_misc":{"Est. reading time":"4 minutos"},"schema":{"@context":"https:\/\/schema.org","@graph":[{"@type":"WebPage","@id":"https:\/\/ww16.ce.gov.br\/sap\/conselho-penitenciario\/","url":"https:\/\/ww16.ce.gov.br\/sap\/conselho-penitenciario\/","name":"Conselho Penitenci\u00e1rio - SAP","isPartOf":{"@id":"https:\/\/ww16.ce.gov.br\/sap\/#website"},"datePublished":"2019-01-15T19:29:05+00:00","dateModified":"2026-05-12T19:18:39+00:00","breadcrumb":{"@id":"https:\/\/ww16.ce.gov.br\/sap\/conselho-penitenciario\/#breadcrumb"},"inLanguage":"pt-BR","potentialAction":[{"@type":"ReadAction","target":["https:\/\/ww16.ce.gov.br\/sap\/conselho-penitenciario\/"]}]},{"@type":"BreadcrumbList","@id":"https:\/\/ww16.ce.gov.br\/sap\/conselho-penitenciario\/#breadcrumb","itemListElement":[{"@type":"ListItem","position":1,"name":"In\u00edcio","item":"https:\/\/ww16.ce.gov.br\/sap\/"},{"@type":"ListItem","position":2,"name":"Conselho Penitenci\u00e1rio"}]},{"@type":"WebSite","@id":"https:\/\/ww16.ce.gov.br\/sap\/#website","url":"https:\/\/ww16.ce.gov.br\/sap\/","name":"Secretaria da Justi\u00e7a e Cidadania","description":"Portal SAP","potentialAction":[{"@type":"SearchAction","target":{"@type":"EntryPoint","urlTemplate":"https:\/\/ww16.ce.gov.br\/sap\/?s={search_term_string}"},"query-input":{"@type":"PropertyValueSpecification","valueRequired":true,"valueName":"search_term_string"}}],"inLanguage":"pt-BR"}]}},"_links":{"self":[{"href":"https:\/\/www.ce.gov.br\/sap\/wp-json\/wp\/v2\/pages\/67902","targetHints":{"allow":["GET"]}}],"collection":[{"href":"https:\/\/www.ce.gov.br\/sap\/wp-json\/wp\/v2\/pages"}],"about":[{"href":"https:\/\/www.ce.gov.br\/sap\/wp-json\/wp\/v2\/types\/page"}],"author":[{"embeddable":true,"href":"https:\/\/www.ce.gov.br\/sap\/wp-json\/wp\/v2\/users\/12"}],"replies":[{"embeddable":true,"href":"https:\/\/www.ce.gov.br\/sap\/wp-json\/wp\/v2\/comments?post=67902"}],"version-history":[{"count":9,"href":"https:\/\/www.ce.gov.br\/sap\/wp-json\/wp\/v2\/pages\/67902\/revisions"}],"predecessor-version":[{"id":82432,"href":"https:\/\/www.ce.gov.br\/sap\/wp-json\/wp\/v2\/pages\/67902\/revisions\/82432"}],"wp:attachment":[{"href":"https:\/\/www.ce.gov.br\/sap\/wp-json\/wp\/v2\/media?parent=67902"}],"curies":[{"name":"wp","href":"https:\/\/api.w.org\/{rel}","templated":true}]}}