{"id":68063,"date":"2019-04-02T13:11:41","date_gmt":"2019-04-02T16:11:41","guid":{"rendered":"http:\/\/ww16.ce.gov.br\/sap\/?page_id=68063"},"modified":"2026-05-12T16:21:02","modified_gmt":"2026-05-12T19:21:02","slug":"cap","status":"publish","type":"page","link":"https:\/\/www.ce.gov.br\/sap\/cap\/","title":{"rendered":"COAP"},"content":{"rendered":"<hr \/>\n<p><img loading=\"lazy\" decoding=\"async\" class=\"size-medium wp-image-74137 alignleft\" src=\"https:\/\/ww16.ce.gov.br\/sap\/wp-content\/uploads\/sites\/51\/2022\/07\/DSC_0824-600x397.jpg\" alt=\"\" width=\"348\" height=\"230\" srcset=\"https:\/\/www.ce.gov.br\/sap\/wp-content\/uploads\/sites\/51\/2022\/07\/DSC_0824-600x397.jpg 600w, https:\/\/www.ce.gov.br\/sap\/wp-content\/uploads\/sites\/51\/2022\/07\/DSC_0824-1200x795.jpg 1200w, https:\/\/www.ce.gov.br\/sap\/wp-content\/uploads\/sites\/51\/2022\/07\/DSC_0824-768x509.jpg 768w, https:\/\/www.ce.gov.br\/sap\/wp-content\/uploads\/sites\/51\/2022\/07\/DSC_0824-1536x1017.jpg 1536w, https:\/\/www.ce.gov.br\/sap\/wp-content\/uploads\/sites\/51\/2022\/07\/DSC_0824-2048x1356.jpg 2048w\" sizes=\"auto, (max-width: 348px) 100vw, 348px\" \/><\/p>\n<p>A Coordenadoria de Alternativas Penais (COAP) tem como miss\u00e3o possibilitar \u00e0s pessoas em cumprimento de Alternativas Penais em Fortaleza e nas comarcas do Estado do Cear\u00e1 abrangidas, condi\u00e7\u00f5es adequadas de fiscaliza\u00e7\u00e3o e acompanhamento psicossocial por meio de atendimento individual e grupos reflexivos, entre outras a\u00e7\u00f5es, favorecendo o desenvolvimento pessoal e a n\u00e3o reincid\u00eancia criminal.<\/p>\n<p>As alternativas penais acompanhadas pela COAP s\u00e3o:<br \/>\nI &#8211; Penas restritivas de direitos;<br \/>\nII &#8211; Transa\u00e7\u00e3o penal e suspens\u00e3o condicional do processo;<br \/>\nIII &#8211; Suspens\u00e3o condicional da pena privativa de liberdade;<br \/>\nIV &#8211; Acordos de N\u00e3o Persecu\u00e7\u00e3o Penal;<br \/>\nV &#8211; Medidas cautelares diversas da pris\u00e3o;<br \/>\nVI &#8211; Medidas protetivas de urg\u00eancia que obrigam homens autores de viol\u00eancias contra as mulheres.<\/p>\n<p>A sede da COAP, em Fortaleza, est\u00e1 localizada na Avenida Her\u00e1clito Gra\u00e7a, 600 &#8211; Centro. A Coordena\u00e7\u00e3o possui, ainda, postos de servi\u00e7os nos f\u00f3runs das comarcas de Caucaia, Maracana\u00fa, Crate\u00fas, Sobral, Juazeiro do Norte e Quixad\u00e1, al\u00e9m de, em parceria com a COMEP de Unidades de Monitora\u00e7\u00e3o Eletr\u00f4nica e Alternativas Penais em Juazeiro do Norte, Iguatu, Quixad\u00e1, Itapipoca e Sobral.<\/p>\n<p><strong>Fortaleza<\/strong>: (85) 982010132 (Whatsapp), coap@sap.ce.gov.br.<br \/>\nEndere\u00e7os: Avenida Her\u00e1clito Gra\u00e7a, n\u00ba 600, Centro, Fortaleza, Cear\u00e1. CEP: 60.140-060.<\/p>\n<p><strong>Juazeiro do Norte<\/strong>: (88) 3511-5726; monitoramento.cariri@sap.ce.gov.br<br \/>\nEndere\u00e7o: Rua das Flores, s\/n, bairro Santa Teresa, Juazeiro do Norte, Cear\u00e1. CEP: 63.050-325.<\/p>\n<p><strong>Itapipoca<\/strong>: (88) 3631-3777; monitoramento.litoraloeste@sap.ce.gov.br<br \/>\nEndere\u00e7o: Avenida Anast\u00e1cio Braga, 2770, Novo Horizonte, Itapipoca, Cear\u00e1. CEP: 62.500-000.<\/p>\n<p><strong>Quixad\u00e1<\/strong>: (85) 98878-8769; sertaocentral.monitoramento@sap.ce.gov.br<br \/>\nEndere\u00e7o: Travessa Jos\u00e9 Juc\u00e1, 116, Centro, Quixad\u00e1, Cear\u00e1. CEP: 63.900-085.<br \/>\nRespons\u00e1vel: Emanuelle Maria Fernandes Pereira (supervisora)<\/p>\n<p><strong>Iguatu<\/strong>: (88) 3581-6802<br \/>\nEndere\u00e7o: Rua 15 de novembro, s\/n, bairro Flores, Iguatu, Cear\u00e1 (Antiga Cadeia P\u00fablica). CEP: 63.500-000.<\/p>\n<p><strong>Sobral<\/strong>: Endere\u00e7o: Avenida Monsenhor Alo\u00edsio Pinto, 1300. Dom Expedito, Sobral. CEP: 62.051-225.<\/p>\n<p><strong>Caucaia:<\/strong> (85) 3452-4687 (whatsapp); (85) 98207-2443 (liga\u00e7\u00e3o)<br \/>\nEndere\u00e7o: Rua 15 de Outubro, s\/n, bairro Novo Pabussu, Caucaia, Cear\u00e1. CEP: 61.600-272.<\/p>\n<p><strong>Maracana\u00fa<\/strong>: (85) 9 8165 0306<br \/>\nEndere\u00e7o: Rua Luiz Hon\u00f3rio de Abreu, 790, Piratininga, Maracana\u00fa. CEP: 61.903-305.<\/p>\n<p><strong>Crate\u00fas<\/strong>:<br \/>\nEndere\u00e7o: Rua Jones Gomes de Freitas, bairro Campo Velho, Crate\u00fas, Cear\u00e1. CEP: 63.701-235<\/p>\n<h4><strong>Mais informa\u00e7\u00f5es<\/strong><\/h4>\n<p>Atrav\u00e9s do whatsapp <strong>(85) 982010132<\/strong> ou pelo email:<strong> coap@sap.ce.gov.br<\/strong><\/p>\n<p><a href=\"https:\/\/ww16.ce.gov.br\/sap\/wp-content\/uploads\/sites\/51\/2025\/01\/COAP-10-ANOS-RELATORIO-DE-ATIVIDADES-1.pdf\">Relat\u00f3rio 10 anos da COAP<\/a><\/p>\n","protected":false},"excerpt":{"rendered":"<p>A Coordenadoria de Alternativas Penais (COAP) tem como miss\u00e3o possibilitar \u00e0s pessoas em cumprimento de Alternativas Penais em Fortaleza e nas comarcas do Estado do Cear\u00e1 abrangidas, condi\u00e7\u00f5es adequadas de fiscaliza\u00e7\u00e3o e acompanhamento psicossocial por meio de atendimento individual e grupos reflexivos, entre outras a\u00e7\u00f5es, favorecendo o desenvolvimento pessoal e a n\u00e3o reincid\u00eancia criminal. As [&hellip;]<\/p>\n","protected":false},"author":12,"featured_media":0,"parent":0,"menu_order":0,"comment_status":"closed","ping_status":"closed","template":"","meta":{"_acf_changed":false,"inline_featured_image":false,"footnotes":""},"class_list":["post-68063","page","type-page","status-publish","hentry"],"acf":[],"yoast_head":"<!-- This site is optimized with the Yoast SEO plugin v27.3 - https:\/\/yoast.com\/product\/yoast-seo-wordpress\/ -->\n<title>COAP - SAP<\/title>\n<meta name=\"robots\" content=\"index, follow, max-snippet:-1, max-image-preview:large, max-video-preview:-1\" \/>\n<link rel=\"canonical\" href=\"https:\/\/ww16.ce.gov.br\/sap\/cap\/\" \/>\n<meta property=\"og:locale\" content=\"pt_BR\" \/>\n<meta property=\"og:type\" content=\"article\" \/>\n<meta property=\"og:title\" content=\"COAP - SAP\" \/>\n<meta property=\"og:description\" content=\"A Coordenadoria de Alternativas Penais (COAP) tem como miss\u00e3o possibilitar \u00e0s pessoas em cumprimento de Alternativas Penais em Fortaleza e nas comarcas do Estado do Cear\u00e1 abrangidas, condi\u00e7\u00f5es adequadas de fiscaliza\u00e7\u00e3o e acompanhamento psicossocial por meio de atendimento individual e grupos reflexivos, entre outras a\u00e7\u00f5es, favorecendo o desenvolvimento pessoal e a n\u00e3o reincid\u00eancia criminal. As [&hellip;]\" \/>\n<meta property=\"og:url\" content=\"https:\/\/ww16.ce.gov.br\/sap\/cap\/\" \/>\n<meta property=\"og:site_name\" content=\"SAP\" \/>\n<meta property=\"article:modified_time\" content=\"2026-05-12T19:21:02+00:00\" \/>\n<meta property=\"og:image\" content=\"http:\/\/ww16.ce.gov.br\/sap\/wp-content\/uploads\/sites\/51\/2022\/07\/DSC_0824-600x397.jpg\" \/>\n<meta name=\"twitter:card\" content=\"summary_large_image\" \/>\n<meta name=\"twitter:label1\" content=\"Est. reading time\" \/>\n\t<meta name=\"twitter:data1\" content=\"3 minutos\" \/>\n<script type=\"application\/ld+json\" class=\"yoast-schema-graph\">{\"@context\":\"https:\\\/\\\/schema.org\",\"@graph\":[{\"@type\":\"WebPage\",\"@id\":\"https:\\\/\\\/ww16.ce.gov.br\\\/sap\\\/cap\\\/\",\"url\":\"https:\\\/\\\/ww16.ce.gov.br\\\/sap\\\/cap\\\/\",\"name\":\"COAP - SAP\",\"isPartOf\":{\"@id\":\"https:\\\/\\\/ww16.ce.gov.br\\\/sap\\\/#website\"},\"primaryImageOfPage\":{\"@id\":\"https:\\\/\\\/ww16.ce.gov.br\\\/sap\\\/cap\\\/#primaryimage\"},\"image\":{\"@id\":\"https:\\\/\\\/ww16.ce.gov.br\\\/sap\\\/cap\\\/#primaryimage\"},\"thumbnailUrl\":\"http:\\\/\\\/ww16.ce.gov.br\\\/sap\\\/wp-content\\\/uploads\\\/sites\\\/51\\\/2022\\\/07\\\/DSC_0824-600x397.jpg\",\"datePublished\":\"2019-04-02T16:11:41+00:00\",\"dateModified\":\"2026-05-12T19:21:02+00:00\",\"breadcrumb\":{\"@id\":\"https:\\\/\\\/ww16.ce.gov.br\\\/sap\\\/cap\\\/#breadcrumb\"},\"inLanguage\":\"pt-BR\",\"potentialAction\":[{\"@type\":\"ReadAction\",\"target\":[\"https:\\\/\\\/ww16.ce.gov.br\\\/sap\\\/cap\\\/\"]}]},{\"@type\":\"ImageObject\",\"inLanguage\":\"pt-BR\",\"@id\":\"https:\\\/\\\/ww16.ce.gov.br\\\/sap\\\/cap\\\/#primaryimage\",\"url\":\"http:\\\/\\\/ww16.ce.gov.br\\\/sap\\\/wp-content\\\/uploads\\\/sites\\\/51\\\/2022\\\/07\\\/DSC_0824-600x397.jpg\",\"contentUrl\":\"http:\\\/\\\/ww16.ce.gov.br\\\/sap\\\/wp-content\\\/uploads\\\/sites\\\/51\\\/2022\\\/07\\\/DSC_0824-600x397.jpg\"},{\"@type\":\"BreadcrumbList\",\"@id\":\"https:\\\/\\\/ww16.ce.gov.br\\\/sap\\\/cap\\\/#breadcrumb\",\"itemListElement\":[{\"@type\":\"ListItem\",\"position\":1,\"name\":\"In\u00edcio\",\"item\":\"https:\\\/\\\/ww16.ce.gov.br\\\/sap\\\/\"},{\"@type\":\"ListItem\",\"position\":2,\"name\":\"COAP\"}]},{\"@type\":\"WebSite\",\"@id\":\"https:\\\/\\\/ww16.ce.gov.br\\\/sap\\\/#website\",\"url\":\"https:\\\/\\\/ww16.ce.gov.br\\\/sap\\\/\",\"name\":\"Secretaria da Justi\u00e7a e Cidadania\",\"description\":\"Portal SAP\",\"potentialAction\":[{\"@type\":\"SearchAction\",\"target\":{\"@type\":\"EntryPoint\",\"urlTemplate\":\"https:\\\/\\\/ww16.ce.gov.br\\\/sap\\\/?s={search_term_string}\"},\"query-input\":{\"@type\":\"PropertyValueSpecification\",\"valueRequired\":true,\"valueName\":\"search_term_string\"}}],\"inLanguage\":\"pt-BR\"}]}<\/script>\n<!-- \/ Yoast SEO plugin. -->","yoast_head_json":{"title":"COAP - SAP","robots":{"index":"index","follow":"follow","max-snippet":"max-snippet:-1","max-image-preview":"max-image-preview:large","max-video-preview":"max-video-preview:-1"},"canonical":"https:\/\/ww16.ce.gov.br\/sap\/cap\/","og_locale":"pt_BR","og_type":"article","og_title":"COAP - SAP","og_description":"A Coordenadoria de Alternativas Penais (COAP) tem como miss\u00e3o possibilitar \u00e0s pessoas em cumprimento de Alternativas Penais em Fortaleza e nas comarcas do Estado do Cear\u00e1 abrangidas, condi\u00e7\u00f5es adequadas de fiscaliza\u00e7\u00e3o e acompanhamento psicossocial por meio de atendimento individual e grupos reflexivos, entre outras a\u00e7\u00f5es, favorecendo o desenvolvimento pessoal e a n\u00e3o reincid\u00eancia criminal. As [&hellip;]","og_url":"https:\/\/ww16.ce.gov.br\/sap\/cap\/","og_site_name":"SAP","article_modified_time":"2026-05-12T19:21:02+00:00","og_image":[{"url":"http:\/\/ww16.ce.gov.br\/sap\/wp-content\/uploads\/sites\/51\/2022\/07\/DSC_0824-600x397.jpg","type":"","width":"","height":""}],"twitter_card":"summary_large_image","twitter_misc":{"Est. reading time":"3 minutos"},"schema":{"@context":"https:\/\/schema.org","@graph":[{"@type":"WebPage","@id":"https:\/\/ww16.ce.gov.br\/sap\/cap\/","url":"https:\/\/ww16.ce.gov.br\/sap\/cap\/","name":"COAP - SAP","isPartOf":{"@id":"https:\/\/ww16.ce.gov.br\/sap\/#website"},"primaryImageOfPage":{"@id":"https:\/\/ww16.ce.gov.br\/sap\/cap\/#primaryimage"},"image":{"@id":"https:\/\/ww16.ce.gov.br\/sap\/cap\/#primaryimage"},"thumbnailUrl":"http:\/\/ww16.ce.gov.br\/sap\/wp-content\/uploads\/sites\/51\/2022\/07\/DSC_0824-600x397.jpg","datePublished":"2019-04-02T16:11:41+00:00","dateModified":"2026-05-12T19:21:02+00:00","breadcrumb":{"@id":"https:\/\/ww16.ce.gov.br\/sap\/cap\/#breadcrumb"},"inLanguage":"pt-BR","potentialAction":[{"@type":"ReadAction","target":["https:\/\/ww16.ce.gov.br\/sap\/cap\/"]}]},{"@type":"ImageObject","inLanguage":"pt-BR","@id":"https:\/\/ww16.ce.gov.br\/sap\/cap\/#primaryimage","url":"http:\/\/ww16.ce.gov.br\/sap\/wp-content\/uploads\/sites\/51\/2022\/07\/DSC_0824-600x397.jpg","contentUrl":"http:\/\/ww16.ce.gov.br\/sap\/wp-content\/uploads\/sites\/51\/2022\/07\/DSC_0824-600x397.jpg"},{"@type":"BreadcrumbList","@id":"https:\/\/ww16.ce.gov.br\/sap\/cap\/#breadcrumb","itemListElement":[{"@type":"ListItem","position":1,"name":"In\u00edcio","item":"https:\/\/ww16.ce.gov.br\/sap\/"},{"@type":"ListItem","position":2,"name":"COAP"}]},{"@type":"WebSite","@id":"https:\/\/ww16.ce.gov.br\/sap\/#website","url":"https:\/\/ww16.ce.gov.br\/sap\/","name":"Secretaria da Justi\u00e7a e Cidadania","description":"Portal SAP","potentialAction":[{"@type":"SearchAction","target":{"@type":"EntryPoint","urlTemplate":"https:\/\/ww16.ce.gov.br\/sap\/?s={search_term_string}"},"query-input":{"@type":"PropertyValueSpecification","valueRequired":true,"valueName":"search_term_string"}}],"inLanguage":"pt-BR"}]}},"_links":{"self":[{"href":"https:\/\/www.ce.gov.br\/sap\/wp-json\/wp\/v2\/pages\/68063","targetHints":{"allow":["GET"]}}],"collection":[{"href":"https:\/\/www.ce.gov.br\/sap\/wp-json\/wp\/v2\/pages"}],"about":[{"href":"https:\/\/www.ce.gov.br\/sap\/wp-json\/wp\/v2\/types\/page"}],"author":[{"embeddable":true,"href":"https:\/\/www.ce.gov.br\/sap\/wp-json\/wp\/v2\/users\/12"}],"replies":[{"embeddable":true,"href":"https:\/\/www.ce.gov.br\/sap\/wp-json\/wp\/v2\/comments?post=68063"}],"version-history":[{"count":17,"href":"https:\/\/www.ce.gov.br\/sap\/wp-json\/wp\/v2\/pages\/68063\/revisions"}],"predecessor-version":[{"id":82435,"href":"https:\/\/www.ce.gov.br\/sap\/wp-json\/wp\/v2\/pages\/68063\/revisions\/82435"}],"wp:attachment":[{"href":"https:\/\/www.ce.gov.br\/sap\/wp-json\/wp\/v2\/media?parent=68063"}],"curies":[{"name":"wp","href":"https:\/\/api.w.org\/{rel}","templated":true}]}}