{"id":75305,"date":"2023-04-10T08:56:10","date_gmt":"2023-04-10T11:56:10","guid":{"rendered":"http:\/\/ww16.ce.gov.br\/sap\/?page_id=75305"},"modified":"2023-04-27T09:21:30","modified_gmt":"2023-04-27T12:21:30","slug":"gpr","status":"publish","type":"page","link":"https:\/\/www.ce.gov.br\/sap\/gpr\/","title":{"rendered":"GPR"},"content":{"rendered":"<p><!--Registros di\u00e1rios-->   <\/p>\n<div>\n<h2><font color=\"fc6836\">Gest\u00e3o para Resultados<\/font><\/h2>\n<section class=\" servico-temas servico-tema-\">\n<div class=\"dt-12\">\n<ul class=\"ListaEst col2 -Laranja\">\n<li class=\"item\">\n                     <a class=\"box\" href=\"https:\/\/ww16.ce.gov.br\/sap\/acordos-de-resultados\/\"><\/p>\n<h5>Acordos de Resultados<\/h5>\n<p>                        <\/a>\n                     <\/li>\n<li class=\"item\">\n                        <a class=\"box\" href=\"https:\/\/ww16.ce.gov.br\/sap\/avaliacao-dos-acordos-de-resultados\/\"><\/p>\n<h5>Avalia\u00e7\u00e3o dos Acordos de Resultados <\/h5>\n<p>                       <\/a>\n                     <\/li>\n<\/ul><\/div>\n<\/section>\n<p><\/br><\/p>\n","protected":false},"excerpt":{"rendered":"<p>Gest\u00e3o para Resultados Acordos de Resultados Avalia\u00e7\u00e3o dos Acordos de Resultados<\/p>\n","protected":false},"author":673,"featured_media":0,"parent":0,"menu_order":0,"comment_status":"closed","ping_status":"closed","template":"pagina-lista-filhas.php","meta":{"_acf_changed":false,"inline_featured_image":false,"footnotes":""},"class_list":["post-75305","page","type-page","status-publish","hentry"],"acf":[],"yoast_head":"<!-- This site is optimized with the Yoast SEO plugin v27.3 - https:\/\/yoast.com\/product\/yoast-seo-wordpress\/ -->\n<title>GPR - SAP<\/title>\n<meta name=\"robots\" content=\"index, follow, max-snippet:-1, max-image-preview:large, max-video-preview:-1\" \/>\n<link rel=\"canonical\" href=\"https:\/\/ww16.ce.gov.br\/sap\/gpr\/\" \/>\n<meta property=\"og:locale\" content=\"pt_BR\" \/>\n<meta property=\"og:type\" content=\"article\" \/>\n<meta property=\"og:title\" content=\"GPR - SAP\" \/>\n<meta property=\"og:description\" content=\"Gest\u00e3o para Resultados Acordos de Resultados Avalia\u00e7\u00e3o dos Acordos de Resultados\" \/>\n<meta property=\"og:url\" content=\"https:\/\/ww16.ce.gov.br\/sap\/gpr\/\" \/>\n<meta property=\"og:site_name\" content=\"SAP\" \/>\n<meta property=\"article:modified_time\" content=\"2023-04-27T12:21:30+00:00\" \/>\n<meta name=\"twitter:card\" content=\"summary_large_image\" \/>\n<script type=\"application\/ld+json\" class=\"yoast-schema-graph\">{\"@context\":\"https:\\\/\\\/schema.org\",\"@graph\":[{\"@type\":\"WebPage\",\"@id\":\"https:\\\/\\\/ww16.ce.gov.br\\\/sap\\\/gpr\\\/\",\"url\":\"https:\\\/\\\/ww16.ce.gov.br\\\/sap\\\/gpr\\\/\",\"name\":\"GPR - SAP\",\"isPartOf\":{\"@id\":\"https:\\\/\\\/ww16.ce.gov.br\\\/sap\\\/#website\"},\"datePublished\":\"2023-04-10T11:56:10+00:00\",\"dateModified\":\"2023-04-27T12:21:30+00:00\",\"breadcrumb\":{\"@id\":\"https:\\\/\\\/ww16.ce.gov.br\\\/sap\\\/gpr\\\/#breadcrumb\"},\"inLanguage\":\"pt-BR\",\"potentialAction\":[{\"@type\":\"ReadAction\",\"target\":[\"https:\\\/\\\/ww16.ce.gov.br\\\/sap\\\/gpr\\\/\"]}]},{\"@type\":\"BreadcrumbList\",\"@id\":\"https:\\\/\\\/ww16.ce.gov.br\\\/sap\\\/gpr\\\/#breadcrumb\",\"itemListElement\":[{\"@type\":\"ListItem\",\"position\":1,\"name\":\"In\u00edcio\",\"item\":\"https:\\\/\\\/ww16.ce.gov.br\\\/sap\\\/\"},{\"@type\":\"ListItem\",\"position\":2,\"name\":\"GPR\"}]},{\"@type\":\"WebSite\",\"@id\":\"https:\\\/\\\/ww16.ce.gov.br\\\/sap\\\/#website\",\"url\":\"https:\\\/\\\/ww16.ce.gov.br\\\/sap\\\/\",\"name\":\"Secretaria da Justi\u00e7a e Cidadania\",\"description\":\"Portal SAP\",\"potentialAction\":[{\"@type\":\"SearchAction\",\"target\":{\"@type\":\"EntryPoint\",\"urlTemplate\":\"https:\\\/\\\/ww16.ce.gov.br\\\/sap\\\/?s={search_term_string}\"},\"query-input\":{\"@type\":\"PropertyValueSpecification\",\"valueRequired\":true,\"valueName\":\"search_term_string\"}}],\"inLanguage\":\"pt-BR\"}]}<\/script>\n<!-- \/ Yoast SEO plugin. -->","yoast_head_json":{"title":"GPR - SAP","robots":{"index":"index","follow":"follow","max-snippet":"max-snippet:-1","max-image-preview":"max-image-preview:large","max-video-preview":"max-video-preview:-1"},"canonical":"https:\/\/ww16.ce.gov.br\/sap\/gpr\/","og_locale":"pt_BR","og_type":"article","og_title":"GPR - SAP","og_description":"Gest\u00e3o para Resultados Acordos de Resultados Avalia\u00e7\u00e3o dos Acordos de Resultados","og_url":"https:\/\/ww16.ce.gov.br\/sap\/gpr\/","og_site_name":"SAP","article_modified_time":"2023-04-27T12:21:30+00:00","twitter_card":"summary_large_image","schema":{"@context":"https:\/\/schema.org","@graph":[{"@type":"WebPage","@id":"https:\/\/ww16.ce.gov.br\/sap\/gpr\/","url":"https:\/\/ww16.ce.gov.br\/sap\/gpr\/","name":"GPR - SAP","isPartOf":{"@id":"https:\/\/ww16.ce.gov.br\/sap\/#website"},"datePublished":"2023-04-10T11:56:10+00:00","dateModified":"2023-04-27T12:21:30+00:00","breadcrumb":{"@id":"https:\/\/ww16.ce.gov.br\/sap\/gpr\/#breadcrumb"},"inLanguage":"pt-BR","potentialAction":[{"@type":"ReadAction","target":["https:\/\/ww16.ce.gov.br\/sap\/gpr\/"]}]},{"@type":"BreadcrumbList","@id":"https:\/\/ww16.ce.gov.br\/sap\/gpr\/#breadcrumb","itemListElement":[{"@type":"ListItem","position":1,"name":"In\u00edcio","item":"https:\/\/ww16.ce.gov.br\/sap\/"},{"@type":"ListItem","position":2,"name":"GPR"}]},{"@type":"WebSite","@id":"https:\/\/ww16.ce.gov.br\/sap\/#website","url":"https:\/\/ww16.ce.gov.br\/sap\/","name":"Secretaria da Justi\u00e7a e Cidadania","description":"Portal SAP","potentialAction":[{"@type":"SearchAction","target":{"@type":"EntryPoint","urlTemplate":"https:\/\/ww16.ce.gov.br\/sap\/?s={search_term_string}"},"query-input":{"@type":"PropertyValueSpecification","valueRequired":true,"valueName":"search_term_string"}}],"inLanguage":"pt-BR"}]}},"_links":{"self":[{"href":"https:\/\/www.ce.gov.br\/sap\/wp-json\/wp\/v2\/pages\/75305","targetHints":{"allow":["GET"]}}],"collection":[{"href":"https:\/\/www.ce.gov.br\/sap\/wp-json\/wp\/v2\/pages"}],"about":[{"href":"https:\/\/www.ce.gov.br\/sap\/wp-json\/wp\/v2\/types\/page"}],"author":[{"embeddable":true,"href":"https:\/\/www.ce.gov.br\/sap\/wp-json\/wp\/v2\/users\/673"}],"replies":[{"embeddable":true,"href":"https:\/\/www.ce.gov.br\/sap\/wp-json\/wp\/v2\/comments?post=75305"}],"version-history":[{"count":8,"href":"https:\/\/www.ce.gov.br\/sap\/wp-json\/wp\/v2\/pages\/75305\/revisions"}],"predecessor-version":[{"id":75525,"href":"https:\/\/www.ce.gov.br\/sap\/wp-json\/wp\/v2\/pages\/75305\/revisions\/75525"}],"wp:attachment":[{"href":"https:\/\/www.ce.gov.br\/sap\/wp-json\/wp\/v2\/media?parent=75305"}],"curies":[{"name":"wp","href":"https:\/\/api.w.org\/{rel}","templated":true}]}}