{"id":75488,"date":"2023-04-27T09:04:46","date_gmt":"2023-04-27T12:04:46","guid":{"rendered":"http:\/\/ww16.ce.gov.br\/sap\/?page_id=75488"},"modified":"2026-05-07T09:27:18","modified_gmt":"2026-05-07T12:27:18","slug":"acordos-de-resultados","status":"publish","type":"page","link":"https:\/\/www.ce.gov.br\/sap\/acordos-de-resultados\/","title":{"rendered":"Acordos de Resultados"},"content":{"rendered":"<p>O Governo do Estado do Cear\u00e1 adota a Gest\u00e3o para Resultados (GpR) como um modelo de gest\u00e3o consubstanciado no conjunto de processos e a\u00e7\u00f5es funcionais e tem\u00e1ticas, integradas de forma multissetorial e estrat\u00e9gica.<\/p>\n<p>Tal modelo de gest\u00e3o, regulamentado pelo Decreto N\u00ba 32.216, de 08 de maio de 2017 (<a href=\"https:\/\/ww16.ce.gov.br\/sap\/wp-content\/uploads\/sites\/51\/2023\/04\/Decreto-N\u00b0-32.216-de-08.05.17.pdf\">clique aqui para baixar o decreto<\/a>), obedece a princ\u00edpios norteadores que guiam o comportamento pessoal e organizacional dos integrantes do Governo do Estado em todas as suas inst\u00e2ncias, sendo eles:<\/p>\n<p><strong>\u00a0 \u00a0 \u00a0\u2022<\/strong>\u00a0 Foco em p\u00fablicos-alvo claros e inequ\u00edvocos;<br \/>\n<strong>\u00a0 \u00a0 \u00a0\u2022<\/strong>\u00a0 Orienta\u00e7\u00e3o para resultados, numa perspectiva de longo prazo;<br \/>\n<strong>\u00a0 \u00a0 \u00a0\u2022<\/strong>\u00a0 Flexibilidade e agilidade administrativa;<br \/>\n<strong>\u00a0 \u00a0 \u00a0\u2022<\/strong>\u00a0 Valoriza\u00e7\u00e3o e comprometimento profissional com resultados;<br \/>\n<strong>\u00a0 \u00a0 \u00a0\u2022<\/strong>\u00a0 Governan\u00e7a p\u00fablica integrada, convergente e colaborativa;<br \/>\n<strong>\u00a0 \u00a0 \u00a0\u2022<\/strong>\u00a0 Participa\u00e7\u00e3o e controle social no governo; e<br \/>\n<strong>\u00a0 \u00a0 \u00a0\u2022<\/strong>\u00a0 Sustentabilidade fiscal e financeira.<\/p>\n<p>Tais princ\u00edpios s\u00e3o postos em pr\u00e1tica, por meio de quatro dimens\u00f5es, que constituem o referencial conceitual utilizado para a concep\u00e7\u00e3o e operacionaliza\u00e7\u00e3o do modelo da GpR no Cear\u00e1: Vis\u00e3o estrat\u00e9gica e escolha de prioridades; Monitoramento e avalia\u00e7\u00e3o sistem\u00e1ticos; Gest\u00e3o e desenvolvimento de pessoas; e Governan\u00e7a orientada para resultados.<\/p>\n<p>A implanta\u00e7\u00e3o dos referidos princ\u00edpios e dimens\u00f5es impactam na reconfigura\u00e7\u00e3o do Ciclo de Gest\u00e3o Estrat\u00e9gica do Governo do Estado do Cear\u00e1, criando, redefinindo e\/ou ajustando a\u00e7\u00f5es funcionais e tem\u00e1ticas, integradas de forma multissetorial nos macroprocessos de Planejamento, Or\u00e7amento, Monitoramento e Avalia\u00e7\u00e3o.<\/p>\n<p>Um dos processos mais representativos desse modelo \u00e9 o de Pactua\u00e7\u00e3o de Compromissos cujo objetivo \u00e9 de definir e contratualizar os principais compromissos setoriais (desafios, indicadores, metas, projetos e entregas), tendo em vista a consecu\u00e7\u00e3o das estrat\u00e9gias estabelecidas no Plano Estrat\u00e9gico de Desenvolvimento de Longo Prazo, nas Agendas Estrat\u00e9gicas Setoriais, obedecendo ao estabelecido no Plano Plurianual.<\/p>\n<p>A Secretaria de Administra\u00e7\u00e3o Penitenci\u00e1ria e Ressocializa\u00e7\u00e3o pactua o Acordo de Resultados, instrumento gerencial assinado pelo Governador do Estado, na figura de Acordante, pelo Secret\u00e1rio de Estado, como Acordado, e pelos Secret\u00e1rios do Planejamento e Gest\u00e3o e da Fazenda, como Intervenientes.<\/p>\n<p>A seguir est\u00e3o disponibilizados os acordos de resultados assinados:<\/p>\n<h3><strong>2022<\/strong><\/h3>\n<p><strong>\u2022<\/strong> <a href=\"https:\/\/ww16.ce.gov.br\/sap\/wp-content\/uploads\/sites\/51\/2023\/04\/Secretaria-da-Administracao-Penitenciaria_2022.pdf\">Secretaria da Administra\u00e7\u00e3o Penitenci\u00e1ria<\/a><\/p>\n<h3><strong>2021<\/strong><\/h3>\n<p><strong>\u2022<\/strong> <a href=\"https:\/\/ww16.ce.gov.br\/sap\/wp-content\/uploads\/sites\/51\/2023\/04\/Secretaria-da-Administracao-Penitenciaria-2021.pdf\">Secretaria da Administra\u00e7\u00e3o Penitenci\u00e1ria<\/a><\/p>\n<h3><strong>2020<\/strong><\/h3>\n<p><strong>\u2022<\/strong> <a href=\"https:\/\/ww16.ce.gov.br\/sap\/wp-content\/uploads\/sites\/51\/2023\/04\/Secretaria-da-Administracao-Penitenciaria-2020.pdf\">Secretaria da Administra\u00e7\u00e3o Penitenci\u00e1ria<\/a><\/p>\n<h3><strong>2019<\/strong><\/h3>\n<p><strong>\u2022<\/strong> <a href=\"https:\/\/ww16.ce.gov.br\/sap\/wp-content\/uploads\/sites\/51\/2023\/04\/Secretaria-da-Administracao-Penitenciaria-2019.pdf\">Secretaria da Administra\u00e7\u00e3o Penitenci\u00e1ria<\/a><\/p>\n","protected":false},"excerpt":{"rendered":"<p>O Governo do Estado do Cear\u00e1 adota a Gest\u00e3o para Resultados (GpR) como um modelo de gest\u00e3o consubstanciado no conjunto de processos e a\u00e7\u00f5es funcionais e tem\u00e1ticas, integradas de forma multissetorial e estrat\u00e9gica. Tal modelo de gest\u00e3o, regulamentado pelo Decreto N\u00ba 32.216, de 08 de maio de 2017 (clique aqui para baixar o decreto), obedece [&hellip;]<\/p>\n","protected":false},"author":673,"featured_media":0,"parent":0,"menu_order":0,"comment_status":"closed","ping_status":"closed","template":"","meta":{"_acf_changed":false,"inline_featured_image":false,"footnotes":""},"class_list":["post-75488","page","type-page","status-publish","hentry"],"acf":[],"yoast_head":"<!-- This site is optimized with the Yoast SEO plugin v27.3 - https:\/\/yoast.com\/product\/yoast-seo-wordpress\/ -->\n<title>Acordos de Resultados - SAP<\/title>\n<meta name=\"robots\" content=\"index, follow, max-snippet:-1, max-image-preview:large, max-video-preview:-1\" \/>\n<link rel=\"canonical\" href=\"https:\/\/ww16.ce.gov.br\/sap\/acordos-de-resultados\/\" \/>\n<meta property=\"og:locale\" content=\"pt_BR\" \/>\n<meta property=\"og:type\" content=\"article\" \/>\n<meta property=\"og:title\" content=\"Acordos de Resultados - SAP\" \/>\n<meta property=\"og:description\" content=\"O Governo do Estado do Cear\u00e1 adota a Gest\u00e3o para Resultados (GpR) como um modelo de gest\u00e3o consubstanciado no conjunto de processos e a\u00e7\u00f5es funcionais e tem\u00e1ticas, integradas de forma multissetorial e estrat\u00e9gica. Tal modelo de gest\u00e3o, regulamentado pelo Decreto N\u00ba 32.216, de 08 de maio de 2017 (clique aqui para baixar o decreto), obedece [&hellip;]\" \/>\n<meta property=\"og:url\" content=\"https:\/\/ww16.ce.gov.br\/sap\/acordos-de-resultados\/\" \/>\n<meta property=\"og:site_name\" content=\"SAP\" \/>\n<meta property=\"article:modified_time\" content=\"2026-05-07T12:27:18+00:00\" \/>\n<meta name=\"twitter:card\" content=\"summary_large_image\" \/>\n<meta name=\"twitter:label1\" content=\"Est. reading time\" \/>\n\t<meta name=\"twitter:data1\" content=\"2 minutos\" \/>\n<script type=\"application\/ld+json\" class=\"yoast-schema-graph\">{\"@context\":\"https:\\\/\\\/schema.org\",\"@graph\":[{\"@type\":\"WebPage\",\"@id\":\"https:\\\/\\\/ww16.ce.gov.br\\\/sap\\\/acordos-de-resultados\\\/\",\"url\":\"https:\\\/\\\/ww16.ce.gov.br\\\/sap\\\/acordos-de-resultados\\\/\",\"name\":\"Acordos de Resultados - SAP\",\"isPartOf\":{\"@id\":\"https:\\\/\\\/ww16.ce.gov.br\\\/sap\\\/#website\"},\"datePublished\":\"2023-04-27T12:04:46+00:00\",\"dateModified\":\"2026-05-07T12:27:18+00:00\",\"breadcrumb\":{\"@id\":\"https:\\\/\\\/ww16.ce.gov.br\\\/sap\\\/acordos-de-resultados\\\/#breadcrumb\"},\"inLanguage\":\"pt-BR\",\"potentialAction\":[{\"@type\":\"ReadAction\",\"target\":[\"https:\\\/\\\/ww16.ce.gov.br\\\/sap\\\/acordos-de-resultados\\\/\"]}]},{\"@type\":\"BreadcrumbList\",\"@id\":\"https:\\\/\\\/ww16.ce.gov.br\\\/sap\\\/acordos-de-resultados\\\/#breadcrumb\",\"itemListElement\":[{\"@type\":\"ListItem\",\"position\":1,\"name\":\"In\u00edcio\",\"item\":\"https:\\\/\\\/ww16.ce.gov.br\\\/sap\\\/\"},{\"@type\":\"ListItem\",\"position\":2,\"name\":\"Acordos de Resultados\"}]},{\"@type\":\"WebSite\",\"@id\":\"https:\\\/\\\/ww16.ce.gov.br\\\/sap\\\/#website\",\"url\":\"https:\\\/\\\/ww16.ce.gov.br\\\/sap\\\/\",\"name\":\"Secretaria da Justi\u00e7a e Cidadania\",\"description\":\"Portal SAP\",\"potentialAction\":[{\"@type\":\"SearchAction\",\"target\":{\"@type\":\"EntryPoint\",\"urlTemplate\":\"https:\\\/\\\/ww16.ce.gov.br\\\/sap\\\/?s={search_term_string}\"},\"query-input\":{\"@type\":\"PropertyValueSpecification\",\"valueRequired\":true,\"valueName\":\"search_term_string\"}}],\"inLanguage\":\"pt-BR\"}]}<\/script>\n<!-- \/ Yoast SEO plugin. -->","yoast_head_json":{"title":"Acordos de Resultados - SAP","robots":{"index":"index","follow":"follow","max-snippet":"max-snippet:-1","max-image-preview":"max-image-preview:large","max-video-preview":"max-video-preview:-1"},"canonical":"https:\/\/ww16.ce.gov.br\/sap\/acordos-de-resultados\/","og_locale":"pt_BR","og_type":"article","og_title":"Acordos de Resultados - SAP","og_description":"O Governo do Estado do Cear\u00e1 adota a Gest\u00e3o para Resultados (GpR) como um modelo de gest\u00e3o consubstanciado no conjunto de processos e a\u00e7\u00f5es funcionais e tem\u00e1ticas, integradas de forma multissetorial e estrat\u00e9gica. Tal modelo de gest\u00e3o, regulamentado pelo Decreto N\u00ba 32.216, de 08 de maio de 2017 (clique aqui para baixar o decreto), obedece [&hellip;]","og_url":"https:\/\/ww16.ce.gov.br\/sap\/acordos-de-resultados\/","og_site_name":"SAP","article_modified_time":"2026-05-07T12:27:18+00:00","twitter_card":"summary_large_image","twitter_misc":{"Est. reading time":"2 minutos"},"schema":{"@context":"https:\/\/schema.org","@graph":[{"@type":"WebPage","@id":"https:\/\/ww16.ce.gov.br\/sap\/acordos-de-resultados\/","url":"https:\/\/ww16.ce.gov.br\/sap\/acordos-de-resultados\/","name":"Acordos de Resultados - SAP","isPartOf":{"@id":"https:\/\/ww16.ce.gov.br\/sap\/#website"},"datePublished":"2023-04-27T12:04:46+00:00","dateModified":"2026-05-07T12:27:18+00:00","breadcrumb":{"@id":"https:\/\/ww16.ce.gov.br\/sap\/acordos-de-resultados\/#breadcrumb"},"inLanguage":"pt-BR","potentialAction":[{"@type":"ReadAction","target":["https:\/\/ww16.ce.gov.br\/sap\/acordos-de-resultados\/"]}]},{"@type":"BreadcrumbList","@id":"https:\/\/ww16.ce.gov.br\/sap\/acordos-de-resultados\/#breadcrumb","itemListElement":[{"@type":"ListItem","position":1,"name":"In\u00edcio","item":"https:\/\/ww16.ce.gov.br\/sap\/"},{"@type":"ListItem","position":2,"name":"Acordos de Resultados"}]},{"@type":"WebSite","@id":"https:\/\/ww16.ce.gov.br\/sap\/#website","url":"https:\/\/ww16.ce.gov.br\/sap\/","name":"Secretaria da Justi\u00e7a e Cidadania","description":"Portal SAP","potentialAction":[{"@type":"SearchAction","target":{"@type":"EntryPoint","urlTemplate":"https:\/\/ww16.ce.gov.br\/sap\/?s={search_term_string}"},"query-input":{"@type":"PropertyValueSpecification","valueRequired":true,"valueName":"search_term_string"}}],"inLanguage":"pt-BR"}]}},"_links":{"self":[{"href":"https:\/\/www.ce.gov.br\/sap\/wp-json\/wp\/v2\/pages\/75488","targetHints":{"allow":["GET"]}}],"collection":[{"href":"https:\/\/www.ce.gov.br\/sap\/wp-json\/wp\/v2\/pages"}],"about":[{"href":"https:\/\/www.ce.gov.br\/sap\/wp-json\/wp\/v2\/types\/page"}],"author":[{"embeddable":true,"href":"https:\/\/www.ce.gov.br\/sap\/wp-json\/wp\/v2\/users\/673"}],"replies":[{"embeddable":true,"href":"https:\/\/www.ce.gov.br\/sap\/wp-json\/wp\/v2\/comments?post=75488"}],"version-history":[{"count":25,"href":"https:\/\/www.ce.gov.br\/sap\/wp-json\/wp\/v2\/pages\/75488\/revisions"}],"predecessor-version":[{"id":82236,"href":"https:\/\/www.ce.gov.br\/sap\/wp-json\/wp\/v2\/pages\/75488\/revisions\/82236"}],"wp:attachment":[{"href":"https:\/\/www.ce.gov.br\/sap\/wp-json\/wp\/v2\/media?parent=75488"}],"curies":[{"name":"wp","href":"https:\/\/api.w.org\/{rel}","templated":true}]}}