{"id":81712,"date":"2025-12-16T15:49:08","date_gmt":"2025-12-16T18:49:08","guid":{"rendered":"http:\/\/ww16.ce.gov.br\/sap\/?page_id=81712"},"modified":"2025-12-16T16:20:25","modified_gmt":"2025-12-16T19:20:25","slug":"adequacao-e-revisao","status":"publish","type":"page","link":"https:\/\/www.ce.gov.br\/sap\/adequacao-e-revisao\/","title":{"rendered":"ADEQUA\u00c7\u00c3O E REVIS\u00c3O"},"content":{"rendered":"<p>&nbsp;<\/p>\n<p>&nbsp;<\/p>\n<ul>\n<li style=\"list-style-type: none\">\n<\/ul>\n<li style=\"list-style-type: none\"><\/li>\n<\/ul>\n<\/li>\n<\/ul>\n<div class=\"Card Informativo BgBranco row\"><strong><a href=\"https:\/\/ww16.ce.gov.br\/sap\/wp-content\/uploads\/sites\/51\/2025\/12\/ADEQUACAO-DAS-METAS-ENTREGAS-2025-Anexo-III.pdf\">ADEQUA\u00c7\u00c3O DAS METAS &#8211; ENTREGAS 2025<\/a><\/strong><\/p>\n<\/div>\n<p>&nbsp;<\/p>\n<div class=\"Card Informativo BgBranco row\"><strong><a href=\"https:\/\/ww16.ce.gov.br\/sap\/wp-content\/uploads\/sites\/51\/2025\/12\/REVISAO-PPA-2026-2027.pdf\">REVIS\u00c3O PPA 2026-2027<\/a><\/strong><\/p>\n<\/div>\n","protected":false},"excerpt":{"rendered":"<p>&nbsp; &nbsp; ADEQUA\u00c7\u00c3O DAS METAS &#8211; ENTREGAS 2025 &nbsp; REVIS\u00c3O PPA 2026-2027<\/p>\n","protected":false},"author":673,"featured_media":0,"parent":0,"menu_order":0,"comment_status":"closed","ping_status":"closed","template":"","meta":{"_acf_changed":false,"inline_featured_image":false,"footnotes":""},"class_list":["post-81712","page","type-page","status-publish","hentry"],"acf":[],"yoast_head":"<!-- This site is optimized with the Yoast SEO plugin v27.3 - https:\/\/yoast.com\/product\/yoast-seo-wordpress\/ -->\n<title>ADEQUA\u00c7\u00c3O E REVIS\u00c3O - SAP<\/title>\n<meta name=\"robots\" content=\"index, follow, max-snippet:-1, max-image-preview:large, max-video-preview:-1\" \/>\n<link rel=\"canonical\" href=\"https:\/\/ww16.ce.gov.br\/sap\/adequacao-e-revisao\/\" \/>\n<meta property=\"og:locale\" content=\"pt_BR\" \/>\n<meta property=\"og:type\" content=\"article\" \/>\n<meta property=\"og:title\" content=\"ADEQUA\u00c7\u00c3O E REVIS\u00c3O - SAP\" \/>\n<meta property=\"og:description\" content=\"&nbsp; &nbsp; ADEQUA\u00c7\u00c3O DAS METAS &#8211; ENTREGAS 2025 &nbsp; REVIS\u00c3O PPA 2026-2027\" \/>\n<meta property=\"og:url\" content=\"https:\/\/ww16.ce.gov.br\/sap\/adequacao-e-revisao\/\" \/>\n<meta property=\"og:site_name\" content=\"SAP\" \/>\n<meta property=\"article:modified_time\" content=\"2025-12-16T19:20:25+00:00\" \/>\n<meta name=\"twitter:card\" content=\"summary_large_image\" \/>\n<meta name=\"twitter:label1\" content=\"Est. reading time\" \/>\n\t<meta name=\"twitter:data1\" content=\"1 minuto\" \/>\n<script type=\"application\/ld+json\" class=\"yoast-schema-graph\">{\"@context\":\"https:\\\/\\\/schema.org\",\"@graph\":[{\"@type\":\"WebPage\",\"@id\":\"https:\\\/\\\/ww16.ce.gov.br\\\/sap\\\/adequacao-e-revisao\\\/\",\"url\":\"https:\\\/\\\/ww16.ce.gov.br\\\/sap\\\/adequacao-e-revisao\\\/\",\"name\":\"ADEQUA\u00c7\u00c3O E REVIS\u00c3O - SAP\",\"isPartOf\":{\"@id\":\"https:\\\/\\\/ww16.ce.gov.br\\\/sap\\\/#website\"},\"datePublished\":\"2025-12-16T18:49:08+00:00\",\"dateModified\":\"2025-12-16T19:20:25+00:00\",\"breadcrumb\":{\"@id\":\"https:\\\/\\\/ww16.ce.gov.br\\\/sap\\\/adequacao-e-revisao\\\/#breadcrumb\"},\"inLanguage\":\"pt-BR\",\"potentialAction\":[{\"@type\":\"ReadAction\",\"target\":[\"https:\\\/\\\/ww16.ce.gov.br\\\/sap\\\/adequacao-e-revisao\\\/\"]}]},{\"@type\":\"BreadcrumbList\",\"@id\":\"https:\\\/\\\/ww16.ce.gov.br\\\/sap\\\/adequacao-e-revisao\\\/#breadcrumb\",\"itemListElement\":[{\"@type\":\"ListItem\",\"position\":1,\"name\":\"In\u00edcio\",\"item\":\"https:\\\/\\\/ww16.ce.gov.br\\\/sap\\\/\"},{\"@type\":\"ListItem\",\"position\":2,\"name\":\"ADEQUA\u00c7\u00c3O E REVIS\u00c3O\"}]},{\"@type\":\"WebSite\",\"@id\":\"https:\\\/\\\/ww16.ce.gov.br\\\/sap\\\/#website\",\"url\":\"https:\\\/\\\/ww16.ce.gov.br\\\/sap\\\/\",\"name\":\"Secretaria da Justi\u00e7a e Cidadania\",\"description\":\"Portal SAP\",\"potentialAction\":[{\"@type\":\"SearchAction\",\"target\":{\"@type\":\"EntryPoint\",\"urlTemplate\":\"https:\\\/\\\/ww16.ce.gov.br\\\/sap\\\/?s={search_term_string}\"},\"query-input\":{\"@type\":\"PropertyValueSpecification\",\"valueRequired\":true,\"valueName\":\"search_term_string\"}}],\"inLanguage\":\"pt-BR\"}]}<\/script>\n<!-- \/ Yoast SEO plugin. -->","yoast_head_json":{"title":"ADEQUA\u00c7\u00c3O E REVIS\u00c3O - SAP","robots":{"index":"index","follow":"follow","max-snippet":"max-snippet:-1","max-image-preview":"max-image-preview:large","max-video-preview":"max-video-preview:-1"},"canonical":"https:\/\/ww16.ce.gov.br\/sap\/adequacao-e-revisao\/","og_locale":"pt_BR","og_type":"article","og_title":"ADEQUA\u00c7\u00c3O E REVIS\u00c3O - SAP","og_description":"&nbsp; &nbsp; ADEQUA\u00c7\u00c3O DAS METAS &#8211; ENTREGAS 2025 &nbsp; REVIS\u00c3O PPA 2026-2027","og_url":"https:\/\/ww16.ce.gov.br\/sap\/adequacao-e-revisao\/","og_site_name":"SAP","article_modified_time":"2025-12-16T19:20:25+00:00","twitter_card":"summary_large_image","twitter_misc":{"Est. reading time":"1 minuto"},"schema":{"@context":"https:\/\/schema.org","@graph":[{"@type":"WebPage","@id":"https:\/\/ww16.ce.gov.br\/sap\/adequacao-e-revisao\/","url":"https:\/\/ww16.ce.gov.br\/sap\/adequacao-e-revisao\/","name":"ADEQUA\u00c7\u00c3O E REVIS\u00c3O - SAP","isPartOf":{"@id":"https:\/\/ww16.ce.gov.br\/sap\/#website"},"datePublished":"2025-12-16T18:49:08+00:00","dateModified":"2025-12-16T19:20:25+00:00","breadcrumb":{"@id":"https:\/\/ww16.ce.gov.br\/sap\/adequacao-e-revisao\/#breadcrumb"},"inLanguage":"pt-BR","potentialAction":[{"@type":"ReadAction","target":["https:\/\/ww16.ce.gov.br\/sap\/adequacao-e-revisao\/"]}]},{"@type":"BreadcrumbList","@id":"https:\/\/ww16.ce.gov.br\/sap\/adequacao-e-revisao\/#breadcrumb","itemListElement":[{"@type":"ListItem","position":1,"name":"In\u00edcio","item":"https:\/\/ww16.ce.gov.br\/sap\/"},{"@type":"ListItem","position":2,"name":"ADEQUA\u00c7\u00c3O E REVIS\u00c3O"}]},{"@type":"WebSite","@id":"https:\/\/ww16.ce.gov.br\/sap\/#website","url":"https:\/\/ww16.ce.gov.br\/sap\/","name":"Secretaria da Justi\u00e7a e Cidadania","description":"Portal SAP","potentialAction":[{"@type":"SearchAction","target":{"@type":"EntryPoint","urlTemplate":"https:\/\/ww16.ce.gov.br\/sap\/?s={search_term_string}"},"query-input":{"@type":"PropertyValueSpecification","valueRequired":true,"valueName":"search_term_string"}}],"inLanguage":"pt-BR"}]}},"_links":{"self":[{"href":"https:\/\/www.ce.gov.br\/sap\/wp-json\/wp\/v2\/pages\/81712","targetHints":{"allow":["GET"]}}],"collection":[{"href":"https:\/\/www.ce.gov.br\/sap\/wp-json\/wp\/v2\/pages"}],"about":[{"href":"https:\/\/www.ce.gov.br\/sap\/wp-json\/wp\/v2\/types\/page"}],"author":[{"embeddable":true,"href":"https:\/\/www.ce.gov.br\/sap\/wp-json\/wp\/v2\/users\/673"}],"replies":[{"embeddable":true,"href":"https:\/\/www.ce.gov.br\/sap\/wp-json\/wp\/v2\/comments?post=81712"}],"version-history":[{"count":6,"href":"https:\/\/www.ce.gov.br\/sap\/wp-json\/wp\/v2\/pages\/81712\/revisions"}],"predecessor-version":[{"id":81734,"href":"https:\/\/www.ce.gov.br\/sap\/wp-json\/wp\/v2\/pages\/81712\/revisions\/81734"}],"wp:attachment":[{"href":"https:\/\/www.ce.gov.br\/sap\/wp-json\/wp\/v2\/media?parent=81712"}],"curies":[{"name":"wp","href":"https:\/\/api.w.org\/{rel}","templated":true}]}}