{"id":1587,"date":"2018-01-26T15:36:20","date_gmt":"2018-01-26T18:36:20","guid":{"rendered":"http:\/\/www.der.ce.gov.br\/?page_id=1587"},"modified":"2026-02-03T14:50:30","modified_gmt":"2026-02-03T17:50:30","slug":"ouvidoria-da-sop","status":"publish","type":"page","link":"https:\/\/www.ce.gov.br\/sop\/ouvidoria-da-sop\/","title":{"rendered":"Ouvidoria"},"content":{"rendered":"<p>&nbsp;<\/p>\n<div id=\"missao\">\n<ul class=\"ListaEst\">\n<li class=\"accordion-link\"><a href=\"#\">Em que situa\u00e7\u00f5es usar a Ouvidoria?<\/a><\/li>\n<\/ul>\n<div class=\"accordion\">\n<p style=\"text-align: justify\"><span style=\"color: #000000\"><span style=\"font-family: Arial, sans-serif\"><span style=\"font-size: medium\">Voc\u00ea pode contribuir com a melhoria dos servi\u00e7os p\u00fablicos apresentando sugest\u00f5es, elogios, solicita\u00e7\u00f5es, reclama\u00e7\u00f5es ou den\u00fancias, por exemplo:<\/span><\/span><\/span><\/p>\n<p style=\"text-align: justify\"><span style=\"color: #000000\"><span style=\"font-family: Arial, sans-serif\"><span style=\"font-size: medium\">&#8211; Estrutura e funcionamento dos \u00f3rg\u00e3os e equipamentos p\u00fablicos estaduais (escolas, hospitais, delegacias etc);<\/span><\/span><\/span><\/p>\n<p style=\"text-align: justify\"><span style=\"color: #000000\"><span style=\"font-family: Arial, sans-serif\"><span style=\"font-size: medium\">&#8211; Oferta e qualidade dos servi\u00e7os p\u00fablicos prestados pelo Governo do Estado (saneamento b\u00e1sico, carteira de motorista, merenda escola, manuten\u00e7\u00e3o de estradas, seguran\u00e7a p\u00fablica etc);<\/span><\/span><\/span><\/p>\n<p style=\"text-align: justify\"><span style=\"color: #000000\"><span style=\"font-family: Arial, sans-serif\"><span style=\"font-size: medium\">&#8211; Irregularidades administrativas e funcionais no \u00e2mbito da administra\u00e7\u00e3o p\u00fablica, tais como desvio de recursos p\u00fablicos e improbidade administrativa.<\/span><\/span><\/span><\/p>\n<p>&nbsp;<\/p>\n<\/div>\n<p>&nbsp;<\/p>\n<div id=\"missao\">\n<ul class=\"ListaEst\">\n<li class=\"accordion-link\"><a href=\"#\">Como e onde registrar uma manifesta\u00e7\u00e3o?<\/a><\/li>\n<\/ul>\n<p><span style=\"color: #000000\"><span style=\"font-family: Arial, sans-serif\"><span style=\"font-size: medium\">&#8211; Central de Atendimento Telef\u00f4nico: N\u00famero 155 (das 07 \u00e0s 20 horas de segunda a sexta-feira)<\/span><\/span><\/span><\/p>\n<div class=\"accordion\"><span style=\"color: #000000\"><span style=\"font-family: Arial, sans-serif\"><span style=\"font-size: medium\">&#8211; Plataforma Eletr\u00f4nica: <\/span><\/span><\/span><a href=\"https:\/\/www.cearatransparente.ce.gov.br\/\" target=\"_blank\" rel=\"noopener\"><span style=\"font-family: Arial, sans-serif\"><span style=\"font-size: medium\"><span style=\"color: #066f32\">www.cearatransparente.ce.gov.br<\/span><\/span><\/span><\/a><br \/>\n<span style=\"color: #000000\"><span style=\"font-family: Arial, sans-serif\"><span style=\"font-size: medium\">&#8211; E-mail: <span style=\"color: #066f32\">ouvidoria.geral@cge.ce.gov.br<\/span><\/span><\/span><\/span><br \/>\n<span style=\"color: #000000\"><span style=\"font-family: Arial, sans-serif\"><span style=\"font-size: medium\">&#8211; Facebook: <\/span><\/span><\/span><a href=\"https:\/\/facebook.com\/cgeceara\" target=\"_blank\" rel=\"noopener\"><span style=\"font-family: Arial, sans-serif\"><span style=\"font-size: medium\"><span style=\"color: #066f32\">facebook.com\/cgeceara<\/span><\/span><\/span><\/a><br \/>\n<span style=\"color: #000000\"><span style=\"font-family: Arial, sans-serif\"><span style=\"font-size: medium\">&#8211; Twitter: <\/span><\/span><\/span><a href=\"https:\/\/twitter.com\/cgeceara\" target=\"_blank\" rel=\"noopener\"><span style=\"font-family: Arial, sans-serif\"><span style=\"font-size: medium\"><span style=\"color: #066f32\">twitter.com\/cgeceara<\/span><\/span><\/span><\/a><br \/>\n<span style=\"color: #000000\"><span style=\"font-family: Arial, sans-serif\"><span style=\"font-size: medium\">&#8211; Instagram: <\/span><\/span><\/span><span style=\"color: #066f32\"><a style=\"color: #066f32\" href=\"https:\/\/www.instagram.com\/cgeceara\" target=\"_blank\" rel=\"noopener\"><span style=\"font-family: Arial, sans-serif\"><span style=\"font-size: medium\">@cgeceara<\/span><\/span><\/a><\/span><br \/>\n<span style=\"color: #000000\"><span style=\"font-family: Arial, sans-serif\"><span style=\"font-size: medium\">&#8211; Cear\u00e1 App: <\/span><\/span><\/span><span style=\"color: #066f32\"><a style=\"color: #066f32\" href=\"https:\/\/play.google.com\/store\/apps\/details?id=br.gov.ce.cearaapp\"><span style=\"font-family: Arial, sans-serif\"><span style=\"font-size: medium\">baixe aqui<\/span><\/span><\/a><\/span><\/div>\n<p>&nbsp;<\/p>\n<div id=\"missao\">\n<ul class=\"ListaEst\">\n<li class=\"accordion-link\"><a href=\"#\">Qual prazo para resposta?<\/a><\/li>\n<\/ul>\n<p style=\"text-align: justify\"><span style=\"color: #000000\"><span style=\"font-family: Arial, sans-serif\"><span style=\"font-size: medium\">As manifesta\u00e7\u00f5es de Ouvidoria devem ser respondidas ao cidad\u00e3o no prazo de at\u00e9 20 dias corridos, podendo ser prorrogada por mais 10 dias, se necess\u00e1rio.<\/span><\/span><\/span><\/p>\n<p>&nbsp;<\/p>\n<\/div>\n<p>&nbsp;<\/p>\n<div id=\"missao\">\n<ul class=\"ListaEst\">\n<li class=\"accordion-link\"><a href=\"#\">Esse servi\u00e7o \u00e9 gratuito?<\/a><\/li>\n<\/ul>\n<p style=\"text-align: justify\"><span style=\"color: #000000\"><span style=\"font-family: Arial, sans-serif\"><span style=\"font-size: medium\">Sim, \u00e9 gratuito! Participe, acompanhe e fa\u00e7a valer o seu direito de cidad\u00e3o. Exercite o controle social contribuindo com o governo do Estado, sugerindo, elogiando, solicitando, reclamando e denunciando para a melhoria dos servi\u00e7os.<\/span><\/span><\/span><\/p>\n<p>&nbsp;<\/p>\n<\/div>\n<p>&nbsp;<\/p>\n<div id=\"missao\">\n<ul class=\"ListaEst\">\n<li class=\"accordion-link\"><a href=\"#\">Como posso acompanhar o atendimento da minha manifesta\u00e7\u00e3o?<\/a><\/li>\n<\/ul>\n<p style=\"text-align: justify\"><span style=\"color: #000000\"><span style=\"font-family: Arial, sans-serif\"><span style=\"font-size: medium\">\u2013 Ligando para a Central 155 no hor\u00e1rio de 07 \u00e0s 20 horas de segunda a sexta-feira;<br \/>\n\u2013 Acessando <\/span><\/span><\/span><span style=\"color: #066f32\"><a style=\"color: #066f32\" href=\"https:\/\/www.cearatransparente.ce.gov.br\/\"><span style=\"font-family: Arial, sans-serif\"><span style=\"font-size: medium\">www.cearatransparente.ce.gov.br<\/span><\/span><\/a><\/span><span style=\"color: #000000\"><span style=\"font-family: Arial, sans-serif\"><span style=\"font-size: medium\">, com o n\u00famero do protocolo e a senha.<\/span><\/span><\/span><\/p>\n<p>&nbsp;<\/p>\n<\/div>\n<p>&nbsp;<\/p>\n<div id=\"missao\">\n<ul class=\"ListaEst\">\n<li class=\"accordion-link\"><a href=\"#\">Carta de Servi\u00e7os do Cidad\u00e3o, O que \u00e9?<\/a><\/li>\n<\/ul>\n<p style=\"text-align: justify\" align=\"justify\"><span style=\"color: #000000\"><span style=\"font-family: Arial, sans-serif\"><span style=\"font-size: medium\">\u00c9 uma Ferramenta que tem por objetivo informar os servi\u00e7os prestados pelos \u00f3rg\u00e3os\/entidades do poder p\u00fablico ao cidad\u00e3o.<\/span><\/span><\/span><\/p>\n<p style=\"text-align: justify\"><span style=\"color: #000000\"><span style=\"font-family: Arial, sans-serif\"><span style=\"font-size: medium\">Voc\u00ea encontra informa\u00e7\u00f5es dos locais, dias e hor\u00e1rios de atendimento, taxas e onde pagar, quais documentos necess\u00e1rios para a realiza\u00e7\u00e3o do servi\u00e7o, endere\u00e7os e localiza\u00e7\u00e3o dos \u00f3rg\u00e3o\/entidades p\u00fablicas estaduais.<\/span><\/span><\/span><\/p>\n<p>&nbsp;<\/p>\n<\/div>\n<p>&nbsp;<\/p>\n<div id=\"missao\">\n<ul class=\"ListaEst\">\n<li class=\"accordion-link\"><a href=\"#\">Onde acessar a Carta de Servi\u00e7o do Cidad\u00e3o?<\/a><\/li>\n<\/ul>\n<p style=\"text-align: justify\"><span style=\"color: #000000\"><span style=\"font-family: Arial, sans-serif\"><span style=\"font-size: medium\">Canais de Atendimento Gratuitos<\/span><\/span><\/span><\/p>\n<p style=\"text-align: justify\"><a href=\"https:\/\/www.cartadeservicos.ce.gov.br\/\" target=\"_blank\" rel=\"noopener\"><span style=\"font-family: Arial, sans-serif\"><span style=\"font-size: medium\">\u2013 <span style=\"color: #066f32\">www.cartadeservicos.ce.gov.br<\/span><\/span><\/span><\/a><span style=\"color: #000000\"><span style=\"font-family: Arial, sans-serif\"><span style=\"font-size: medium\"><br \/>\n<\/span><\/span><\/span><a href=\"https:\/\/www.cearatransparente.ce.gov.br\/\" target=\"_blank\" rel=\"noopener\"><span style=\"font-family: Arial, sans-serif\"><span style=\"font-size: medium\">\u2013 <span style=\"color: #066f32\">www.cearatransparente.ce.gov.br<\/span><\/span><\/span><\/a><span style=\"color: #000000\"><span style=\"font-family: Arial, sans-serif\"><span style=\"font-size: medium\">, escolha a op\u00e7\u00e3o \u201cServi\u00e7os\u201d e clique no item \u201cCarta de Servi\u00e7os\u201d.<\/span><\/span><\/span><\/p>\n<p>&nbsp;<\/p>\n<\/div>\n<p>&nbsp;<\/p>\n<div id=\"missao\">\n<ul class=\"ListaEst\">\n<li class=\"accordion-link\"><a href=\"#\">Relat\u00f3rio de Gest\u00e3o de Ouvidoria<\/a><\/li>\n<\/ul>\n<p style=\"text-align: justify\" align=\"justify\"><span style=\"color: #000000\"><span style=\"font-family: Arial, sans-serif\"><span style=\"font-size: medium\">O Decreto Estadual n\u00ba. 33.485\/2020 e a Lei Nacional n\u00ba. 13.460\/2017 estabelecem que as Ouvidorias Setoriais do Poder Executivo Estadual devem apresentam relat\u00f3rios abordando um panorama geral dos resultados das suas atividades no \u00e2mbito do Sistema Estadual de Ouvidoria.<\/span><\/span><\/span><\/p>\n<p style=\"text-align: justify\"><span style=\"color: #000000\"><span style=\"font-family: Arial, sans-serif\"><span style=\"font-size: medium\">A Controladoria e Ouvidoria Geral do Estado como \u00f3rg\u00e3o articulador das Ouvidorias Setorial, apresentam anualmente o relat\u00f3rio de gest\u00e3o com a consolida\u00e7\u00e3o dos dados qualitativos e quantitativos, com a fun\u00e7\u00e3o de propor e ou recomendar a\u00e7\u00f5es para as melhorias na presta\u00e7\u00e3o dos servi\u00e7os p\u00fablicos.<\/span><\/span><\/span><\/p>\n<p style=\"text-align: justify\"><span style=\"color: #000000\"><span style=\"font-family: Arial, sans-serif\"><span style=\"font-size: medium\">O Relat\u00f3rio funciona como um medidor de qualidade das pr\u00f3prias setoriais que disponibilizam o servi\u00e7o no Estado, uma vez que s\u00e3o apresentadas informa\u00e7\u00f5es ligadas \u00e0 satisfa\u00e7\u00e3o do cidad\u00e3o, tempo m\u00e9dio da resposta e tamb\u00e9m \u00edndice de qualidade da resposta. Abaixo o link dos Relat\u00f3rios de Gest\u00e3o de Ouvidoria da SOP por ano.<\/span><\/span><\/span><\/p>\n<p>&nbsp;<\/p>\n<p style=\"text-align: justify\"><a href=\"https:\/\/www.ce.gov.br\/sop\/wp-content\/uploads\/sites\/76\/2026\/02\/Relatorio-2025-Assinado-ok.pdf\"><span style=\"color: #066f32\"><span style=\"font-family: Arial, sans-serif\"><span style=\"font-size: medium\">Clique aqui para acessar o Relat\u00f3rio de Ouvidoria 2025.<\/span><\/span><\/span><\/a><\/p>\n<p style=\"text-align: justify\"><a href=\"https:\/\/www.ce.gov.br\/sop\/wp-content\/uploads\/sites\/76\/2025\/03\/Relatorio-2024-SIC.pdf\"><span style=\"color: #066f32\"><span style=\"font-family: Arial, sans-serif\"><span style=\"font-size: medium\">Clique\u00a0aqui<\/span><\/span><span style=\"font-family: Arial, sans-serif\"><span style=\"font-size: medium\"> para acessar o Relat\u00f3rio de Implementa\u00e7\u00e3o e Cumprimento da Lei de Acesso \u00e0 Informa\u00e7\u00e3o de 2024.<\/span><\/span><\/span><\/a><\/p>\n<p>&nbsp;<\/p>\n<\/div>\n<\/div>\n<\/div>\n","protected":false},"excerpt":{"rendered":"<p>&nbsp; Em que situa\u00e7\u00f5es usar a Ouvidoria? Voc\u00ea pode contribuir com a melhoria dos servi\u00e7os p\u00fablicos apresentando sugest\u00f5es, elogios, solicita\u00e7\u00f5es, reclama\u00e7\u00f5es ou den\u00fancias, por exemplo: &#8211; Estrutura e funcionamento dos \u00f3rg\u00e3os e equipamentos p\u00fablicos estaduais (escolas, hospitais, delegacias etc); &#8211; Oferta e qualidade dos servi\u00e7os p\u00fablicos prestados pelo Governo do Estado (saneamento b\u00e1sico, carteira de [&hellip;]<\/p>\n","protected":false},"author":12,"featured_media":0,"parent":0,"menu_order":0,"comment_status":"closed","ping_status":"closed","template":"","meta":{"_acf_changed":false,"inline_featured_image":false,"footnotes":""},"class_list":["post-1587","page","type-page","status-publish","hentry"],"acf":[],"yoast_head":"<!-- This site is optimized with the Yoast SEO plugin v27.3 - https:\/\/yoast.com\/product\/yoast-seo-wordpress\/ -->\n<title>Ouvidoria - SOP<\/title>\n<meta name=\"robots\" content=\"index, follow, max-snippet:-1, max-image-preview:large, max-video-preview:-1\" \/>\n<link rel=\"canonical\" href=\"https:\/\/www.ce.gov.br\/sop\/ouvidoria-da-sop\/\" \/>\n<meta property=\"og:locale\" content=\"pt_BR\" \/>\n<meta property=\"og:type\" content=\"article\" \/>\n<meta property=\"og:title\" content=\"Ouvidoria - SOP\" \/>\n<meta property=\"og:description\" content=\"&nbsp; Em que situa\u00e7\u00f5es usar a Ouvidoria? Voc\u00ea pode contribuir com a melhoria dos servi\u00e7os p\u00fablicos apresentando sugest\u00f5es, elogios, solicita\u00e7\u00f5es, reclama\u00e7\u00f5es ou den\u00fancias, por exemplo: &#8211; Estrutura e funcionamento dos \u00f3rg\u00e3os e equipamentos p\u00fablicos estaduais (escolas, hospitais, delegacias etc); &#8211; Oferta e qualidade dos servi\u00e7os p\u00fablicos prestados pelo Governo do Estado (saneamento b\u00e1sico, carteira de [&hellip;]\" \/>\n<meta property=\"og:url\" content=\"https:\/\/www.ce.gov.br\/sop\/ouvidoria-da-sop\/\" \/>\n<meta property=\"og:site_name\" content=\"SOP\" \/>\n<meta property=\"article:modified_time\" content=\"2026-02-03T17:50:30+00:00\" \/>\n<meta name=\"twitter:card\" content=\"summary_large_image\" \/>\n<meta name=\"twitter:label1\" content=\"Est. reading time\" \/>\n\t<meta name=\"twitter:data1\" content=\"3 minutos\" \/>\n<script type=\"application\/ld+json\" class=\"yoast-schema-graph\">{\"@context\":\"https:\\\/\\\/schema.org\",\"@graph\":[{\"@type\":\"WebPage\",\"@id\":\"https:\\\/\\\/www.ce.gov.br\\\/sop\\\/ouvidoria-da-sop\\\/\",\"url\":\"https:\\\/\\\/www.ce.gov.br\\\/sop\\\/ouvidoria-da-sop\\\/\",\"name\":\"Ouvidoria - SOP\",\"isPartOf\":{\"@id\":\"https:\\\/\\\/www.ce.gov.br\\\/sop\\\/#website\"},\"datePublished\":\"2018-01-26T18:36:20+00:00\",\"dateModified\":\"2026-02-03T17:50:30+00:00\",\"breadcrumb\":{\"@id\":\"https:\\\/\\\/www.ce.gov.br\\\/sop\\\/ouvidoria-da-sop\\\/#breadcrumb\"},\"inLanguage\":\"pt-BR\",\"potentialAction\":[{\"@type\":\"ReadAction\",\"target\":[\"https:\\\/\\\/www.ce.gov.br\\\/sop\\\/ouvidoria-da-sop\\\/\"]}]},{\"@type\":\"BreadcrumbList\",\"@id\":\"https:\\\/\\\/www.ce.gov.br\\\/sop\\\/ouvidoria-da-sop\\\/#breadcrumb\",\"itemListElement\":[{\"@type\":\"ListItem\",\"position\":1,\"name\":\"In\u00edcio\",\"item\":\"https:\\\/\\\/www.ce.gov.br\\\/sop\\\/\"},{\"@type\":\"ListItem\",\"position\":2,\"name\":\"Ouvidoria\"}]},{\"@type\":\"WebSite\",\"@id\":\"https:\\\/\\\/www.ce.gov.br\\\/sop\\\/#website\",\"url\":\"https:\\\/\\\/www.ce.gov.br\\\/sop\\\/\",\"name\":\"Departamento Estadual de Rodovias\",\"description\":\"Portal SOP\",\"potentialAction\":[{\"@type\":\"SearchAction\",\"target\":{\"@type\":\"EntryPoint\",\"urlTemplate\":\"https:\\\/\\\/www.ce.gov.br\\\/sop\\\/?s={search_term_string}\"},\"query-input\":{\"@type\":\"PropertyValueSpecification\",\"valueRequired\":true,\"valueName\":\"search_term_string\"}}],\"inLanguage\":\"pt-BR\"}]}<\/script>\n<!-- \/ Yoast SEO plugin. -->","yoast_head_json":{"title":"Ouvidoria - SOP","robots":{"index":"index","follow":"follow","max-snippet":"max-snippet:-1","max-image-preview":"max-image-preview:large","max-video-preview":"max-video-preview:-1"},"canonical":"https:\/\/www.ce.gov.br\/sop\/ouvidoria-da-sop\/","og_locale":"pt_BR","og_type":"article","og_title":"Ouvidoria - SOP","og_description":"&nbsp; Em que situa\u00e7\u00f5es usar a Ouvidoria? Voc\u00ea pode contribuir com a melhoria dos servi\u00e7os p\u00fablicos apresentando sugest\u00f5es, elogios, solicita\u00e7\u00f5es, reclama\u00e7\u00f5es ou den\u00fancias, por exemplo: &#8211; Estrutura e funcionamento dos \u00f3rg\u00e3os e equipamentos p\u00fablicos estaduais (escolas, hospitais, delegacias etc); &#8211; Oferta e qualidade dos servi\u00e7os p\u00fablicos prestados pelo Governo do Estado (saneamento b\u00e1sico, carteira de [&hellip;]","og_url":"https:\/\/www.ce.gov.br\/sop\/ouvidoria-da-sop\/","og_site_name":"SOP","article_modified_time":"2026-02-03T17:50:30+00:00","twitter_card":"summary_large_image","twitter_misc":{"Est. reading time":"3 minutos"},"schema":{"@context":"https:\/\/schema.org","@graph":[{"@type":"WebPage","@id":"https:\/\/www.ce.gov.br\/sop\/ouvidoria-da-sop\/","url":"https:\/\/www.ce.gov.br\/sop\/ouvidoria-da-sop\/","name":"Ouvidoria - SOP","isPartOf":{"@id":"https:\/\/www.ce.gov.br\/sop\/#website"},"datePublished":"2018-01-26T18:36:20+00:00","dateModified":"2026-02-03T17:50:30+00:00","breadcrumb":{"@id":"https:\/\/www.ce.gov.br\/sop\/ouvidoria-da-sop\/#breadcrumb"},"inLanguage":"pt-BR","potentialAction":[{"@type":"ReadAction","target":["https:\/\/www.ce.gov.br\/sop\/ouvidoria-da-sop\/"]}]},{"@type":"BreadcrumbList","@id":"https:\/\/www.ce.gov.br\/sop\/ouvidoria-da-sop\/#breadcrumb","itemListElement":[{"@type":"ListItem","position":1,"name":"In\u00edcio","item":"https:\/\/www.ce.gov.br\/sop\/"},{"@type":"ListItem","position":2,"name":"Ouvidoria"}]},{"@type":"WebSite","@id":"https:\/\/www.ce.gov.br\/sop\/#website","url":"https:\/\/www.ce.gov.br\/sop\/","name":"Departamento Estadual de Rodovias","description":"Portal SOP","potentialAction":[{"@type":"SearchAction","target":{"@type":"EntryPoint","urlTemplate":"https:\/\/www.ce.gov.br\/sop\/?s={search_term_string}"},"query-input":{"@type":"PropertyValueSpecification","valueRequired":true,"valueName":"search_term_string"}}],"inLanguage":"pt-BR"}]}},"_links":{"self":[{"href":"https:\/\/www.ce.gov.br\/sop\/wp-json\/wp\/v2\/pages\/1587","targetHints":{"allow":["GET"]}}],"collection":[{"href":"https:\/\/www.ce.gov.br\/sop\/wp-json\/wp\/v2\/pages"}],"about":[{"href":"https:\/\/www.ce.gov.br\/sop\/wp-json\/wp\/v2\/types\/page"}],"author":[{"embeddable":true,"href":"https:\/\/www.ce.gov.br\/sop\/wp-json\/wp\/v2\/users\/12"}],"replies":[{"embeddable":true,"href":"https:\/\/www.ce.gov.br\/sop\/wp-json\/wp\/v2\/comments?post=1587"}],"version-history":[{"count":42,"href":"https:\/\/www.ce.gov.br\/sop\/wp-json\/wp\/v2\/pages\/1587\/revisions"}],"predecessor-version":[{"id":78629,"href":"https:\/\/www.ce.gov.br\/sop\/wp-json\/wp\/v2\/pages\/1587\/revisions\/78629"}],"wp:attachment":[{"href":"https:\/\/www.ce.gov.br\/sop\/wp-json\/wp\/v2\/media?parent=1587"}],"curies":[{"name":"wp","href":"https:\/\/api.w.org\/{rel}","templated":true}]}}