{"id":1593,"date":"2018-01-26T15:52:53","date_gmt":"2018-01-26T18:52:53","guid":{"rendered":"http:\/\/www.der.ce.gov.br\/?page_id=1593"},"modified":"2025-09-05T14:41:04","modified_gmt":"2025-09-05T17:41:04","slug":"mapa-do-ceara","status":"publish","type":"page","link":"https:\/\/www.ce.gov.br\/sop\/mapa-do-ceara\/","title":{"rendered":"Mapa do Cear\u00e1"},"content":{"rendered":"<h5><\/h5>\n<p>&nbsp;<\/p>\n<h5 style=\"text-align: center\"><span style=\"color: #030202\"><strong>DATA DA ATUALIZA\u00c7\u00c3O:\u00a0 09\/06\/2025<span id=\"OBJ_PREFIX_DWT111_com_zimbra_date\" class=\"Object\" role=\"link\"><span id=\"OBJ_PREFIX_DWT115_com_zimbra_date\" class=\"Object\" role=\"link\"><\/span><\/span><\/strong><\/span><\/h5>\n<h5 style=\"text-align: center\"><span style=\"color: #fc6836\"><a href=\"https:\/\/www.ce.gov.br\/sop\/wp-content\/uploads\/sites\/76\/2025\/09\/Mapa-Rodoviario-2025-frente-ok.png\"><strong><span style=\"color: #fc6836\"><span style=\"color: #066f32\">Frente &#8211; Mapa Rodovi\u00e1rio<\/span><\/span><\/strong><\/a><\/span><span id=\"OBJ_PREFIX_DWT111_com_zimbra_date\" class=\"Object\" role=\"link\"><span id=\"OBJ_PREFIX_DWT115_com_zimbra_date\" class=\"Object\" role=\"link\"><\/span><\/span><\/h5>\n<p style=\"text-align: center\"><strong><img loading=\"lazy\" decoding=\"async\" class=\"alignnone wp-image-77290\" src=\"https:\/\/www.ce.gov.br\/sop\/wp-content\/uploads\/sites\/76\/2025\/06\/Banner-Mapa-Rodoviario-2025-frente.png\" alt=\"\" width=\"400\" height=\"491\" \/><\/strong><\/p>\n<p>&nbsp;<\/p>\n<h5 style=\"text-align: center\"><span style=\"color: #fc6836\"><a href=\"https:\/\/www.ce.gov.br\/sop\/wp-content\/uploads\/sites\/76\/2025\/06\/Mapa-Rodoviario-2025verso.png\"><strong><span style=\"color: #fc6836\"><span style=\"color: #066f32\">Verso &#8211; Mapas de Fortaleza e Jurisdi\u00e7\u00e3o dos Distritos Operacionais<\/span><\/span><\/strong><\/a><\/span><\/h5>\n<p><img loading=\"lazy\" decoding=\"async\" class=\"aligncenter wp-image-76641\" src=\"https:\/\/www.ce.gov.br\/sop\/wp-content\/uploads\/sites\/76\/2025\/06\/Banner-Mapa-Rodoviario-2025verso.png\" alt=\"\" width=\"400\" height=\"499\" \/><\/p>\n<p>&nbsp;<\/p>\n","protected":false},"excerpt":{"rendered":"<p>&nbsp; DATA DA ATUALIZA\u00c7\u00c3O:\u00a0 09\/06\/2025 Frente &#8211; Mapa Rodovi\u00e1rio &nbsp; Verso &#8211; Mapas de Fortaleza e Jurisdi\u00e7\u00e3o dos Distritos Operacionais &nbsp;<\/p>\n","protected":false},"author":12,"featured_media":0,"parent":0,"menu_order":0,"comment_status":"closed","ping_status":"closed","template":"","meta":{"_acf_changed":false,"inline_featured_image":false,"footnotes":""},"class_list":["post-1593","page","type-page","status-publish","hentry"],"acf":[],"yoast_head":"<!-- This site is optimized with the Yoast SEO plugin v27.3 - https:\/\/yoast.com\/product\/yoast-seo-wordpress\/ -->\n<title>Mapa do Cear\u00e1 - SOP<\/title>\n<meta name=\"robots\" content=\"index, follow, max-snippet:-1, max-image-preview:large, max-video-preview:-1\" \/>\n<link rel=\"canonical\" href=\"https:\/\/www.ce.gov.br\/sop\/mapa-do-ceara\/\" \/>\n<meta property=\"og:locale\" content=\"pt_BR\" \/>\n<meta property=\"og:type\" content=\"article\" \/>\n<meta property=\"og:title\" content=\"Mapa do Cear\u00e1 - SOP\" \/>\n<meta property=\"og:description\" content=\"&nbsp; DATA DA ATUALIZA\u00c7\u00c3O:\u00a0 09\/06\/2025 Frente &#8211; Mapa Rodovi\u00e1rio &nbsp; Verso &#8211; Mapas de Fortaleza e Jurisdi\u00e7\u00e3o dos Distritos Operacionais &nbsp;\" \/>\n<meta property=\"og:url\" content=\"https:\/\/www.ce.gov.br\/sop\/mapa-do-ceara\/\" \/>\n<meta property=\"og:site_name\" content=\"SOP\" \/>\n<meta property=\"article:modified_time\" content=\"2025-09-05T17:41:04+00:00\" \/>\n<meta property=\"og:image\" content=\"http:\/\/www.ce.gov.br\/sop\/wp-content\/uploads\/sites\/76\/2025\/06\/Banner-Mapa-Rodoviario-2025-frente.png\" \/>\n<meta name=\"twitter:card\" content=\"summary_large_image\" \/>\n<meta name=\"twitter:label1\" content=\"Est. reading time\" \/>\n\t<meta name=\"twitter:data1\" content=\"1 minuto\" \/>\n<script type=\"application\/ld+json\" class=\"yoast-schema-graph\">{\"@context\":\"https:\\\/\\\/schema.org\",\"@graph\":[{\"@type\":\"WebPage\",\"@id\":\"https:\\\/\\\/www.ce.gov.br\\\/sop\\\/mapa-do-ceara\\\/\",\"url\":\"https:\\\/\\\/www.ce.gov.br\\\/sop\\\/mapa-do-ceara\\\/\",\"name\":\"Mapa do Cear\u00e1 - SOP\",\"isPartOf\":{\"@id\":\"https:\\\/\\\/www.ce.gov.br\\\/sop\\\/#website\"},\"primaryImageOfPage\":{\"@id\":\"https:\\\/\\\/www.ce.gov.br\\\/sop\\\/mapa-do-ceara\\\/#primaryimage\"},\"image\":{\"@id\":\"https:\\\/\\\/www.ce.gov.br\\\/sop\\\/mapa-do-ceara\\\/#primaryimage\"},\"thumbnailUrl\":\"http:\\\/\\\/www.ce.gov.br\\\/sop\\\/wp-content\\\/uploads\\\/sites\\\/76\\\/2025\\\/06\\\/Banner-Mapa-Rodoviario-2025-frente.png\",\"datePublished\":\"2018-01-26T18:52:53+00:00\",\"dateModified\":\"2025-09-05T17:41:04+00:00\",\"breadcrumb\":{\"@id\":\"https:\\\/\\\/www.ce.gov.br\\\/sop\\\/mapa-do-ceara\\\/#breadcrumb\"},\"inLanguage\":\"pt-BR\",\"potentialAction\":[{\"@type\":\"ReadAction\",\"target\":[\"https:\\\/\\\/www.ce.gov.br\\\/sop\\\/mapa-do-ceara\\\/\"]}]},{\"@type\":\"ImageObject\",\"inLanguage\":\"pt-BR\",\"@id\":\"https:\\\/\\\/www.ce.gov.br\\\/sop\\\/mapa-do-ceara\\\/#primaryimage\",\"url\":\"http:\\\/\\\/www.ce.gov.br\\\/sop\\\/wp-content\\\/uploads\\\/sites\\\/76\\\/2025\\\/06\\\/Banner-Mapa-Rodoviario-2025-frente.png\",\"contentUrl\":\"http:\\\/\\\/www.ce.gov.br\\\/sop\\\/wp-content\\\/uploads\\\/sites\\\/76\\\/2025\\\/06\\\/Banner-Mapa-Rodoviario-2025-frente.png\"},{\"@type\":\"BreadcrumbList\",\"@id\":\"https:\\\/\\\/www.ce.gov.br\\\/sop\\\/mapa-do-ceara\\\/#breadcrumb\",\"itemListElement\":[{\"@type\":\"ListItem\",\"position\":1,\"name\":\"In\u00edcio\",\"item\":\"https:\\\/\\\/www.ce.gov.br\\\/sop\\\/\"},{\"@type\":\"ListItem\",\"position\":2,\"name\":\"Mapa do Cear\u00e1\"}]},{\"@type\":\"WebSite\",\"@id\":\"https:\\\/\\\/www.ce.gov.br\\\/sop\\\/#website\",\"url\":\"https:\\\/\\\/www.ce.gov.br\\\/sop\\\/\",\"name\":\"Departamento Estadual de Rodovias\",\"description\":\"Portal SOP\",\"potentialAction\":[{\"@type\":\"SearchAction\",\"target\":{\"@type\":\"EntryPoint\",\"urlTemplate\":\"https:\\\/\\\/www.ce.gov.br\\\/sop\\\/?s={search_term_string}\"},\"query-input\":{\"@type\":\"PropertyValueSpecification\",\"valueRequired\":true,\"valueName\":\"search_term_string\"}}],\"inLanguage\":\"pt-BR\"}]}<\/script>\n<!-- \/ Yoast SEO plugin. -->","yoast_head_json":{"title":"Mapa do Cear\u00e1 - SOP","robots":{"index":"index","follow":"follow","max-snippet":"max-snippet:-1","max-image-preview":"max-image-preview:large","max-video-preview":"max-video-preview:-1"},"canonical":"https:\/\/www.ce.gov.br\/sop\/mapa-do-ceara\/","og_locale":"pt_BR","og_type":"article","og_title":"Mapa do Cear\u00e1 - SOP","og_description":"&nbsp; DATA DA ATUALIZA\u00c7\u00c3O:\u00a0 09\/06\/2025 Frente &#8211; Mapa Rodovi\u00e1rio &nbsp; Verso &#8211; Mapas de Fortaleza e Jurisdi\u00e7\u00e3o dos Distritos Operacionais &nbsp;","og_url":"https:\/\/www.ce.gov.br\/sop\/mapa-do-ceara\/","og_site_name":"SOP","article_modified_time":"2025-09-05T17:41:04+00:00","og_image":[{"url":"http:\/\/www.ce.gov.br\/sop\/wp-content\/uploads\/sites\/76\/2025\/06\/Banner-Mapa-Rodoviario-2025-frente.png","type":"","width":"","height":""}],"twitter_card":"summary_large_image","twitter_misc":{"Est. reading time":"1 minuto"},"schema":{"@context":"https:\/\/schema.org","@graph":[{"@type":"WebPage","@id":"https:\/\/www.ce.gov.br\/sop\/mapa-do-ceara\/","url":"https:\/\/www.ce.gov.br\/sop\/mapa-do-ceara\/","name":"Mapa do Cear\u00e1 - SOP","isPartOf":{"@id":"https:\/\/www.ce.gov.br\/sop\/#website"},"primaryImageOfPage":{"@id":"https:\/\/www.ce.gov.br\/sop\/mapa-do-ceara\/#primaryimage"},"image":{"@id":"https:\/\/www.ce.gov.br\/sop\/mapa-do-ceara\/#primaryimage"},"thumbnailUrl":"http:\/\/www.ce.gov.br\/sop\/wp-content\/uploads\/sites\/76\/2025\/06\/Banner-Mapa-Rodoviario-2025-frente.png","datePublished":"2018-01-26T18:52:53+00:00","dateModified":"2025-09-05T17:41:04+00:00","breadcrumb":{"@id":"https:\/\/www.ce.gov.br\/sop\/mapa-do-ceara\/#breadcrumb"},"inLanguage":"pt-BR","potentialAction":[{"@type":"ReadAction","target":["https:\/\/www.ce.gov.br\/sop\/mapa-do-ceara\/"]}]},{"@type":"ImageObject","inLanguage":"pt-BR","@id":"https:\/\/www.ce.gov.br\/sop\/mapa-do-ceara\/#primaryimage","url":"http:\/\/www.ce.gov.br\/sop\/wp-content\/uploads\/sites\/76\/2025\/06\/Banner-Mapa-Rodoviario-2025-frente.png","contentUrl":"http:\/\/www.ce.gov.br\/sop\/wp-content\/uploads\/sites\/76\/2025\/06\/Banner-Mapa-Rodoviario-2025-frente.png"},{"@type":"BreadcrumbList","@id":"https:\/\/www.ce.gov.br\/sop\/mapa-do-ceara\/#breadcrumb","itemListElement":[{"@type":"ListItem","position":1,"name":"In\u00edcio","item":"https:\/\/www.ce.gov.br\/sop\/"},{"@type":"ListItem","position":2,"name":"Mapa do Cear\u00e1"}]},{"@type":"WebSite","@id":"https:\/\/www.ce.gov.br\/sop\/#website","url":"https:\/\/www.ce.gov.br\/sop\/","name":"Departamento Estadual de Rodovias","description":"Portal SOP","potentialAction":[{"@type":"SearchAction","target":{"@type":"EntryPoint","urlTemplate":"https:\/\/www.ce.gov.br\/sop\/?s={search_term_string}"},"query-input":{"@type":"PropertyValueSpecification","valueRequired":true,"valueName":"search_term_string"}}],"inLanguage":"pt-BR"}]}},"_links":{"self":[{"href":"https:\/\/www.ce.gov.br\/sop\/wp-json\/wp\/v2\/pages\/1593","targetHints":{"allow":["GET"]}}],"collection":[{"href":"https:\/\/www.ce.gov.br\/sop\/wp-json\/wp\/v2\/pages"}],"about":[{"href":"https:\/\/www.ce.gov.br\/sop\/wp-json\/wp\/v2\/types\/page"}],"author":[{"embeddable":true,"href":"https:\/\/www.ce.gov.br\/sop\/wp-json\/wp\/v2\/users\/12"}],"replies":[{"embeddable":true,"href":"https:\/\/www.ce.gov.br\/sop\/wp-json\/wp\/v2\/comments?post=1593"}],"version-history":[{"count":61,"href":"https:\/\/www.ce.gov.br\/sop\/wp-json\/wp\/v2\/pages\/1593\/revisions"}],"predecessor-version":[{"id":78256,"href":"https:\/\/www.ce.gov.br\/sop\/wp-json\/wp\/v2\/pages\/1593\/revisions\/78256"}],"wp:attachment":[{"href":"https:\/\/www.ce.gov.br\/sop\/wp-json\/wp\/v2\/media?parent=1593"}],"curies":[{"name":"wp","href":"https:\/\/api.w.org\/{rel}","templated":true}]}}