{"id":72626,"date":"2021-05-25T14:52:20","date_gmt":"2021-05-25T17:52:20","guid":{"rendered":"http:\/\/www.ce.gov.br\/sop\/?page_id=72626"},"modified":"2023-05-18T09:12:25","modified_gmt":"2023-05-18T12:12:25","slug":"d-o-04-distrito-operacional-de-limoeiro-do-norte","status":"publish","type":"page","link":"https:\/\/www.ce.gov.br\/sop\/distritos-operacionais\/d-o-04-distrito-operacional-de-limoeiro-do-norte\/","title":{"rendered":"D.O. 04 &#8211; Distrito Operacional de Limoeiro do Norte"},"content":{"rendered":"<div style=\"width: 720px;\" class=\"wp-video\"><video class=\"wp-video-shortcode\" id=\"video-72626-1\" width=\"720\" height=\"480\" preload=\"metadata\" controls=\"controls\"><source type=\"video\/mp4\" src=\"https:\/\/www.ce.gov.br\/sop\/wp-content\/uploads\/sites\/76\/2019\/07\/Do-4-Limoeiro-Do-Norte-Ce-040-Beberibe-Paripueira-6.mp4?_=1\" \/><a href=\"https:\/\/www.ce.gov.br\/sop\/wp-content\/uploads\/sites\/76\/2019\/07\/Do-4-Limoeiro-Do-Norte-Ce-040-Beberibe-Paripueira-6.mp4\">https:\/\/www.ce.gov.br\/sop\/wp-content\/uploads\/sites\/76\/2019\/07\/Do-4-Limoeiro-Do-Norte-Ce-040-Beberibe-Paripueira-6.mp4<\/a><\/video><\/div>\n<h4 class=\"-SmallTitle\">Rodovia CE-040 | Trecho Beberibe &#8211; Paripueira | 04\/09\/2018<\/h4>\n<p>&nbsp;<\/p>\n<p><span style=\"color: #008442\">Gerente:<\/span> Johab Galiza<br \/>\n<span style=\"color: #008442\">Email:<\/span> limoeiro@sop.ce.gov.br<br \/>\n<span style=\"color: #008442\">Fone:<\/span> (085) 3108-2888<br \/>\n<span style=\"color: #008442\">Endere\u00e7o:<\/span> CE-265 km 02, AV. MANOEL FID\u00c9LIS MAIA, 1923 \u2013 BAIRRO ANTONIO HOLANDA DE OLIVEIRA, LIMOEIRO DO NORTE<br \/>\n<span style=\"color: #008442\">Munic\u00edpios Atendidos:<\/span> ALTO SANTO, ARACATI, ERER\u00ca, FORTIM, ICAPU\u00cd, IRACEMA, ITAI\u00c7ABA, JAGUARETAMA, JAGUARIBARA, JAGUARIBE, JAGUARUANA, LIMOEIRO DO NORTE, MORADA NOVA, PALHANO, PEREIRO, POTIRETAMA, QUIXER\u00c9, RUSSAS, S\u00c3O JO\u00c3O DO JAGUARIBE, TABULEIRO DO NORTE.<\/p>\n","protected":false},"excerpt":{"rendered":"<p>Rodovia CE-040 | Trecho Beberibe &#8211; Paripueira | 04\/09\/2018 &nbsp; Gerente: Johab Galiza Email: limoeiro@sop.ce.gov.br Fone: (085) 3108-2888 Endere\u00e7o: CE-265 km 02, AV. MANOEL FID\u00c9LIS MAIA, 1923 \u2013 BAIRRO ANTONIO HOLANDA DE OLIVEIRA, LIMOEIRO DO NORTE Munic\u00edpios Atendidos: ALTO SANTO, ARACATI, ERER\u00ca, FORTIM, ICAPU\u00cd, IRACEMA, ITAI\u00c7ABA, JAGUARETAMA, JAGUARIBARA, JAGUARIBE, JAGUARUANA, LIMOEIRO DO NORTE, MORADA NOVA, [&hellip;]<\/p>\n","protected":false},"author":12,"featured_media":0,"parent":69713,"menu_order":0,"comment_status":"closed","ping_status":"closed","template":"","meta":{"_acf_changed":false,"inline_featured_image":false,"footnotes":""},"class_list":["post-72626","page","type-page","status-publish","hentry"],"acf":[],"yoast_head":"<!-- This site is optimized with the Yoast SEO plugin v27.3 - https:\/\/yoast.com\/product\/yoast-seo-wordpress\/ -->\n<title>D.O. 04 - Distrito Operacional de Limoeiro do Norte - SOP<\/title>\n<meta name=\"robots\" content=\"index, follow, max-snippet:-1, max-image-preview:large, max-video-preview:-1\" \/>\n<link rel=\"canonical\" href=\"https:\/\/www.ce.gov.br\/sop\/distritos-operacionais\/d-o-04-distrito-operacional-de-limoeiro-do-norte\/\" \/>\n<meta property=\"og:locale\" content=\"pt_BR\" \/>\n<meta property=\"og:type\" content=\"article\" \/>\n<meta property=\"og:title\" content=\"D.O. 04 - Distrito Operacional de Limoeiro do Norte - SOP\" \/>\n<meta property=\"og:description\" content=\"Rodovia CE-040 | Trecho Beberibe &#8211; Paripueira | 04\/09\/2018 &nbsp; Gerente: Johab Galiza Email: limoeiro@sop.ce.gov.br Fone: (085) 3108-2888 Endere\u00e7o: CE-265 km 02, AV. MANOEL FID\u00c9LIS MAIA, 1923 \u2013 BAIRRO ANTONIO HOLANDA DE OLIVEIRA, LIMOEIRO DO NORTE Munic\u00edpios Atendidos: ALTO SANTO, ARACATI, ERER\u00ca, FORTIM, ICAPU\u00cd, IRACEMA, ITAI\u00c7ABA, JAGUARETAMA, JAGUARIBARA, JAGUARIBE, JAGUARUANA, LIMOEIRO DO NORTE, MORADA NOVA, [&hellip;]\" \/>\n<meta property=\"og:url\" content=\"https:\/\/www.ce.gov.br\/sop\/distritos-operacionais\/d-o-04-distrito-operacional-de-limoeiro-do-norte\/\" \/>\n<meta property=\"og:site_name\" content=\"SOP\" \/>\n<meta property=\"article:modified_time\" content=\"2023-05-18T12:12:25+00:00\" \/>\n<meta name=\"twitter:card\" content=\"summary_large_image\" \/>\n<meta name=\"twitter:label1\" content=\"Est. reading time\" \/>\n\t<meta name=\"twitter:data1\" content=\"1 minuto\" \/>\n<script type=\"application\/ld+json\" class=\"yoast-schema-graph\">{\"@context\":\"https:\\\/\\\/schema.org\",\"@graph\":[{\"@type\":\"WebPage\",\"@id\":\"https:\\\/\\\/www.ce.gov.br\\\/sop\\\/distritos-operacionais\\\/d-o-04-distrito-operacional-de-limoeiro-do-norte\\\/\",\"url\":\"https:\\\/\\\/www.ce.gov.br\\\/sop\\\/distritos-operacionais\\\/d-o-04-distrito-operacional-de-limoeiro-do-norte\\\/\",\"name\":\"D.O. 04 - Distrito Operacional de Limoeiro do Norte - SOP\",\"isPartOf\":{\"@id\":\"https:\\\/\\\/www.ce.gov.br\\\/sop\\\/#website\"},\"datePublished\":\"2021-05-25T17:52:20+00:00\",\"dateModified\":\"2023-05-18T12:12:25+00:00\",\"breadcrumb\":{\"@id\":\"https:\\\/\\\/www.ce.gov.br\\\/sop\\\/distritos-operacionais\\\/d-o-04-distrito-operacional-de-limoeiro-do-norte\\\/#breadcrumb\"},\"inLanguage\":\"pt-BR\",\"potentialAction\":[{\"@type\":\"ReadAction\",\"target\":[\"https:\\\/\\\/www.ce.gov.br\\\/sop\\\/distritos-operacionais\\\/d-o-04-distrito-operacional-de-limoeiro-do-norte\\\/\"]}]},{\"@type\":\"BreadcrumbList\",\"@id\":\"https:\\\/\\\/www.ce.gov.br\\\/sop\\\/distritos-operacionais\\\/d-o-04-distrito-operacional-de-limoeiro-do-norte\\\/#breadcrumb\",\"itemListElement\":[{\"@type\":\"ListItem\",\"position\":1,\"name\":\"In\u00edcio\",\"item\":\"https:\\\/\\\/www.ce.gov.br\\\/sop\\\/\"},{\"@type\":\"ListItem\",\"position\":2,\"name\":\"Distritos Operacionais\",\"item\":\"https:\\\/\\\/www.ce.gov.br\\\/sop\\\/distritos-operacionais\\\/\"},{\"@type\":\"ListItem\",\"position\":3,\"name\":\"D.O. 04 &#8211; Distrito Operacional de Limoeiro do Norte\"}]},{\"@type\":\"WebSite\",\"@id\":\"https:\\\/\\\/www.ce.gov.br\\\/sop\\\/#website\",\"url\":\"https:\\\/\\\/www.ce.gov.br\\\/sop\\\/\",\"name\":\"Departamento Estadual de Rodovias\",\"description\":\"Portal SOP\",\"potentialAction\":[{\"@type\":\"SearchAction\",\"target\":{\"@type\":\"EntryPoint\",\"urlTemplate\":\"https:\\\/\\\/www.ce.gov.br\\\/sop\\\/?s={search_term_string}\"},\"query-input\":{\"@type\":\"PropertyValueSpecification\",\"valueRequired\":true,\"valueName\":\"search_term_string\"}}],\"inLanguage\":\"pt-BR\"}]}<\/script>\n<!-- \/ Yoast SEO plugin. -->","yoast_head_json":{"title":"D.O. 04 - Distrito Operacional de Limoeiro do Norte - SOP","robots":{"index":"index","follow":"follow","max-snippet":"max-snippet:-1","max-image-preview":"max-image-preview:large","max-video-preview":"max-video-preview:-1"},"canonical":"https:\/\/www.ce.gov.br\/sop\/distritos-operacionais\/d-o-04-distrito-operacional-de-limoeiro-do-norte\/","og_locale":"pt_BR","og_type":"article","og_title":"D.O. 04 - Distrito Operacional de Limoeiro do Norte - SOP","og_description":"Rodovia CE-040 | Trecho Beberibe &#8211; Paripueira | 04\/09\/2018 &nbsp; Gerente: Johab Galiza Email: limoeiro@sop.ce.gov.br Fone: (085) 3108-2888 Endere\u00e7o: CE-265 km 02, AV. MANOEL FID\u00c9LIS MAIA, 1923 \u2013 BAIRRO ANTONIO HOLANDA DE OLIVEIRA, LIMOEIRO DO NORTE Munic\u00edpios Atendidos: ALTO SANTO, ARACATI, ERER\u00ca, FORTIM, ICAPU\u00cd, IRACEMA, ITAI\u00c7ABA, JAGUARETAMA, JAGUARIBARA, JAGUARIBE, JAGUARUANA, LIMOEIRO DO NORTE, MORADA NOVA, [&hellip;]","og_url":"https:\/\/www.ce.gov.br\/sop\/distritos-operacionais\/d-o-04-distrito-operacional-de-limoeiro-do-norte\/","og_site_name":"SOP","article_modified_time":"2023-05-18T12:12:25+00:00","twitter_card":"summary_large_image","twitter_misc":{"Est. reading time":"1 minuto"},"schema":{"@context":"https:\/\/schema.org","@graph":[{"@type":"WebPage","@id":"https:\/\/www.ce.gov.br\/sop\/distritos-operacionais\/d-o-04-distrito-operacional-de-limoeiro-do-norte\/","url":"https:\/\/www.ce.gov.br\/sop\/distritos-operacionais\/d-o-04-distrito-operacional-de-limoeiro-do-norte\/","name":"D.O. 04 - Distrito Operacional de Limoeiro do Norte - SOP","isPartOf":{"@id":"https:\/\/www.ce.gov.br\/sop\/#website"},"datePublished":"2021-05-25T17:52:20+00:00","dateModified":"2023-05-18T12:12:25+00:00","breadcrumb":{"@id":"https:\/\/www.ce.gov.br\/sop\/distritos-operacionais\/d-o-04-distrito-operacional-de-limoeiro-do-norte\/#breadcrumb"},"inLanguage":"pt-BR","potentialAction":[{"@type":"ReadAction","target":["https:\/\/www.ce.gov.br\/sop\/distritos-operacionais\/d-o-04-distrito-operacional-de-limoeiro-do-norte\/"]}]},{"@type":"BreadcrumbList","@id":"https:\/\/www.ce.gov.br\/sop\/distritos-operacionais\/d-o-04-distrito-operacional-de-limoeiro-do-norte\/#breadcrumb","itemListElement":[{"@type":"ListItem","position":1,"name":"In\u00edcio","item":"https:\/\/www.ce.gov.br\/sop\/"},{"@type":"ListItem","position":2,"name":"Distritos Operacionais","item":"https:\/\/www.ce.gov.br\/sop\/distritos-operacionais\/"},{"@type":"ListItem","position":3,"name":"D.O. 04 &#8211; Distrito Operacional de Limoeiro do Norte"}]},{"@type":"WebSite","@id":"https:\/\/www.ce.gov.br\/sop\/#website","url":"https:\/\/www.ce.gov.br\/sop\/","name":"Departamento Estadual de Rodovias","description":"Portal SOP","potentialAction":[{"@type":"SearchAction","target":{"@type":"EntryPoint","urlTemplate":"https:\/\/www.ce.gov.br\/sop\/?s={search_term_string}"},"query-input":{"@type":"PropertyValueSpecification","valueRequired":true,"valueName":"search_term_string"}}],"inLanguage":"pt-BR"}]}},"_links":{"self":[{"href":"https:\/\/www.ce.gov.br\/sop\/wp-json\/wp\/v2\/pages\/72626","targetHints":{"allow":["GET"]}}],"collection":[{"href":"https:\/\/www.ce.gov.br\/sop\/wp-json\/wp\/v2\/pages"}],"about":[{"href":"https:\/\/www.ce.gov.br\/sop\/wp-json\/wp\/v2\/types\/page"}],"author":[{"embeddable":true,"href":"https:\/\/www.ce.gov.br\/sop\/wp-json\/wp\/v2\/users\/12"}],"replies":[{"embeddable":true,"href":"https:\/\/www.ce.gov.br\/sop\/wp-json\/wp\/v2\/comments?post=72626"}],"version-history":[{"count":3,"href":"https:\/\/www.ce.gov.br\/sop\/wp-json\/wp\/v2\/pages\/72626\/revisions"}],"predecessor-version":[{"id":75265,"href":"https:\/\/www.ce.gov.br\/sop\/wp-json\/wp\/v2\/pages\/72626\/revisions\/75265"}],"up":[{"embeddable":true,"href":"https:\/\/www.ce.gov.br\/sop\/wp-json\/wp\/v2\/pages\/69713"}],"wp:attachment":[{"href":"https:\/\/www.ce.gov.br\/sop\/wp-json\/wp\/v2\/media?parent=72626"}],"curies":[{"name":"wp","href":"https:\/\/api.w.org\/{rel}","templated":true}]}}