{"id":72628,"date":"2021-05-25T14:53:23","date_gmt":"2021-05-25T17:53:23","guid":{"rendered":"http:\/\/www.ce.gov.br\/sop\/?page_id=72628"},"modified":"2023-05-18T09:12:55","modified_gmt":"2023-05-18T12:12:55","slug":"d-o-05-distrito-operacional-de-santa-quiteria","status":"publish","type":"page","link":"https:\/\/www.ce.gov.br\/sop\/distritos-operacionais\/d-o-05-distrito-operacional-de-santa-quiteria\/","title":{"rendered":"D.O. 05 &#8211; Distrito Operacional de Santa Quit\u00e9ria"},"content":{"rendered":"<div style=\"width: 720px;\" class=\"wp-video\"><video class=\"wp-video-shortcode\" id=\"video-72628-1\" width=\"720\" height=\"480\" preload=\"metadata\" controls=\"controls\"><source type=\"video\/mp4\" src=\"https:\/\/www.ce.gov.br\/sop\/wp-content\/uploads\/sites\/76\/2019\/07\/Do-5-Santa-Quit\u00e9ria-Ce-176-Olho-D\u00b4\u00c1gua-Do-Paj\u00e9-Santa-Quit\u00e9ria-7.mp4?_=1\" \/><a href=\"https:\/\/www.ce.gov.br\/sop\/wp-content\/uploads\/sites\/76\/2019\/07\/Do-5-Santa-Quit\u00e9ria-Ce-176-Olho-D\u00b4\u00c1gua-Do-Paj\u00e9-Santa-Quit\u00e9ria-7.mp4\">https:\/\/www.ce.gov.br\/sop\/wp-content\/uploads\/sites\/76\/2019\/07\/Do-5-Santa-Quit\u00e9ria-Ce-176-Olho-D\u00b4\u00c1gua-Do-Paj\u00e9-Santa-Quit\u00e9ria-7.mp4<\/a><\/video><\/div>\n<h4 class=\"-SmallTitle\">Rodovia CE-176 | Trecho Olho D\u00b4\u00c1gua do Paj\u00e9 &#8211; Santa Quit\u00e9ria | 21\/09\/2018<\/h4>\n<p>&nbsp;<\/p>\n<p><span style=\"color: #008442\">Gerente:<\/span> Goiana J\u00fanior<br \/>\n<span style=\"color: #008442\">Email:<\/span> quiteria@sop.ce.gov.br<br \/>\n<span style=\"color: #008442\">Fone:<\/span> (088) 3628-0738 | (088) 3628-0047<br \/>\n<span style=\"color: #008442\">Endere\u00e7o:<\/span> CE-176 km 71, AV. MELQU\u00cdADES MOUR\u00c3O, 1329 \u2013 BOA VIDA, SANTA QUIT\u00c9RIA<br \/>\n<span style=\"color: #008442\">Munic\u00edpios Atendidos:<\/span> CANIND\u00c9, CARNAUBAL, CATUNDA, CROAT\u00c1, GUARACIABA DO NORTE, HIDROL\u00c2NDIA, IBIAPINA, IPU, ITATIRA, PARAMOTI, PIRES FERREIRA, RERIUTABA, SANTA QUIT\u00c9RIA, S\u00c3O BENEDITO, UBAJARA, VARJOTA.<\/p>\n","protected":false},"excerpt":{"rendered":"<p>Rodovia CE-176 | Trecho Olho D\u00b4\u00c1gua do Paj\u00e9 &#8211; Santa Quit\u00e9ria | 21\/09\/2018 &nbsp; Gerente: Goiana J\u00fanior Email: quiteria@sop.ce.gov.br Fone: (088) 3628-0738 | (088) 3628-0047 Endere\u00e7o: CE-176 km 71, AV. MELQU\u00cdADES MOUR\u00c3O, 1329 \u2013 BOA VIDA, SANTA QUIT\u00c9RIA Munic\u00edpios Atendidos: CANIND\u00c9, CARNAUBAL, CATUNDA, CROAT\u00c1, GUARACIABA DO NORTE, HIDROL\u00c2NDIA, IBIAPINA, IPU, ITATIRA, PARAMOTI, PIRES FERREIRA, RERIUTABA, [&hellip;]<\/p>\n","protected":false},"author":12,"featured_media":0,"parent":69713,"menu_order":0,"comment_status":"closed","ping_status":"closed","template":"","meta":{"_acf_changed":false,"inline_featured_image":false,"footnotes":""},"class_list":["post-72628","page","type-page","status-publish","hentry"],"acf":[],"yoast_head":"<!-- This site is optimized with the Yoast SEO plugin v27.3 - https:\/\/yoast.com\/product\/yoast-seo-wordpress\/ -->\n<title>D.O. 05 - Distrito Operacional de Santa Quit\u00e9ria - SOP<\/title>\n<meta name=\"robots\" content=\"index, follow, max-snippet:-1, max-image-preview:large, max-video-preview:-1\" \/>\n<link rel=\"canonical\" href=\"https:\/\/www.ce.gov.br\/sop\/distritos-operacionais\/d-o-05-distrito-operacional-de-santa-quiteria\/\" \/>\n<meta property=\"og:locale\" content=\"pt_BR\" \/>\n<meta property=\"og:type\" content=\"article\" \/>\n<meta property=\"og:title\" content=\"D.O. 05 - Distrito Operacional de Santa Quit\u00e9ria - SOP\" \/>\n<meta property=\"og:description\" content=\"Rodovia CE-176 | Trecho Olho D\u00b4\u00c1gua do Paj\u00e9 &#8211; Santa Quit\u00e9ria | 21\/09\/2018 &nbsp; Gerente: Goiana J\u00fanior Email: quiteria@sop.ce.gov.br Fone: (088) 3628-0738 | (088) 3628-0047 Endere\u00e7o: CE-176 km 71, AV. MELQU\u00cdADES MOUR\u00c3O, 1329 \u2013 BOA VIDA, SANTA QUIT\u00c9RIA Munic\u00edpios Atendidos: CANIND\u00c9, CARNAUBAL, CATUNDA, CROAT\u00c1, GUARACIABA DO NORTE, HIDROL\u00c2NDIA, IBIAPINA, IPU, ITATIRA, PARAMOTI, PIRES FERREIRA, RERIUTABA, [&hellip;]\" \/>\n<meta property=\"og:url\" content=\"https:\/\/www.ce.gov.br\/sop\/distritos-operacionais\/d-o-05-distrito-operacional-de-santa-quiteria\/\" \/>\n<meta property=\"og:site_name\" content=\"SOP\" \/>\n<meta property=\"article:modified_time\" content=\"2023-05-18T12:12:55+00:00\" \/>\n<meta name=\"twitter:card\" content=\"summary_large_image\" \/>\n<script type=\"application\/ld+json\" class=\"yoast-schema-graph\">{\"@context\":\"https:\\\/\\\/schema.org\",\"@graph\":[{\"@type\":\"WebPage\",\"@id\":\"https:\\\/\\\/www.ce.gov.br\\\/sop\\\/distritos-operacionais\\\/d-o-05-distrito-operacional-de-santa-quiteria\\\/\",\"url\":\"https:\\\/\\\/www.ce.gov.br\\\/sop\\\/distritos-operacionais\\\/d-o-05-distrito-operacional-de-santa-quiteria\\\/\",\"name\":\"D.O. 05 - Distrito Operacional de Santa Quit\u00e9ria - SOP\",\"isPartOf\":{\"@id\":\"https:\\\/\\\/www.ce.gov.br\\\/sop\\\/#website\"},\"datePublished\":\"2021-05-25T17:53:23+00:00\",\"dateModified\":\"2023-05-18T12:12:55+00:00\",\"breadcrumb\":{\"@id\":\"https:\\\/\\\/www.ce.gov.br\\\/sop\\\/distritos-operacionais\\\/d-o-05-distrito-operacional-de-santa-quiteria\\\/#breadcrumb\"},\"inLanguage\":\"pt-BR\",\"potentialAction\":[{\"@type\":\"ReadAction\",\"target\":[\"https:\\\/\\\/www.ce.gov.br\\\/sop\\\/distritos-operacionais\\\/d-o-05-distrito-operacional-de-santa-quiteria\\\/\"]}]},{\"@type\":\"BreadcrumbList\",\"@id\":\"https:\\\/\\\/www.ce.gov.br\\\/sop\\\/distritos-operacionais\\\/d-o-05-distrito-operacional-de-santa-quiteria\\\/#breadcrumb\",\"itemListElement\":[{\"@type\":\"ListItem\",\"position\":1,\"name\":\"In\u00edcio\",\"item\":\"https:\\\/\\\/www.ce.gov.br\\\/sop\\\/\"},{\"@type\":\"ListItem\",\"position\":2,\"name\":\"Distritos Operacionais\",\"item\":\"https:\\\/\\\/www.ce.gov.br\\\/sop\\\/distritos-operacionais\\\/\"},{\"@type\":\"ListItem\",\"position\":3,\"name\":\"D.O. 05 &#8211; Distrito Operacional de Santa Quit\u00e9ria\"}]},{\"@type\":\"WebSite\",\"@id\":\"https:\\\/\\\/www.ce.gov.br\\\/sop\\\/#website\",\"url\":\"https:\\\/\\\/www.ce.gov.br\\\/sop\\\/\",\"name\":\"Departamento Estadual de Rodovias\",\"description\":\"Portal SOP\",\"potentialAction\":[{\"@type\":\"SearchAction\",\"target\":{\"@type\":\"EntryPoint\",\"urlTemplate\":\"https:\\\/\\\/www.ce.gov.br\\\/sop\\\/?s={search_term_string}\"},\"query-input\":{\"@type\":\"PropertyValueSpecification\",\"valueRequired\":true,\"valueName\":\"search_term_string\"}}],\"inLanguage\":\"pt-BR\"}]}<\/script>\n<!-- \/ Yoast SEO plugin. -->","yoast_head_json":{"title":"D.O. 05 - Distrito Operacional de Santa Quit\u00e9ria - SOP","robots":{"index":"index","follow":"follow","max-snippet":"max-snippet:-1","max-image-preview":"max-image-preview:large","max-video-preview":"max-video-preview:-1"},"canonical":"https:\/\/www.ce.gov.br\/sop\/distritos-operacionais\/d-o-05-distrito-operacional-de-santa-quiteria\/","og_locale":"pt_BR","og_type":"article","og_title":"D.O. 05 - Distrito Operacional de Santa Quit\u00e9ria - SOP","og_description":"Rodovia CE-176 | Trecho Olho D\u00b4\u00c1gua do Paj\u00e9 &#8211; Santa Quit\u00e9ria | 21\/09\/2018 &nbsp; Gerente: Goiana J\u00fanior Email: quiteria@sop.ce.gov.br Fone: (088) 3628-0738 | (088) 3628-0047 Endere\u00e7o: CE-176 km 71, AV. MELQU\u00cdADES MOUR\u00c3O, 1329 \u2013 BOA VIDA, SANTA QUIT\u00c9RIA Munic\u00edpios Atendidos: CANIND\u00c9, CARNAUBAL, CATUNDA, CROAT\u00c1, GUARACIABA DO NORTE, HIDROL\u00c2NDIA, IBIAPINA, IPU, ITATIRA, PARAMOTI, PIRES FERREIRA, RERIUTABA, [&hellip;]","og_url":"https:\/\/www.ce.gov.br\/sop\/distritos-operacionais\/d-o-05-distrito-operacional-de-santa-quiteria\/","og_site_name":"SOP","article_modified_time":"2023-05-18T12:12:55+00:00","twitter_card":"summary_large_image","schema":{"@context":"https:\/\/schema.org","@graph":[{"@type":"WebPage","@id":"https:\/\/www.ce.gov.br\/sop\/distritos-operacionais\/d-o-05-distrito-operacional-de-santa-quiteria\/","url":"https:\/\/www.ce.gov.br\/sop\/distritos-operacionais\/d-o-05-distrito-operacional-de-santa-quiteria\/","name":"D.O. 05 - Distrito Operacional de Santa Quit\u00e9ria - SOP","isPartOf":{"@id":"https:\/\/www.ce.gov.br\/sop\/#website"},"datePublished":"2021-05-25T17:53:23+00:00","dateModified":"2023-05-18T12:12:55+00:00","breadcrumb":{"@id":"https:\/\/www.ce.gov.br\/sop\/distritos-operacionais\/d-o-05-distrito-operacional-de-santa-quiteria\/#breadcrumb"},"inLanguage":"pt-BR","potentialAction":[{"@type":"ReadAction","target":["https:\/\/www.ce.gov.br\/sop\/distritos-operacionais\/d-o-05-distrito-operacional-de-santa-quiteria\/"]}]},{"@type":"BreadcrumbList","@id":"https:\/\/www.ce.gov.br\/sop\/distritos-operacionais\/d-o-05-distrito-operacional-de-santa-quiteria\/#breadcrumb","itemListElement":[{"@type":"ListItem","position":1,"name":"In\u00edcio","item":"https:\/\/www.ce.gov.br\/sop\/"},{"@type":"ListItem","position":2,"name":"Distritos Operacionais","item":"https:\/\/www.ce.gov.br\/sop\/distritos-operacionais\/"},{"@type":"ListItem","position":3,"name":"D.O. 05 &#8211; Distrito Operacional de Santa Quit\u00e9ria"}]},{"@type":"WebSite","@id":"https:\/\/www.ce.gov.br\/sop\/#website","url":"https:\/\/www.ce.gov.br\/sop\/","name":"Departamento Estadual de Rodovias","description":"Portal SOP","potentialAction":[{"@type":"SearchAction","target":{"@type":"EntryPoint","urlTemplate":"https:\/\/www.ce.gov.br\/sop\/?s={search_term_string}"},"query-input":{"@type":"PropertyValueSpecification","valueRequired":true,"valueName":"search_term_string"}}],"inLanguage":"pt-BR"}]}},"_links":{"self":[{"href":"https:\/\/www.ce.gov.br\/sop\/wp-json\/wp\/v2\/pages\/72628","targetHints":{"allow":["GET"]}}],"collection":[{"href":"https:\/\/www.ce.gov.br\/sop\/wp-json\/wp\/v2\/pages"}],"about":[{"href":"https:\/\/www.ce.gov.br\/sop\/wp-json\/wp\/v2\/types\/page"}],"author":[{"embeddable":true,"href":"https:\/\/www.ce.gov.br\/sop\/wp-json\/wp\/v2\/users\/12"}],"replies":[{"embeddable":true,"href":"https:\/\/www.ce.gov.br\/sop\/wp-json\/wp\/v2\/comments?post=72628"}],"version-history":[{"count":3,"href":"https:\/\/www.ce.gov.br\/sop\/wp-json\/wp\/v2\/pages\/72628\/revisions"}],"predecessor-version":[{"id":75266,"href":"https:\/\/www.ce.gov.br\/sop\/wp-json\/wp\/v2\/pages\/72628\/revisions\/75266"}],"up":[{"embeddable":true,"href":"https:\/\/www.ce.gov.br\/sop\/wp-json\/wp\/v2\/pages\/69713"}],"wp:attachment":[{"href":"https:\/\/www.ce.gov.br\/sop\/wp-json\/wp\/v2\/media?parent=72628"}],"curies":[{"name":"wp","href":"https:\/\/api.w.org\/{rel}","templated":true}]}}