{"id":72632,"date":"2021-05-25T14:55:15","date_gmt":"2021-05-25T17:55:15","guid":{"rendered":"http:\/\/www.ce.gov.br\/sop\/?page_id=72632"},"modified":"2023-05-08T16:09:05","modified_gmt":"2023-05-08T19:09:05","slug":"d-o-07-distrito-operacional-de-sobral","status":"publish","type":"page","link":"https:\/\/www.ce.gov.br\/sop\/distritos-operacionais\/d-o-07-distrito-operacional-de-sobral\/","title":{"rendered":"D.O. 07 &#8211; Distrito Operacional de Sobral"},"content":{"rendered":"<div style=\"width: 720px;\" class=\"wp-video\"><video class=\"wp-video-shortcode\" id=\"video-72632-1\" width=\"720\" height=\"480\" preload=\"metadata\" controls=\"controls\"><source type=\"video\/mp4\" src=\"https:\/\/www.ce.gov.br\/sop\/wp-content\/uploads\/sites\/76\/2019\/07\/Do-7-Sobral-Ce-187-Vi\u00e7osa-Do-Cear\u00e1-Tiangu\u00e1-9.mp4?_=1\" \/><a href=\"https:\/\/www.ce.gov.br\/sop\/wp-content\/uploads\/sites\/76\/2019\/07\/Do-7-Sobral-Ce-187-Vi\u00e7osa-Do-Cear\u00e1-Tiangu\u00e1-9.mp4\">https:\/\/www.ce.gov.br\/sop\/wp-content\/uploads\/sites\/76\/2019\/07\/Do-7-Sobral-Ce-187-Vi\u00e7osa-Do-Cear\u00e1-Tiangu\u00e1-9.mp4<\/a><\/video><\/div>\n<h4 class=\"-SmallTitle\">Rodovia CE-187 | Trecho Vi\u00e7osa do Cear\u00e1 &#8211; Tiangu\u00e1 | 19\/09\/2018<\/h4>\n<p>&nbsp;<\/p>\n<p><span style=\"color: #008442\">Gerente:<\/span> Francisco Alves<br \/>\n<span style=\"color: #008442\">Email:<\/span> sobral@sop.ce.gov.br<br \/>\n<span style=\"color: #008442\">Fone:<\/span> (085) 3108-2898<br \/>\n<span style=\"color: #008442\">Endere\u00e7o:<\/span> CE-362 km 03, AV. DEPUTADO JOS\u00c9 EUCLIDES, 1645 \u2013 COLINA, SOBRAL<br \/>\n<span style=\"color: #008442\">Munic\u00edpios Atendidos:<\/span> ALC\u00c2NTARAS, BARROQUINHA, CAMOCIM, CARIR\u00c9, CHAVAL, COREA\u00da, FORQUILHA, FRECHEIRINHA, GRA\u00c7A,GRANJA, GROA\u00cdRAS, JIJOCA DE JERICOACOARA, MARTIN\u00d3POLE, MASSAP\u00ca, MERUOCA, MORA\u00daJO, MUCAMBO, PACUJ\u00c1, SANTANA DO ACARA\u00da, SENADOR S\u00c1, SOBRAL, TIANGU\u00c1, URUOCA, VI\u00c7OSA DO CEAR\u00c1.<\/p>\n","protected":false},"excerpt":{"rendered":"<p>Rodovia CE-187 | Trecho Vi\u00e7osa do Cear\u00e1 &#8211; Tiangu\u00e1 | 19\/09\/2018 &nbsp; Gerente: Francisco Alves Email: sobral@sop.ce.gov.br Fone: (085) 3108-2898 Endere\u00e7o: CE-362 km 03, AV. DEPUTADO JOS\u00c9 EUCLIDES, 1645 \u2013 COLINA, SOBRAL Munic\u00edpios Atendidos: ALC\u00c2NTARAS, BARROQUINHA, CAMOCIM, CARIR\u00c9, CHAVAL, COREA\u00da, FORQUILHA, FRECHEIRINHA, GRA\u00c7A,GRANJA, GROA\u00cdRAS, JIJOCA DE JERICOACOARA, MARTIN\u00d3POLE, MASSAP\u00ca, MERUOCA, MORA\u00daJO, MUCAMBO, PACUJ\u00c1, SANTANA DO [&hellip;]<\/p>\n","protected":false},"author":12,"featured_media":0,"parent":69713,"menu_order":0,"comment_status":"closed","ping_status":"closed","template":"","meta":{"_acf_changed":false,"inline_featured_image":false,"footnotes":""},"class_list":["post-72632","page","type-page","status-publish","hentry"],"acf":[],"yoast_head":"<!-- This site is optimized with the Yoast SEO plugin v27.3 - https:\/\/yoast.com\/product\/yoast-seo-wordpress\/ -->\n<title>D.O. 07 - Distrito Operacional de Sobral - SOP<\/title>\n<meta name=\"robots\" content=\"index, follow, max-snippet:-1, max-image-preview:large, max-video-preview:-1\" \/>\n<link rel=\"canonical\" href=\"https:\/\/www.ce.gov.br\/sop\/distritos-operacionais\/d-o-07-distrito-operacional-de-sobral\/\" \/>\n<meta property=\"og:locale\" content=\"pt_BR\" \/>\n<meta property=\"og:type\" content=\"article\" \/>\n<meta property=\"og:title\" content=\"D.O. 07 - Distrito Operacional de Sobral - SOP\" \/>\n<meta property=\"og:description\" content=\"Rodovia CE-187 | Trecho Vi\u00e7osa do Cear\u00e1 &#8211; Tiangu\u00e1 | 19\/09\/2018 &nbsp; Gerente: Francisco Alves Email: sobral@sop.ce.gov.br Fone: (085) 3108-2898 Endere\u00e7o: CE-362 km 03, AV. DEPUTADO JOS\u00c9 EUCLIDES, 1645 \u2013 COLINA, SOBRAL Munic\u00edpios Atendidos: ALC\u00c2NTARAS, BARROQUINHA, CAMOCIM, CARIR\u00c9, CHAVAL, COREA\u00da, FORQUILHA, FRECHEIRINHA, GRA\u00c7A,GRANJA, GROA\u00cdRAS, JIJOCA DE JERICOACOARA, MARTIN\u00d3POLE, MASSAP\u00ca, MERUOCA, MORA\u00daJO, MUCAMBO, PACUJ\u00c1, SANTANA DO [&hellip;]\" \/>\n<meta property=\"og:url\" content=\"https:\/\/www.ce.gov.br\/sop\/distritos-operacionais\/d-o-07-distrito-operacional-de-sobral\/\" \/>\n<meta property=\"og:site_name\" content=\"SOP\" \/>\n<meta property=\"article:modified_time\" content=\"2023-05-08T19:09:05+00:00\" \/>\n<meta name=\"twitter:card\" content=\"summary_large_image\" \/>\n<meta name=\"twitter:label1\" content=\"Est. reading time\" \/>\n\t<meta name=\"twitter:data1\" content=\"1 minuto\" \/>\n<script type=\"application\/ld+json\" class=\"yoast-schema-graph\">{\"@context\":\"https:\\\/\\\/schema.org\",\"@graph\":[{\"@type\":\"WebPage\",\"@id\":\"https:\\\/\\\/www.ce.gov.br\\\/sop\\\/distritos-operacionais\\\/d-o-07-distrito-operacional-de-sobral\\\/\",\"url\":\"https:\\\/\\\/www.ce.gov.br\\\/sop\\\/distritos-operacionais\\\/d-o-07-distrito-operacional-de-sobral\\\/\",\"name\":\"D.O. 07 - Distrito Operacional de Sobral - SOP\",\"isPartOf\":{\"@id\":\"https:\\\/\\\/www.ce.gov.br\\\/sop\\\/#website\"},\"datePublished\":\"2021-05-25T17:55:15+00:00\",\"dateModified\":\"2023-05-08T19:09:05+00:00\",\"breadcrumb\":{\"@id\":\"https:\\\/\\\/www.ce.gov.br\\\/sop\\\/distritos-operacionais\\\/d-o-07-distrito-operacional-de-sobral\\\/#breadcrumb\"},\"inLanguage\":\"pt-BR\",\"potentialAction\":[{\"@type\":\"ReadAction\",\"target\":[\"https:\\\/\\\/www.ce.gov.br\\\/sop\\\/distritos-operacionais\\\/d-o-07-distrito-operacional-de-sobral\\\/\"]}]},{\"@type\":\"BreadcrumbList\",\"@id\":\"https:\\\/\\\/www.ce.gov.br\\\/sop\\\/distritos-operacionais\\\/d-o-07-distrito-operacional-de-sobral\\\/#breadcrumb\",\"itemListElement\":[{\"@type\":\"ListItem\",\"position\":1,\"name\":\"In\u00edcio\",\"item\":\"https:\\\/\\\/www.ce.gov.br\\\/sop\\\/\"},{\"@type\":\"ListItem\",\"position\":2,\"name\":\"Distritos Operacionais\",\"item\":\"https:\\\/\\\/www.ce.gov.br\\\/sop\\\/distritos-operacionais\\\/\"},{\"@type\":\"ListItem\",\"position\":3,\"name\":\"D.O. 07 &#8211; Distrito Operacional de Sobral\"}]},{\"@type\":\"WebSite\",\"@id\":\"https:\\\/\\\/www.ce.gov.br\\\/sop\\\/#website\",\"url\":\"https:\\\/\\\/www.ce.gov.br\\\/sop\\\/\",\"name\":\"Departamento Estadual de Rodovias\",\"description\":\"Portal SOP\",\"potentialAction\":[{\"@type\":\"SearchAction\",\"target\":{\"@type\":\"EntryPoint\",\"urlTemplate\":\"https:\\\/\\\/www.ce.gov.br\\\/sop\\\/?s={search_term_string}\"},\"query-input\":{\"@type\":\"PropertyValueSpecification\",\"valueRequired\":true,\"valueName\":\"search_term_string\"}}],\"inLanguage\":\"pt-BR\"}]}<\/script>\n<!-- \/ Yoast SEO plugin. -->","yoast_head_json":{"title":"D.O. 07 - Distrito Operacional de Sobral - SOP","robots":{"index":"index","follow":"follow","max-snippet":"max-snippet:-1","max-image-preview":"max-image-preview:large","max-video-preview":"max-video-preview:-1"},"canonical":"https:\/\/www.ce.gov.br\/sop\/distritos-operacionais\/d-o-07-distrito-operacional-de-sobral\/","og_locale":"pt_BR","og_type":"article","og_title":"D.O. 07 - Distrito Operacional de Sobral - SOP","og_description":"Rodovia CE-187 | Trecho Vi\u00e7osa do Cear\u00e1 &#8211; Tiangu\u00e1 | 19\/09\/2018 &nbsp; Gerente: Francisco Alves Email: sobral@sop.ce.gov.br Fone: (085) 3108-2898 Endere\u00e7o: CE-362 km 03, AV. DEPUTADO JOS\u00c9 EUCLIDES, 1645 \u2013 COLINA, SOBRAL Munic\u00edpios Atendidos: ALC\u00c2NTARAS, BARROQUINHA, CAMOCIM, CARIR\u00c9, CHAVAL, COREA\u00da, FORQUILHA, FRECHEIRINHA, GRA\u00c7A,GRANJA, GROA\u00cdRAS, JIJOCA DE JERICOACOARA, MARTIN\u00d3POLE, MASSAP\u00ca, MERUOCA, MORA\u00daJO, MUCAMBO, PACUJ\u00c1, SANTANA DO [&hellip;]","og_url":"https:\/\/www.ce.gov.br\/sop\/distritos-operacionais\/d-o-07-distrito-operacional-de-sobral\/","og_site_name":"SOP","article_modified_time":"2023-05-08T19:09:05+00:00","twitter_card":"summary_large_image","twitter_misc":{"Est. reading time":"1 minuto"},"schema":{"@context":"https:\/\/schema.org","@graph":[{"@type":"WebPage","@id":"https:\/\/www.ce.gov.br\/sop\/distritos-operacionais\/d-o-07-distrito-operacional-de-sobral\/","url":"https:\/\/www.ce.gov.br\/sop\/distritos-operacionais\/d-o-07-distrito-operacional-de-sobral\/","name":"D.O. 07 - Distrito Operacional de Sobral - SOP","isPartOf":{"@id":"https:\/\/www.ce.gov.br\/sop\/#website"},"datePublished":"2021-05-25T17:55:15+00:00","dateModified":"2023-05-08T19:09:05+00:00","breadcrumb":{"@id":"https:\/\/www.ce.gov.br\/sop\/distritos-operacionais\/d-o-07-distrito-operacional-de-sobral\/#breadcrumb"},"inLanguage":"pt-BR","potentialAction":[{"@type":"ReadAction","target":["https:\/\/www.ce.gov.br\/sop\/distritos-operacionais\/d-o-07-distrito-operacional-de-sobral\/"]}]},{"@type":"BreadcrumbList","@id":"https:\/\/www.ce.gov.br\/sop\/distritos-operacionais\/d-o-07-distrito-operacional-de-sobral\/#breadcrumb","itemListElement":[{"@type":"ListItem","position":1,"name":"In\u00edcio","item":"https:\/\/www.ce.gov.br\/sop\/"},{"@type":"ListItem","position":2,"name":"Distritos Operacionais","item":"https:\/\/www.ce.gov.br\/sop\/distritos-operacionais\/"},{"@type":"ListItem","position":3,"name":"D.O. 07 &#8211; Distrito Operacional de Sobral"}]},{"@type":"WebSite","@id":"https:\/\/www.ce.gov.br\/sop\/#website","url":"https:\/\/www.ce.gov.br\/sop\/","name":"Departamento Estadual de Rodovias","description":"Portal SOP","potentialAction":[{"@type":"SearchAction","target":{"@type":"EntryPoint","urlTemplate":"https:\/\/www.ce.gov.br\/sop\/?s={search_term_string}"},"query-input":{"@type":"PropertyValueSpecification","valueRequired":true,"valueName":"search_term_string"}}],"inLanguage":"pt-BR"}]}},"_links":{"self":[{"href":"https:\/\/www.ce.gov.br\/sop\/wp-json\/wp\/v2\/pages\/72632","targetHints":{"allow":["GET"]}}],"collection":[{"href":"https:\/\/www.ce.gov.br\/sop\/wp-json\/wp\/v2\/pages"}],"about":[{"href":"https:\/\/www.ce.gov.br\/sop\/wp-json\/wp\/v2\/types\/page"}],"author":[{"embeddable":true,"href":"https:\/\/www.ce.gov.br\/sop\/wp-json\/wp\/v2\/users\/12"}],"replies":[{"embeddable":true,"href":"https:\/\/www.ce.gov.br\/sop\/wp-json\/wp\/v2\/comments?post=72632"}],"version-history":[{"count":4,"href":"https:\/\/www.ce.gov.br\/sop\/wp-json\/wp\/v2\/pages\/72632\/revisions"}],"predecessor-version":[{"id":75185,"href":"https:\/\/www.ce.gov.br\/sop\/wp-json\/wp\/v2\/pages\/72632\/revisions\/75185"}],"up":[{"embeddable":true,"href":"https:\/\/www.ce.gov.br\/sop\/wp-json\/wp\/v2\/pages\/69713"}],"wp:attachment":[{"href":"https:\/\/www.ce.gov.br\/sop\/wp-json\/wp\/v2\/media?parent=72632"}],"curies":[{"name":"wp","href":"https:\/\/api.w.org\/{rel}","templated":true}]}}