{"id":74051,"date":"2022-09-06T10:24:03","date_gmt":"2022-09-06T13:24:03","guid":{"rendered":"http:\/\/www.ce.gov.br\/sop\/?page_id=74051"},"modified":"2022-09-06T10:38:13","modified_gmt":"2022-09-06T13:38:13","slug":"aeroporto-regional-de-sao-benedito-swbe","status":"publish","type":"page","link":"https:\/\/www.ce.gov.br\/sop\/aeroportos-2\/aeroporto-regional-de-sao-benedito-swbe\/","title":{"rendered":"Tarifas Aeroportu\u00e1rias de S\u00e3o Benedito \u2013 SWBE"},"content":{"rendered":"<p>&nbsp;<\/p>\n<p style=\"text-align: justify\">As tarifas aeroportu\u00e1rias s\u00e3o os valores pagos aos operadores de aer\u00f3dromos pela utiliza\u00e7\u00e3o das instala\u00e7\u00f5es, dos equipamentos e demais servi\u00e7os disponibilizados pela infraestrutura aeroportu\u00e1ria. Atualmente as tarifas aeroportu\u00e1rias dom\u00e9sticas e internacionais s\u00e3o: tarifa de embarque, de conex\u00e3o, de pouso, de perman\u00eancia, conforme estabelecido pela Lei n\u00ba 6.009, de 26\/12\/1973.<\/p>\n<p>&nbsp;<\/p>\n<p style=\"text-align: justify\">A tarifa de embarque \u00e9 a \u00fanica a ser paga pelo passageiro e tem a finalidade de remunerar a presta\u00e7\u00e3o dos servi\u00e7os, instala\u00e7\u00f5es e facilidades necess\u00e1rios aos procedimentos de embarque e desembarque dos passageiros e bagagens. As tarifas de conex\u00e3o, pouso e perman\u00eancia s\u00e3o devidas pelo propriet\u00e1rio de aeronave privada ou explorador da aeronave (como as empresas a\u00e9reas).<\/p>\n<p>&nbsp;<\/p>\n<p><a href=\"https:\/\/www.ce.gov.br\/sop\/wp-content\/uploads\/sites\/76\/2022\/09\/TARIFAS-AEROPORTUARIAS-SWBE.png\"><img loading=\"lazy\" decoding=\"async\" class=\"aligncenter wp-image-74045\" src=\"https:\/\/www.ce.gov.br\/sop\/wp-content\/uploads\/sites\/76\/2022\/09\/TARIFAS-AEROPORTUARIAS-SWBE.png\" alt=\"\" width=\"540\" height=\"505\" srcset=\"https:\/\/www.ce.gov.br\/sop\/wp-content\/uploads\/sites\/76\/2022\/09\/TARIFAS-AEROPORTUARIAS-SWBE.png 1654w, https:\/\/www.ce.gov.br\/sop\/wp-content\/uploads\/sites\/76\/2022\/09\/TARIFAS-AEROPORTUARIAS-SWBE-600x562.png 600w, https:\/\/www.ce.gov.br\/sop\/wp-content\/uploads\/sites\/76\/2022\/09\/TARIFAS-AEROPORTUARIAS-SWBE-1200x1123.png 1200w, https:\/\/www.ce.gov.br\/sop\/wp-content\/uploads\/sites\/76\/2022\/09\/TARIFAS-AEROPORTUARIAS-SWBE-768x719.png 768w, https:\/\/www.ce.gov.br\/sop\/wp-content\/uploads\/sites\/76\/2022\/09\/TARIFAS-AEROPORTUARIAS-SWBE-1536x1438.png 1536w\" sizes=\"auto, (max-width: 540px) 100vw, 540px\" \/><\/a><\/p>\n","protected":false},"excerpt":{"rendered":"<p>&nbsp; As tarifas aeroportu\u00e1rias s\u00e3o os valores pagos aos operadores de aer\u00f3dromos pela utiliza\u00e7\u00e3o das instala\u00e7\u00f5es, dos equipamentos e demais servi\u00e7os disponibilizados pela infraestrutura aeroportu\u00e1ria. Atualmente as tarifas aeroportu\u00e1rias dom\u00e9sticas e internacionais s\u00e3o: tarifa de embarque, de conex\u00e3o, de pouso, de perman\u00eancia, conforme estabelecido pela Lei n\u00ba 6.009, de 26\/12\/1973. &nbsp; A tarifa de embarque [&hellip;]<\/p>\n","protected":false},"author":12,"featured_media":0,"parent":1732,"menu_order":0,"comment_status":"closed","ping_status":"closed","template":"","meta":{"_acf_changed":false,"inline_featured_image":false,"footnotes":""},"class_list":["post-74051","page","type-page","status-publish","hentry"],"acf":[],"yoast_head":"<!-- This site is optimized with the Yoast SEO plugin v27.3 - https:\/\/yoast.com\/product\/yoast-seo-wordpress\/ -->\n<title>Tarifas Aeroportu\u00e1rias de S\u00e3o Benedito \u2013 SWBE - SOP<\/title>\n<meta name=\"robots\" content=\"index, follow, max-snippet:-1, max-image-preview:large, max-video-preview:-1\" \/>\n<link rel=\"canonical\" href=\"https:\/\/www.ce.gov.br\/sop\/aeroportos-2\/aeroporto-regional-de-sao-benedito-swbe\/\" \/>\n<meta property=\"og:locale\" content=\"pt_BR\" \/>\n<meta property=\"og:type\" content=\"article\" \/>\n<meta property=\"og:title\" content=\"Tarifas Aeroportu\u00e1rias de S\u00e3o Benedito \u2013 SWBE - SOP\" \/>\n<meta property=\"og:description\" content=\"&nbsp; As tarifas aeroportu\u00e1rias s\u00e3o os valores pagos aos operadores de aer\u00f3dromos pela utiliza\u00e7\u00e3o das instala\u00e7\u00f5es, dos equipamentos e demais servi\u00e7os disponibilizados pela infraestrutura aeroportu\u00e1ria. Atualmente as tarifas aeroportu\u00e1rias dom\u00e9sticas e internacionais s\u00e3o: tarifa de embarque, de conex\u00e3o, de pouso, de perman\u00eancia, conforme estabelecido pela Lei n\u00ba 6.009, de 26\/12\/1973. &nbsp; A tarifa de embarque [&hellip;]\" \/>\n<meta property=\"og:url\" content=\"https:\/\/www.ce.gov.br\/sop\/aeroportos-2\/aeroporto-regional-de-sao-benedito-swbe\/\" \/>\n<meta property=\"og:site_name\" content=\"SOP\" \/>\n<meta property=\"article:modified_time\" content=\"2022-09-06T13:38:13+00:00\" \/>\n<meta property=\"og:image\" content=\"http:\/\/www.ce.gov.br\/sop\/wp-content\/uploads\/sites\/76\/2022\/09\/TARIFAS-AEROPORTUARIAS-SWBE.png\" \/>\n<meta name=\"twitter:card\" content=\"summary_large_image\" \/>\n<meta name=\"twitter:label1\" content=\"Est. reading time\" \/>\n\t<meta name=\"twitter:data1\" content=\"1 minuto\" \/>\n<script type=\"application\/ld+json\" class=\"yoast-schema-graph\">{\"@context\":\"https:\\\/\\\/schema.org\",\"@graph\":[{\"@type\":\"WebPage\",\"@id\":\"https:\\\/\\\/www.ce.gov.br\\\/sop\\\/aeroportos-2\\\/aeroporto-regional-de-sao-benedito-swbe\\\/\",\"url\":\"https:\\\/\\\/www.ce.gov.br\\\/sop\\\/aeroportos-2\\\/aeroporto-regional-de-sao-benedito-swbe\\\/\",\"name\":\"Tarifas Aeroportu\u00e1rias de S\u00e3o Benedito \u2013 SWBE - SOP\",\"isPartOf\":{\"@id\":\"https:\\\/\\\/www.ce.gov.br\\\/sop\\\/#website\"},\"primaryImageOfPage\":{\"@id\":\"https:\\\/\\\/www.ce.gov.br\\\/sop\\\/aeroportos-2\\\/aeroporto-regional-de-sao-benedito-swbe\\\/#primaryimage\"},\"image\":{\"@id\":\"https:\\\/\\\/www.ce.gov.br\\\/sop\\\/aeroportos-2\\\/aeroporto-regional-de-sao-benedito-swbe\\\/#primaryimage\"},\"thumbnailUrl\":\"http:\\\/\\\/www.ce.gov.br\\\/sop\\\/wp-content\\\/uploads\\\/sites\\\/76\\\/2022\\\/09\\\/TARIFAS-AEROPORTUARIAS-SWBE.png\",\"datePublished\":\"2022-09-06T13:24:03+00:00\",\"dateModified\":\"2022-09-06T13:38:13+00:00\",\"breadcrumb\":{\"@id\":\"https:\\\/\\\/www.ce.gov.br\\\/sop\\\/aeroportos-2\\\/aeroporto-regional-de-sao-benedito-swbe\\\/#breadcrumb\"},\"inLanguage\":\"pt-BR\",\"potentialAction\":[{\"@type\":\"ReadAction\",\"target\":[\"https:\\\/\\\/www.ce.gov.br\\\/sop\\\/aeroportos-2\\\/aeroporto-regional-de-sao-benedito-swbe\\\/\"]}]},{\"@type\":\"ImageObject\",\"inLanguage\":\"pt-BR\",\"@id\":\"https:\\\/\\\/www.ce.gov.br\\\/sop\\\/aeroportos-2\\\/aeroporto-regional-de-sao-benedito-swbe\\\/#primaryimage\",\"url\":\"http:\\\/\\\/www.ce.gov.br\\\/sop\\\/wp-content\\\/uploads\\\/sites\\\/76\\\/2022\\\/09\\\/TARIFAS-AEROPORTUARIAS-SWBE.png\",\"contentUrl\":\"http:\\\/\\\/www.ce.gov.br\\\/sop\\\/wp-content\\\/uploads\\\/sites\\\/76\\\/2022\\\/09\\\/TARIFAS-AEROPORTUARIAS-SWBE.png\"},{\"@type\":\"BreadcrumbList\",\"@id\":\"https:\\\/\\\/www.ce.gov.br\\\/sop\\\/aeroportos-2\\\/aeroporto-regional-de-sao-benedito-swbe\\\/#breadcrumb\",\"itemListElement\":[{\"@type\":\"ListItem\",\"position\":1,\"name\":\"In\u00edcio\",\"item\":\"https:\\\/\\\/www.ce.gov.br\\\/sop\\\/\"},{\"@type\":\"ListItem\",\"position\":2,\"name\":\"Aeroportos\",\"item\":\"https:\\\/\\\/www.ce.gov.br\\\/sop\\\/aeroportos-2\\\/\"},{\"@type\":\"ListItem\",\"position\":3,\"name\":\"Tarifas Aeroportu\u00e1rias de S\u00e3o Benedito \u2013 SWBE\"}]},{\"@type\":\"WebSite\",\"@id\":\"https:\\\/\\\/www.ce.gov.br\\\/sop\\\/#website\",\"url\":\"https:\\\/\\\/www.ce.gov.br\\\/sop\\\/\",\"name\":\"Departamento Estadual de Rodovias\",\"description\":\"Portal SOP\",\"potentialAction\":[{\"@type\":\"SearchAction\",\"target\":{\"@type\":\"EntryPoint\",\"urlTemplate\":\"https:\\\/\\\/www.ce.gov.br\\\/sop\\\/?s={search_term_string}\"},\"query-input\":{\"@type\":\"PropertyValueSpecification\",\"valueRequired\":true,\"valueName\":\"search_term_string\"}}],\"inLanguage\":\"pt-BR\"}]}<\/script>\n<!-- \/ Yoast SEO plugin. -->","yoast_head_json":{"title":"Tarifas Aeroportu\u00e1rias de S\u00e3o Benedito \u2013 SWBE - SOP","robots":{"index":"index","follow":"follow","max-snippet":"max-snippet:-1","max-image-preview":"max-image-preview:large","max-video-preview":"max-video-preview:-1"},"canonical":"https:\/\/www.ce.gov.br\/sop\/aeroportos-2\/aeroporto-regional-de-sao-benedito-swbe\/","og_locale":"pt_BR","og_type":"article","og_title":"Tarifas Aeroportu\u00e1rias de S\u00e3o Benedito \u2013 SWBE - SOP","og_description":"&nbsp; As tarifas aeroportu\u00e1rias s\u00e3o os valores pagos aos operadores de aer\u00f3dromos pela utiliza\u00e7\u00e3o das instala\u00e7\u00f5es, dos equipamentos e demais servi\u00e7os disponibilizados pela infraestrutura aeroportu\u00e1ria. Atualmente as tarifas aeroportu\u00e1rias dom\u00e9sticas e internacionais s\u00e3o: tarifa de embarque, de conex\u00e3o, de pouso, de perman\u00eancia, conforme estabelecido pela Lei n\u00ba 6.009, de 26\/12\/1973. &nbsp; A tarifa de embarque [&hellip;]","og_url":"https:\/\/www.ce.gov.br\/sop\/aeroportos-2\/aeroporto-regional-de-sao-benedito-swbe\/","og_site_name":"SOP","article_modified_time":"2022-09-06T13:38:13+00:00","og_image":[{"url":"http:\/\/www.ce.gov.br\/sop\/wp-content\/uploads\/sites\/76\/2022\/09\/TARIFAS-AEROPORTUARIAS-SWBE.png","type":"","width":"","height":""}],"twitter_card":"summary_large_image","twitter_misc":{"Est. reading time":"1 minuto"},"schema":{"@context":"https:\/\/schema.org","@graph":[{"@type":"WebPage","@id":"https:\/\/www.ce.gov.br\/sop\/aeroportos-2\/aeroporto-regional-de-sao-benedito-swbe\/","url":"https:\/\/www.ce.gov.br\/sop\/aeroportos-2\/aeroporto-regional-de-sao-benedito-swbe\/","name":"Tarifas Aeroportu\u00e1rias de S\u00e3o Benedito \u2013 SWBE - SOP","isPartOf":{"@id":"https:\/\/www.ce.gov.br\/sop\/#website"},"primaryImageOfPage":{"@id":"https:\/\/www.ce.gov.br\/sop\/aeroportos-2\/aeroporto-regional-de-sao-benedito-swbe\/#primaryimage"},"image":{"@id":"https:\/\/www.ce.gov.br\/sop\/aeroportos-2\/aeroporto-regional-de-sao-benedito-swbe\/#primaryimage"},"thumbnailUrl":"http:\/\/www.ce.gov.br\/sop\/wp-content\/uploads\/sites\/76\/2022\/09\/TARIFAS-AEROPORTUARIAS-SWBE.png","datePublished":"2022-09-06T13:24:03+00:00","dateModified":"2022-09-06T13:38:13+00:00","breadcrumb":{"@id":"https:\/\/www.ce.gov.br\/sop\/aeroportos-2\/aeroporto-regional-de-sao-benedito-swbe\/#breadcrumb"},"inLanguage":"pt-BR","potentialAction":[{"@type":"ReadAction","target":["https:\/\/www.ce.gov.br\/sop\/aeroportos-2\/aeroporto-regional-de-sao-benedito-swbe\/"]}]},{"@type":"ImageObject","inLanguage":"pt-BR","@id":"https:\/\/www.ce.gov.br\/sop\/aeroportos-2\/aeroporto-regional-de-sao-benedito-swbe\/#primaryimage","url":"http:\/\/www.ce.gov.br\/sop\/wp-content\/uploads\/sites\/76\/2022\/09\/TARIFAS-AEROPORTUARIAS-SWBE.png","contentUrl":"http:\/\/www.ce.gov.br\/sop\/wp-content\/uploads\/sites\/76\/2022\/09\/TARIFAS-AEROPORTUARIAS-SWBE.png"},{"@type":"BreadcrumbList","@id":"https:\/\/www.ce.gov.br\/sop\/aeroportos-2\/aeroporto-regional-de-sao-benedito-swbe\/#breadcrumb","itemListElement":[{"@type":"ListItem","position":1,"name":"In\u00edcio","item":"https:\/\/www.ce.gov.br\/sop\/"},{"@type":"ListItem","position":2,"name":"Aeroportos","item":"https:\/\/www.ce.gov.br\/sop\/aeroportos-2\/"},{"@type":"ListItem","position":3,"name":"Tarifas Aeroportu\u00e1rias de S\u00e3o Benedito \u2013 SWBE"}]},{"@type":"WebSite","@id":"https:\/\/www.ce.gov.br\/sop\/#website","url":"https:\/\/www.ce.gov.br\/sop\/","name":"Departamento Estadual de Rodovias","description":"Portal SOP","potentialAction":[{"@type":"SearchAction","target":{"@type":"EntryPoint","urlTemplate":"https:\/\/www.ce.gov.br\/sop\/?s={search_term_string}"},"query-input":{"@type":"PropertyValueSpecification","valueRequired":true,"valueName":"search_term_string"}}],"inLanguage":"pt-BR"}]}},"_links":{"self":[{"href":"https:\/\/www.ce.gov.br\/sop\/wp-json\/wp\/v2\/pages\/74051","targetHints":{"allow":["GET"]}}],"collection":[{"href":"https:\/\/www.ce.gov.br\/sop\/wp-json\/wp\/v2\/pages"}],"about":[{"href":"https:\/\/www.ce.gov.br\/sop\/wp-json\/wp\/v2\/types\/page"}],"author":[{"embeddable":true,"href":"https:\/\/www.ce.gov.br\/sop\/wp-json\/wp\/v2\/users\/12"}],"replies":[{"embeddable":true,"href":"https:\/\/www.ce.gov.br\/sop\/wp-json\/wp\/v2\/comments?post=74051"}],"version-history":[{"count":2,"href":"https:\/\/www.ce.gov.br\/sop\/wp-json\/wp\/v2\/pages\/74051\/revisions"}],"predecessor-version":[{"id":74068,"href":"https:\/\/www.ce.gov.br\/sop\/wp-json\/wp\/v2\/pages\/74051\/revisions\/74068"}],"up":[{"embeddable":true,"href":"https:\/\/www.ce.gov.br\/sop\/wp-json\/wp\/v2\/pages\/1732"}],"wp:attachment":[{"href":"https:\/\/www.ce.gov.br\/sop\/wp-json\/wp\/v2\/media?parent=74051"}],"curies":[{"name":"wp","href":"https:\/\/api.w.org\/{rel}","templated":true}]}}