{"id":79137,"date":"2026-04-15T14:06:49","date_gmt":"2026-04-15T17:06:49","guid":{"rendered":"https:\/\/www.ce.gov.br\/sop\/?page_id=79137"},"modified":"2026-04-15T14:06:55","modified_gmt":"2026-04-15T17:06:55","slug":"aviso-de-dispensa-de-licitacao-no-003-2025","status":"publish","type":"page","link":"https:\/\/www.ce.gov.br\/sop\/aviso-de-dispensa-de-licitacao-no-003-2025\/","title":{"rendered":"Aviso de dispensa de licita\u00e7\u00e3o N\u00ba. 003\/2025"},"content":{"rendered":"\n<p class=\"is-style-justified\">O ESTADO DO CEAR\u00c1, atrav\u00e9s da SUPERINTEND\u00caNCIA DE OBRAS P\u00daBLICAS (SOP\/CE), inscrita no CNPJ sob o n.\u00ba 33.866.288\/0001-30, com sede na Av. Alberto Craveiro, n\u00ba 2775, Castel\u00e3o, Fortaleza-CE, CEP: 60.860-901, torna p\u00fablico para conhecimento dos interessados a realiza\u00e7\u00e3o DISPENSA DE LICITA\u00c7\u00c3O N\u00ba. 003\/2025, cujo objeto \u00e9 a contrata\u00e7\u00e3o de \u201cSERVI\u00c7OS AUXILIARES \u00c0 OPERA\u00c7\u00c3O, ADMINISTRA\u00c7\u00c3O, MANUTEN\u00c7\u00c3O E CONSERVA\u00c7\u00c3O DOS SEGUINTES AEROPORTOS: AEROPORTO DE JERICOACOARA (SBJE), AEROPORTO DE CANOA QUEBRADA (SBAC)\u201d, com crit\u00e9rio de julgamento MENOR PRE\u00c7O, na EMPREITADA POR PRE\u00c7O GLOBAL, nos termos do art. 75, VIII, c\/c \u00a76\u00ba, da Lei Federal n\u00ba. 14.133\/2021 e altera\u00e7\u00f5es, e de acordo com as condi\u00e7\u00f5es, crit\u00e9rios e procedimentos estabelecidos neste Aviso e seus anexos, objetivando obter a melhor proposta, observadas as datas e hor\u00e1rios discriminados.<\/p>\n\n\n\n<figure class=\"wp-block-image size-full\"><img loading=\"lazy\" decoding=\"async\" width=\"768\" height=\"508\" src=\"https:\/\/www.ce.gov.br\/sop\/wp-content\/uploads\/sites\/76\/2025\/04\/WhatsApp-Image-2025-04-08-at-15.25.12-768x508-1.jpeg\" alt=\"\" class=\"wp-image-79134\" srcset=\"https:\/\/www.ce.gov.br\/sop\/wp-content\/uploads\/sites\/76\/2025\/04\/WhatsApp-Image-2025-04-08-at-15.25.12-768x508-1.jpeg 768w, https:\/\/www.ce.gov.br\/sop\/wp-content\/uploads\/sites\/76\/2025\/04\/WhatsApp-Image-2025-04-08-at-15.25.12-768x508-1-600x397.jpeg 600w\" sizes=\"auto, (max-width: 768px) 100vw, 768px\" \/><\/figure>\n\n\n\n<p class=\"is-style-justified\">DATA E HORA LIMITE PARA ENTREGA DA PROPOSTA DE PRE\u00c7O E DOCUMENTOS DE HABILITA\u00c7\u00c3O at\u00e9 as 23:59 (hor\u00e1rio oficial de Bras\u00edlia) do 3\u00ba dia \u00fatil ap\u00f3s a publica\u00e7\u00e3o do Edital.<\/p>\n\n\n\n<p><\/p>\n\n\n\n<p class=\"is-style-justified\">ENDERE\u00c7O ELETR\u00d4NICO PARA ENVIO DA PROPOSTA E DOCUMENTOS DE HABILITA\u00c7\u00c3O: \u00ab<a href=\"mailto:gepra.ope@sop.ce.gov.br\">gepra.ope@sop.ce.gov.br<\/a>\u00bb, com o t\u00edtulo do assunto: \u201cAviso de Dispensa de Licita\u00e7\u00e3o n\u00ba. 003\/2025\u201d.<\/p>\n\n\n\n<p class=\"is-style-justified\">Poder\u00e3o participar desta Dispensa de Licita\u00e7\u00e3o, empresa, isoladamente ou em cons\u00f3rcio, regularmente estabelecida no pa\u00eds, que atenda \u00e0s condi\u00e7\u00f5es exigidas neste Aviso e seus anexos, devendo pertencer ao setor de gest\u00e3o, administra\u00e7\u00e3o e opera\u00e7\u00e3o de aer\u00f3dromos, que estejam enquadradas no \u201c<strong>CNAE \u2013 5240-1\/01-Opera\u00e7\u00e3o dos aeroportos e campos de aterrissagem<\/strong>\u201d.<\/p>\n\n\n\n<p><a href=\"https:\/\/s2gpr.sefaz.ce.gov.br\/licita-web\/paginas\/licita\/PublicacaoList.seam\">Clique aqui para acessar o Licita Web<\/a><\/p>\n","protected":false},"excerpt":{"rendered":"<p>O ESTADO DO CEAR\u00c1, atrav\u00e9s da SUPERINTEND\u00caNCIA DE OBRAS P\u00daBLICAS (SOP\/CE), inscrita no CNPJ sob o n.\u00ba 33.866.288\/0001-30, com sede na Av. Alberto Craveiro, n\u00ba 2775, Castel\u00e3o, Fortaleza-CE, CEP: 60.860-901, torna p\u00fablico para conhecimento dos interessados a realiza\u00e7\u00e3o DISPENSA DE LICITA\u00c7\u00c3O N\u00ba. 003\/2025, cujo objeto \u00e9 a contrata\u00e7\u00e3o de \u201cSERVI\u00c7OS AUXILIARES \u00c0 OPERA\u00c7\u00c3O, ADMINISTRA\u00c7\u00c3O, MANUTEN\u00c7\u00c3O [&hellip;]<\/p>\n","protected":false},"author":61,"featured_media":0,"parent":0,"menu_order":0,"comment_status":"closed","ping_status":"closed","template":"","meta":{"_acf_changed":false,"inline_featured_image":false,"footnotes":""},"class_list":["post-79137","page","type-page","status-publish","hentry"],"acf":[],"yoast_head":"<!-- This site is optimized with the Yoast SEO plugin v27.3 - https:\/\/yoast.com\/product\/yoast-seo-wordpress\/ -->\n<title>Aviso de dispensa de licita\u00e7\u00e3o N\u00ba. 003\/2025 - SOP<\/title>\n<meta name=\"robots\" content=\"index, follow, max-snippet:-1, max-image-preview:large, max-video-preview:-1\" \/>\n<link rel=\"canonical\" href=\"https:\/\/www.ce.gov.br\/sop\/aviso-de-dispensa-de-licitacao-no-003-2025\/\" \/>\n<meta property=\"og:locale\" content=\"pt_BR\" \/>\n<meta property=\"og:type\" content=\"article\" \/>\n<meta property=\"og:title\" content=\"Aviso de dispensa de licita\u00e7\u00e3o N\u00ba. 003\/2025 - SOP\" \/>\n<meta property=\"og:description\" content=\"O ESTADO DO CEAR\u00c1, atrav\u00e9s da SUPERINTEND\u00caNCIA DE OBRAS P\u00daBLICAS (SOP\/CE), inscrita no CNPJ sob o n.\u00ba 33.866.288\/0001-30, com sede na Av. Alberto Craveiro, n\u00ba 2775, Castel\u00e3o, Fortaleza-CE, CEP: 60.860-901, torna p\u00fablico para conhecimento dos interessados a realiza\u00e7\u00e3o DISPENSA DE LICITA\u00c7\u00c3O N\u00ba. 003\/2025, cujo objeto \u00e9 a contrata\u00e7\u00e3o de \u201cSERVI\u00c7OS AUXILIARES \u00c0 OPERA\u00c7\u00c3O, ADMINISTRA\u00c7\u00c3O, MANUTEN\u00c7\u00c3O [&hellip;]\" \/>\n<meta property=\"og:url\" content=\"https:\/\/www.ce.gov.br\/sop\/aviso-de-dispensa-de-licitacao-no-003-2025\/\" \/>\n<meta property=\"og:site_name\" content=\"SOP\" \/>\n<meta property=\"article:modified_time\" content=\"2026-04-15T17:06:55+00:00\" \/>\n<meta property=\"og:image\" content=\"https:\/\/www.ce.gov.br\/sop\/wp-content\/uploads\/sites\/76\/2025\/04\/WhatsApp-Image-2025-04-08-at-15.25.12-768x508-1.jpeg\" \/>\n\t<meta property=\"og:image:width\" content=\"768\" \/>\n\t<meta property=\"og:image:height\" content=\"508\" \/>\n\t<meta property=\"og:image:type\" content=\"image\/jpeg\" \/>\n<meta name=\"twitter:card\" content=\"summary_large_image\" \/>\n<meta name=\"twitter:label1\" content=\"Est. reading time\" \/>\n\t<meta name=\"twitter:data1\" content=\"2 minutos\" \/>\n<script type=\"application\/ld+json\" class=\"yoast-schema-graph\">{\"@context\":\"https:\\\/\\\/schema.org\",\"@graph\":[{\"@type\":\"WebPage\",\"@id\":\"https:\\\/\\\/www.ce.gov.br\\\/sop\\\/aviso-de-dispensa-de-licitacao-no-003-2025\\\/\",\"url\":\"https:\\\/\\\/www.ce.gov.br\\\/sop\\\/aviso-de-dispensa-de-licitacao-no-003-2025\\\/\",\"name\":\"Aviso de dispensa de licita\u00e7\u00e3o N\u00ba. 003\\\/2025 - SOP\",\"isPartOf\":{\"@id\":\"https:\\\/\\\/www.ce.gov.br\\\/sop\\\/#website\"},\"primaryImageOfPage\":{\"@id\":\"https:\\\/\\\/www.ce.gov.br\\\/sop\\\/aviso-de-dispensa-de-licitacao-no-003-2025\\\/#primaryimage\"},\"image\":{\"@id\":\"https:\\\/\\\/www.ce.gov.br\\\/sop\\\/aviso-de-dispensa-de-licitacao-no-003-2025\\\/#primaryimage\"},\"thumbnailUrl\":\"https:\\\/\\\/www.ce.gov.br\\\/sop\\\/wp-content\\\/uploads\\\/sites\\\/76\\\/2025\\\/04\\\/WhatsApp-Image-2025-04-08-at-15.25.12-768x508-1.jpeg\",\"datePublished\":\"2026-04-15T17:06:49+00:00\",\"dateModified\":\"2026-04-15T17:06:55+00:00\",\"breadcrumb\":{\"@id\":\"https:\\\/\\\/www.ce.gov.br\\\/sop\\\/aviso-de-dispensa-de-licitacao-no-003-2025\\\/#breadcrumb\"},\"inLanguage\":\"pt-BR\",\"potentialAction\":[{\"@type\":\"ReadAction\",\"target\":[\"https:\\\/\\\/www.ce.gov.br\\\/sop\\\/aviso-de-dispensa-de-licitacao-no-003-2025\\\/\"]}]},{\"@type\":\"ImageObject\",\"inLanguage\":\"pt-BR\",\"@id\":\"https:\\\/\\\/www.ce.gov.br\\\/sop\\\/aviso-de-dispensa-de-licitacao-no-003-2025\\\/#primaryimage\",\"url\":\"https:\\\/\\\/www.ce.gov.br\\\/sop\\\/wp-content\\\/uploads\\\/sites\\\/76\\\/2025\\\/04\\\/WhatsApp-Image-2025-04-08-at-15.25.12-768x508-1.jpeg\",\"contentUrl\":\"https:\\\/\\\/www.ce.gov.br\\\/sop\\\/wp-content\\\/uploads\\\/sites\\\/76\\\/2025\\\/04\\\/WhatsApp-Image-2025-04-08-at-15.25.12-768x508-1.jpeg\",\"width\":768,\"height\":508},{\"@type\":\"BreadcrumbList\",\"@id\":\"https:\\\/\\\/www.ce.gov.br\\\/sop\\\/aviso-de-dispensa-de-licitacao-no-003-2025\\\/#breadcrumb\",\"itemListElement\":[{\"@type\":\"ListItem\",\"position\":1,\"name\":\"In\u00edcio\",\"item\":\"https:\\\/\\\/www.ce.gov.br\\\/sop\\\/\"},{\"@type\":\"ListItem\",\"position\":2,\"name\":\"Aviso de dispensa de licita\u00e7\u00e3o N\u00ba. 003\\\/2025\"}]},{\"@type\":\"WebSite\",\"@id\":\"https:\\\/\\\/www.ce.gov.br\\\/sop\\\/#website\",\"url\":\"https:\\\/\\\/www.ce.gov.br\\\/sop\\\/\",\"name\":\"Departamento Estadual de Rodovias\",\"description\":\"Portal SOP\",\"potentialAction\":[{\"@type\":\"SearchAction\",\"target\":{\"@type\":\"EntryPoint\",\"urlTemplate\":\"https:\\\/\\\/www.ce.gov.br\\\/sop\\\/?s={search_term_string}\"},\"query-input\":{\"@type\":\"PropertyValueSpecification\",\"valueRequired\":true,\"valueName\":\"search_term_string\"}}],\"inLanguage\":\"pt-BR\"}]}<\/script>\n<!-- \/ Yoast SEO plugin. -->","yoast_head_json":{"title":"Aviso de dispensa de licita\u00e7\u00e3o N\u00ba. 003\/2025 - SOP","robots":{"index":"index","follow":"follow","max-snippet":"max-snippet:-1","max-image-preview":"max-image-preview:large","max-video-preview":"max-video-preview:-1"},"canonical":"https:\/\/www.ce.gov.br\/sop\/aviso-de-dispensa-de-licitacao-no-003-2025\/","og_locale":"pt_BR","og_type":"article","og_title":"Aviso de dispensa de licita\u00e7\u00e3o N\u00ba. 003\/2025 - SOP","og_description":"O ESTADO DO CEAR\u00c1, atrav\u00e9s da SUPERINTEND\u00caNCIA DE OBRAS P\u00daBLICAS (SOP\/CE), inscrita no CNPJ sob o n.\u00ba 33.866.288\/0001-30, com sede na Av. Alberto Craveiro, n\u00ba 2775, Castel\u00e3o, Fortaleza-CE, CEP: 60.860-901, torna p\u00fablico para conhecimento dos interessados a realiza\u00e7\u00e3o DISPENSA DE LICITA\u00c7\u00c3O N\u00ba. 003\/2025, cujo objeto \u00e9 a contrata\u00e7\u00e3o de \u201cSERVI\u00c7OS AUXILIARES \u00c0 OPERA\u00c7\u00c3O, ADMINISTRA\u00c7\u00c3O, MANUTEN\u00c7\u00c3O [&hellip;]","og_url":"https:\/\/www.ce.gov.br\/sop\/aviso-de-dispensa-de-licitacao-no-003-2025\/","og_site_name":"SOP","article_modified_time":"2026-04-15T17:06:55+00:00","og_image":[{"width":768,"height":508,"url":"https:\/\/www.ce.gov.br\/sop\/wp-content\/uploads\/sites\/76\/2025\/04\/WhatsApp-Image-2025-04-08-at-15.25.12-768x508-1.jpeg","type":"image\/jpeg"}],"twitter_card":"summary_large_image","twitter_misc":{"Est. reading time":"2 minutos"},"schema":{"@context":"https:\/\/schema.org","@graph":[{"@type":"WebPage","@id":"https:\/\/www.ce.gov.br\/sop\/aviso-de-dispensa-de-licitacao-no-003-2025\/","url":"https:\/\/www.ce.gov.br\/sop\/aviso-de-dispensa-de-licitacao-no-003-2025\/","name":"Aviso de dispensa de licita\u00e7\u00e3o N\u00ba. 003\/2025 - SOP","isPartOf":{"@id":"https:\/\/www.ce.gov.br\/sop\/#website"},"primaryImageOfPage":{"@id":"https:\/\/www.ce.gov.br\/sop\/aviso-de-dispensa-de-licitacao-no-003-2025\/#primaryimage"},"image":{"@id":"https:\/\/www.ce.gov.br\/sop\/aviso-de-dispensa-de-licitacao-no-003-2025\/#primaryimage"},"thumbnailUrl":"https:\/\/www.ce.gov.br\/sop\/wp-content\/uploads\/sites\/76\/2025\/04\/WhatsApp-Image-2025-04-08-at-15.25.12-768x508-1.jpeg","datePublished":"2026-04-15T17:06:49+00:00","dateModified":"2026-04-15T17:06:55+00:00","breadcrumb":{"@id":"https:\/\/www.ce.gov.br\/sop\/aviso-de-dispensa-de-licitacao-no-003-2025\/#breadcrumb"},"inLanguage":"pt-BR","potentialAction":[{"@type":"ReadAction","target":["https:\/\/www.ce.gov.br\/sop\/aviso-de-dispensa-de-licitacao-no-003-2025\/"]}]},{"@type":"ImageObject","inLanguage":"pt-BR","@id":"https:\/\/www.ce.gov.br\/sop\/aviso-de-dispensa-de-licitacao-no-003-2025\/#primaryimage","url":"https:\/\/www.ce.gov.br\/sop\/wp-content\/uploads\/sites\/76\/2025\/04\/WhatsApp-Image-2025-04-08-at-15.25.12-768x508-1.jpeg","contentUrl":"https:\/\/www.ce.gov.br\/sop\/wp-content\/uploads\/sites\/76\/2025\/04\/WhatsApp-Image-2025-04-08-at-15.25.12-768x508-1.jpeg","width":768,"height":508},{"@type":"BreadcrumbList","@id":"https:\/\/www.ce.gov.br\/sop\/aviso-de-dispensa-de-licitacao-no-003-2025\/#breadcrumb","itemListElement":[{"@type":"ListItem","position":1,"name":"In\u00edcio","item":"https:\/\/www.ce.gov.br\/sop\/"},{"@type":"ListItem","position":2,"name":"Aviso de dispensa de licita\u00e7\u00e3o N\u00ba. 003\/2025"}]},{"@type":"WebSite","@id":"https:\/\/www.ce.gov.br\/sop\/#website","url":"https:\/\/www.ce.gov.br\/sop\/","name":"Departamento Estadual de Rodovias","description":"Portal SOP","potentialAction":[{"@type":"SearchAction","target":{"@type":"EntryPoint","urlTemplate":"https:\/\/www.ce.gov.br\/sop\/?s={search_term_string}"},"query-input":{"@type":"PropertyValueSpecification","valueRequired":true,"valueName":"search_term_string"}}],"inLanguage":"pt-BR"}]}},"_links":{"self":[{"href":"https:\/\/www.ce.gov.br\/sop\/wp-json\/wp\/v2\/pages\/79137","targetHints":{"allow":["GET"]}}],"collection":[{"href":"https:\/\/www.ce.gov.br\/sop\/wp-json\/wp\/v2\/pages"}],"about":[{"href":"https:\/\/www.ce.gov.br\/sop\/wp-json\/wp\/v2\/types\/page"}],"author":[{"embeddable":true,"href":"https:\/\/www.ce.gov.br\/sop\/wp-json\/wp\/v2\/users\/61"}],"replies":[{"embeddable":true,"href":"https:\/\/www.ce.gov.br\/sop\/wp-json\/wp\/v2\/comments?post=79137"}],"version-history":[{"count":1,"href":"https:\/\/www.ce.gov.br\/sop\/wp-json\/wp\/v2\/pages\/79137\/revisions"}],"predecessor-version":[{"id":79139,"href":"https:\/\/www.ce.gov.br\/sop\/wp-json\/wp\/v2\/pages\/79137\/revisions\/79139"}],"wp:attachment":[{"href":"https:\/\/www.ce.gov.br\/sop\/wp-json\/wp\/v2\/media?parent=79137"}],"curies":[{"name":"wp","href":"https:\/\/api.w.org\/{rel}","templated":true}]}}